[Date Prev][Date Next][Thread Prev][Thread Next][Date Index][Thread Index] Re: [Xen-devel] [xen-unstable test] 5363: regressions - FAIL
Looks like all of these are issues we have a handle on: * Duplicate names -> localmigrate failure * guest-start / rh-install failures look like the test-harness-dhcp.leases bug, to which ijc already has a fix. -George On Fri, Jan 28, 2011 at 1:14 AM, xen.org <ian.jackson@xxxxxxxxxxxxx> wrote: > flight 5363 xen-unstable real [real] > http://www.chiark.greenend.org.uk/~xensrcts/logs/5363/ > > Regressions :-( > > Tests which did not succeed and are blocking: > test-amd64-amd64-xl 11 guest-localmigrate fail REGR. vs. > 5237 > test-amd64-i386-xl-credit2 11 guest-localmigrate fail REGR. vs. > 5237 > test-amd64-i386-xl-multivcpu 9 guest-start fail REGR. vs. > 5237 > test-amd64-i386-xl 11 guest-localmigrate fail REGR. vs. > 5237 > test-amd64-xcpkern-i386-pv 9 guest-start fail REGR. vs. > 5237 > test-amd64-xcpkern-i386-rhel6hvm-amd 7 redhat-install fail REGR. vs. > 5237 > test-amd64-xcpkern-i386-xl-credit2 11 guest-localmigrate fail REGR. vs. > 5237 > test-amd64-xcpkern-i386-xl-multivcpu 11 guest-localmigrate fail REGR. vs. > 5237 > test-amd64-xcpkern-i386-xl 9 guest-start fail REGR. vs. > 5237 > > Tests which are failing intermittently (not blocking): > test-amd64-amd64-pv 9 guest-start fail pass in > 5352 > test-amd64-i386-win-vcpus1 12 guest-localmigrate/x10 fail pass in > 5352 > test-amd64-xcpkern-i386-pair 6 xen-install/dst_host fail pass in > 5352 > test-amd64-xcpkern-i386-rhel6hvm-intel 7 redhat-install fail pass in > 5352 > test-i386-i386-pair 5 xen-install/src_host fail pass in > 5352 > test-i386-i386-pv 9 guest-start fail pass in > 5352 > test-i386-i386-xl 9 guest-start fail pass in > 5352 > test-i386-xcpkern-i386-xl 9 guest-start fail pass in > 5352 > > Tests which did not succeed, but are not blocking, > including regressions (tests previously passed) regarded as allowable: > test-amd64-amd64-win 16 leak-check/check fail never > pass > test-amd64-amd64-xl-win 7 windows-install fail never > pass > test-amd64-i386-rhel6hvm-amd 8 guest-saverestore fail never > pass > test-amd64-i386-rhel6hvm-intel 8 guest-saverestore fail never > pass > test-amd64-i386-win 16 leak-check/check fail never > pass > test-amd64-i386-xl-win-vcpus1 7 windows-install fail never > pass > test-amd64-xcpkern-i386-win 16 leak-check/check fail never > pass > test-amd64-xcpkern-i386-xl-win 7 windows-install fail never > pass > test-i386-i386-win 16 leak-check/check fail never > pass > test-i386-i386-xl-win 7 windows-install fail never > pass > test-i386-xcpkern-i386-win 16 leak-check/check fail never > pass > > version targeted for testing: > xen 5ce41defa1fa > baseline version: > xen b59f04eb8978 > > ------------------------------------------------------------ > People who touched revisions under test: > Andre Przywara <andre.przywara@xxxxxxx> > Christoph Egger <Christoph.Egger@xxxxxxx> > Gianni Tedesco <gianni.tedesco@xxxxxxxxxx> > Ian Campbell <ian.campbell@xxxxxxxxxx> > Ian Jackson <ian.jackson@xxxxxxxxxxxxx> > Kamala Narasimhan <kamala.narasimhan@xxxxxxxxxx> > Keir Fraser <keir@xxxxxxx> > Stefano Stabellini <stefano.stabellini@xxxxxxxxxxxxx> > Tim Deegan <Tim.Deegan@xxxxxxxxxx> > user virtual <virtualusr@xxxxxxxxx> > Wei Gang <gang.wei@xxxxxxxxx> > Wei Wang <wei.wang2@xxxxxxx> > ------------------------------------------------------------ > > jobs: > build-i386-xcpkern pass > build-amd64 pass > build-i386 pass > build-amd64-oldkern pass > build-i386-oldkern pass > build-amd64-pvops pass > build-i386-pvops pass > test-amd64-amd64-xl fail > test-amd64-i386-xl fail > test-i386-i386-xl fail > test-amd64-xcpkern-i386-xl fail > test-i386-xcpkern-i386-xl fail > test-amd64-i386-rhel6hvm-amd fail > test-amd64-xcpkern-i386-rhel6hvm-amd fail > test-amd64-i386-xl-credit2 fail > test-amd64-xcpkern-i386-xl-credit2 fail > test-amd64-i386-rhel6hvm-intel fail > test-amd64-xcpkern-i386-rhel6hvm-intel fail > test-amd64-i386-xl-multivcpu fail > test-amd64-xcpkern-i386-xl-multivcpu fail > test-amd64-amd64-pair pass > test-amd64-i386-pair pass > test-i386-i386-pair fail > test-amd64-xcpkern-i386-pair fail > test-i386-xcpkern-i386-pair pass > test-amd64-amd64-pv fail > test-amd64-i386-pv pass > test-i386-i386-pv fail > test-amd64-xcpkern-i386-pv fail > test-i386-xcpkern-i386-pv pass > test-amd64-i386-win-vcpus1 fail > test-amd64-i386-xl-win-vcpus1 fail > test-amd64-amd64-win fail > test-amd64-i386-win fail > test-i386-i386-win fail > test-amd64-xcpkern-i386-win fail > test-i386-xcpkern-i386-win fail > test-amd64-amd64-xl-win fail > test-i386-i386-xl-win fail > test-amd64-xcpkern-i386-xl-win fail > > > ------------------------------------------------------------ > sg-report-flight on woking.cam.xci-test.com > logs: /home/xc_osstest/logs > images: /home/xc_osstest/images > > Logs, config files, etc. are available at > http://www.chiark.greenend.org.uk/~xensrcts/logs > > Test harness code can be found at > http://xenbits.xensource.com/gitweb?p=osstest.git;a=summary > > > Not pushing. > > (No revision log; it would be 324 lines long.) > > _______________________________________________ > Xen-devel mailing list > Xen-devel@xxxxxxxxxxxxxxxxxxx > http://lists.xensource.com/xen-devel > _______________________________________________ Xen-devel mailing list Xen-devel@xxxxxxxxxxxxxxxxxxx http://lists.xensource.com/xen-devel
|
![]() |
Lists.xenproject.org is hosted with RackSpace, monitoring our |