[Date Prev][Date Next][Thread Prev][Thread Next][Date Index][Thread Index] [xen-unstable-smoke test] 163645: regressions - FAIL
flight 163645 xen-unstable-smoke real [real] flight 163651 xen-unstable-smoke real-retest [real] http://logs.test-lab.xenproject.org/osstest/logs/163645/ http://logs.test-lab.xenproject.org/osstest/logs/163651/ Regressions :-( Tests which did not succeed and are blocking, including tests which could not be run: test-amd64-amd64-xl-qemuu-debianhvm-amd64 20 guest-start/debianhvm.repeat fail REGR. vs. 163474 Tests which did not succeed, but are not blocking: test-amd64-amd64-libvirt 15 migrate-support-check fail never pass test-arm64-arm64-xl-xsm 15 migrate-support-check fail never pass test-arm64-arm64-xl-xsm 16 saverestore-support-check fail never pass test-armhf-armhf-xl 15 migrate-support-check fail never pass test-armhf-armhf-xl 16 saverestore-support-check fail never pass version targeted for testing: xen 3a98c1a4cec1a302beaddf944ded240b61173f87 baseline version: xen 6de3e5fce5e2a3c5f438e8e214168dd3a474cbbf Last test of basis 163474 2021-07-09 12:00:25 Z 4 days Failing since 163480 2021-07-09 16:08:01 Z 4 days 24 attempts Testing same since 163645 2021-07-13 14:08:57 Z 0 days 1 attempts ------------------------------------------------------------ People who touched revisions under test: Andrew Cooper <andew.cooper3@xxxxxxxxxx> Andrew Cooper <andrew.cooper3@xxxxxxxxxx> Costin Lupu <costin.lupu@xxxxxxxxx> Dario Faggioli <dfaggioli@xxxxxxxx> Ian Jackson <iwj@xxxxxxxxxxxxxx> Jan Beulich <jbeulich@xxxxxxxx> Julien Grall <jgrall@xxxxxxxxxx> Olaf Hering <olaf@xxxxxxxxx> Tamas K Lengyel <tamas@xxxxxxxxxxxxx> jobs: build-arm64-xsm pass build-amd64 pass build-armhf pass build-amd64-libvirt pass test-armhf-armhf-xl pass test-arm64-arm64-xl-xsm pass test-amd64-amd64-xl-qemuu-debianhvm-amd64 fail test-amd64-amd64-libvirt pass ------------------------------------------------------------ sg-report-flight on osstest.test-lab.xenproject.org logs: /home/logs/logs images: /home/logs/images Logs, config files, etc. are available at http://logs.test-lab.xenproject.org/osstest/logs Explanation of these reports, and of osstest in general, is at http://xenbits.xen.org/gitweb/?p=osstest.git;a=blob;f=README.email;hb=master http://xenbits.xen.org/gitweb/?p=osstest.git;a=blob;f=README;hb=master Test harness code can be found at http://xenbits.xen.org/gitweb?p=osstest.git;a=summary Not pushing. (No revision log; it would be 308 lines long.)
|
Lists.xenproject.org is hosted with RackSpace, monitoring our |