[Date Prev][Date Next][Thread Prev][Thread Next][Date Index][Thread Index] [linux-5.4 test] 167974: tolerable FAIL - PUSHED
flight 167974 linux-5.4 real [real] http://logs.test-lab.xenproject.org/osstest/logs/167974/ Failures :-/ but no regressions. Tests which did not succeed, but are not blocking: test-amd64-amd64-xl-qemuu-win7-amd64 19 guest-stop fail like 167945 test-amd64-amd64-xl-qemut-win7-amd64 19 guest-stop fail like 167945 test-amd64-i386-xl-qemut-win7-amd64 19 guest-stop fail like 167945 test-armhf-armhf-libvirt 16 saverestore-support-check fail like 167945 test-amd64-amd64-qemuu-nested-amd 20 debian-hvm-install/l1/l2 fail like 167945 test-amd64-amd64-xl-qemuu-ws16-amd64 19 guest-stop fail like 167945 test-amd64-amd64-xl-qemut-ws16-amd64 19 guest-stop fail like 167945 test-amd64-i386-xl-qemuu-win7-amd64 19 guest-stop fail like 167945 test-amd64-i386-xl-qemut-ws16-amd64 19 guest-stop fail like 167945 test-armhf-armhf-libvirt-qcow2 15 saverestore-support-check fail like 167945 test-armhf-armhf-libvirt-raw 15 saverestore-support-check fail like 167945 test-amd64-i386-xl-qemuu-ws16-amd64 19 guest-stop fail like 167945 test-amd64-i386-xl-pvshim 14 guest-start fail never pass test-amd64-amd64-libvirt 15 migrate-support-check fail never pass test-amd64-amd64-libvirt-xsm 15 migrate-support-check fail never pass test-amd64-i386-libvirt-xsm 15 migrate-support-check fail never pass test-amd64-i386-libvirt 15 migrate-support-check fail never pass test-arm64-arm64-xl 15 migrate-support-check fail never pass test-arm64-arm64-xl 16 saverestore-support-check fail never pass test-arm64-arm64-xl-credit1 15 migrate-support-check fail never pass test-arm64-arm64-xl-thunderx 15 migrate-support-check fail never pass test-arm64-arm64-xl-thunderx 16 saverestore-support-check fail never pass test-arm64-arm64-xl-credit1 16 saverestore-support-check fail never pass test-arm64-arm64-xl-xsm 15 migrate-support-check fail never pass test-arm64-arm64-xl-xsm 16 saverestore-support-check fail never pass test-arm64-arm64-libvirt-xsm 15 migrate-support-check fail never pass test-arm64-arm64-libvirt-xsm 16 saverestore-support-check fail never pass test-arm64-arm64-xl-credit2 15 migrate-support-check fail never pass test-arm64-arm64-xl-credit2 16 saverestore-support-check fail never pass test-armhf-armhf-xl-arndale 15 migrate-support-check fail never pass test-armhf-armhf-xl-arndale 16 saverestore-support-check fail never pass test-amd64-amd64-libvirt-qemuu-debianhvm-amd64-xsm 13 migrate-support-check fail never pass test-amd64-i386-libvirt-qemuu-debianhvm-amd64-xsm 13 migrate-support-check fail never pass test-amd64-amd64-libvirt-vhd 14 migrate-support-check fail never pass test-amd64-i386-libvirt-raw 14 migrate-support-check fail never pass test-arm64-arm64-libvirt-raw 14 migrate-support-check fail never pass test-arm64-arm64-libvirt-raw 15 saverestore-support-check fail never pass test-armhf-armhf-xl-credit1 15 migrate-support-check fail never pass test-armhf-armhf-xl-credit1 16 saverestore-support-check fail never pass test-armhf-armhf-xl-multivcpu 15 migrate-support-check fail never pass test-armhf-armhf-xl-multivcpu 16 saverestore-support-check fail never pass test-arm64-arm64-xl-vhd 14 migrate-support-check fail never pass test-arm64-arm64-xl-vhd 15 saverestore-support-check fail never pass test-armhf-armhf-libvirt 15 migrate-support-check fail never pass test-armhf-armhf-xl-rtds 15 migrate-support-check fail never pass test-armhf-armhf-xl-rtds 16 saverestore-support-check fail never pass test-armhf-armhf-xl-credit2 15 migrate-support-check fail never pass test-armhf-armhf-xl-cubietruck 15 migrate-support-check fail never pass test-armhf-armhf-xl-credit2 16 saverestore-support-check fail never pass test-armhf-armhf-xl-cubietruck 16 saverestore-support-check fail never pass test-armhf-armhf-xl 15 migrate-support-check fail never pass test-armhf-armhf-xl 16 saverestore-support-check fail never pass test-arm64-arm64-xl-seattle 15 migrate-support-check fail never pass test-arm64-arm64-xl-seattle 16 saverestore-support-check fail never pass test-armhf-armhf-libvirt-qcow2 14 migrate-support-check fail never pass test-armhf-armhf-xl-vhd 14 migrate-support-check fail never pass test-armhf-armhf-xl-vhd 15 saverestore-support-check fail never pass test-armhf-armhf-libvirt-raw 14 migrate-support-check fail never pass version targeted for testing: linux 2570bb2729c7cbcecf9a4abc1e740b02a722b6e6 baseline version: linux 7cdf2951f80d189e9a0a5b6836664ccc8bfb2e7e Last test of basis 167945 2022-01-29 09:42:03 Z 3 days Testing same since 167974 2022-02-01 16:40:36 Z 0 days 1 attempts ------------------------------------------------------------ People who touched revisions under test: Alan Stern <stern@xxxxxxxxxxxxxxxxxxx> Amir Goldstein <amir73il@xxxxxxxxx> Anna Schumaker <Anna.Schumaker@xxxxxxxxxx> Arkadiusz Kubalewski <arkadiusz.kubalewski@xxxxxxxxx> Badhri Jagan Sridharan <badhri@xxxxxxxxxx> Bjorn Andersson <bjorn.andersson@xxxxxxxxxx> Brian Gix <brian.gix@xxxxxxxxx> Cameron Williams <cang1@xxxxxxxxxx> Catalin Marinas <catalin.marinas@xxxxxxx> Christophe Leroy <christophe.leroy@xxxxxxxxxx> Congyu Liu <liu3101@xxxxxxxxxx> D Scott Phillips <scott@xxxxxxxxxxxxxxxxxxxxxx> Daniel Starke <daniel.starke@xxxxxxxxxxx> daniel.starke@xxxxxxxxxxx <daniel.starke@xxxxxxxxxxx> David Howells <dhowells@xxxxxxxxxx> David S. Miller <davem@xxxxxxxxxxxxx> Dmitry Baryshkov <dmitry.baryshkov@xxxxxxxxxx> Eric Dumazet <edumazet@xxxxxxxxxx> Erwan Le Ray <erwan.leray@xxxxxxxxxxx> Florian Fainelli <f.fainelli@xxxxxxxxx> Florian Westphal <fw@xxxxxxxxx> Geert Uytterhoeven <geert@xxxxxxxxxxxxxx> Greg Kroah-Hartman <gregkh@xxxxxxxxxxxxxxxxxxx> Guangbin Huang <huangguangbin2@xxxxxxxxxx> Guangwu Zhang <guazhang@xxxxxxxxxx> Guenter Roeck <linux@xxxxxxxxxxxx> Gurucharan G <gurucharanx.g@xxxxxxxxx> Hangyu Hua <hbh25y@xxxxxxxxx> Heikki Krogerus <heikki.krogerus@xxxxxxxxxxxxxxx> Ido Schimmel <idosch@xxxxxxxxxx> Jakub Kicinski <kuba@xxxxxxxxxx> Jan Kara <jack@xxxxxxx> Jaroslaw Gawin <jaroslawx.gawin@xxxxxxxxx> Jedrzej Jagielski <jedrzej.jagielski@xxxxxxxxx> Jens Axboe <axboe@xxxxxxxxx> Jianguo Wu <wujianguo@xxxxxxxxxxxxxxx> Joe Damato <jdamato@xxxxxxxxxx> John Meneghini <jmeneghi@xxxxxxxxxx> Jon Hunter <jonathanh@xxxxxxxxxx> José Expósito <jose.exposito89@xxxxxxxxx> Kiran Bhandare <kiranx.bhandare@xxxxxxxxx> Konrad Jankowski <konrad0.jankowski@xxxxxxxxx> Linux Kernel Functional Testing <lkft@xxxxxxxxxx> Lucas Stach <l.stach@xxxxxxxxxxxxxx> Maksym Yaremchuk <maksymy@xxxxxxxxxx> Marc Dionne <marc.dionne@xxxxxxxxxxxx> Marc Kleine-Budde <mkl@xxxxxxxxxxxxxx> Marcel Holtmann <marcel@xxxxxxxxxxxx> Marek Behún <kabel@xxxxxxxxxx> Martin K. Petersen <martin.petersen@xxxxxxxxxx> Mateusz Palczewski <mateusz.palczewski@xxxxxxxxx> Matthias Kaehlcke <mka@xxxxxxxxxxxx> Maurizio Lombardi <mlombard@xxxxxxxxxx> Miaoqian Lin <linmq006@xxxxxxxxx> Michael Ellerman <mpe@xxxxxxxxxxxxxx> Miquel Raynal <miquel.raynal@xxxxxxxxxxx> OGAWA Hirofumi <hirofumi@xxxxxxxxxxxxxxxxxx> Pablo Neira Ayuso <pablo@xxxxxxxxxxxxx> Pavankumar Kondeti <quic_pkondeti@xxxxxxxxxxx> Rafael J. Wysocki <rafael.j.wysocki@xxxxxxxxx> Robert Hancock <robert.hancock@xxxxxxxxxx> Sasha Levin <sashal@xxxxxxxxxx> Shuah Khan <skhan@xxxxxxxxxxxxxxxxxxx> Sing-Han Chen <singhanc@xxxxxxxxxx> Slawomir Laba <slawomirx.laba@xxxxxxxxx> Steffen Maier <maier@xxxxxxxxxxxxx> Steven Rostedt (Google) <rostedt@xxxxxxxxxxx> Sudip Mukherjee <sudip.mukherjee@xxxxxxxxxxxxxxx> Sujit Kautkar <sujitka@xxxxxxxxxxxx> Sukadev Bhattiprolu <sukadev@xxxxxxxxxxxxx> Sylwester Dziedziuch <sylwesterx.dziedziuch@xxxxxxxxx> Tom Zanussi <zanussi@xxxxxxxxxx> Tony Nguyen <anthony.l.nguyen@xxxxxxxxx> Trond Myklebust <trond.myklebust@xxxxxxxxxxxxxxx> Valentin Caron <valentin.caron@xxxxxxxxxxx> Vasily Gorbik <gor@xxxxxxxxxxxxx> Wayne Chang <waynec@xxxxxxxxxx> Xianting Tian <xianting.tian@xxxxxxxxxxxxxxxxx> Xiaoke Wang <xkernel.wang@xxxxxxxxxxx> Xin Long <lucien.xin@xxxxxxxxx> Yufeng Mo <moyufeng@xxxxxxxxxx> jobs: build-amd64-xsm pass build-arm64-xsm pass build-i386-xsm pass build-amd64 pass build-arm64 pass build-armhf pass build-i386 pass build-amd64-libvirt pass build-arm64-libvirt pass build-armhf-libvirt pass build-i386-libvirt pass build-amd64-pvops pass build-arm64-pvops pass build-armhf-pvops pass build-i386-pvops pass test-amd64-amd64-xl pass test-amd64-coresched-amd64-xl pass test-arm64-arm64-xl pass test-armhf-armhf-xl pass test-amd64-i386-xl pass test-amd64-coresched-i386-xl pass test-amd64-amd64-libvirt-qemuu-debianhvm-amd64-xsm pass test-amd64-i386-libvirt-qemuu-debianhvm-amd64-xsm pass test-amd64-amd64-xl-qemut-stubdom-debianhvm-amd64-xsm pass test-amd64-i386-xl-qemut-stubdom-debianhvm-amd64-xsm pass test-amd64-amd64-xl-qemut-debianhvm-i386-xsm pass test-amd64-i386-xl-qemut-debianhvm-i386-xsm pass test-amd64-amd64-xl-qemuu-debianhvm-i386-xsm pass test-amd64-i386-xl-qemuu-debianhvm-i386-xsm pass test-amd64-amd64-libvirt-xsm pass test-arm64-arm64-libvirt-xsm pass test-amd64-i386-libvirt-xsm pass test-amd64-amd64-xl-xsm pass test-arm64-arm64-xl-xsm pass test-amd64-i386-xl-xsm pass test-amd64-amd64-qemuu-nested-amd fail test-amd64-amd64-xl-pvhv2-amd pass test-amd64-i386-qemut-rhel6hvm-amd pass test-amd64-i386-qemuu-rhel6hvm-amd pass test-amd64-amd64-dom0pvh-xl-amd pass test-amd64-amd64-xl-qemut-debianhvm-amd64 pass test-amd64-i386-xl-qemut-debianhvm-amd64 pass test-amd64-amd64-xl-qemuu-debianhvm-amd64 pass test-amd64-i386-xl-qemuu-debianhvm-amd64 pass test-amd64-i386-freebsd10-amd64 pass test-amd64-amd64-qemuu-freebsd11-amd64 pass test-amd64-amd64-qemuu-freebsd12-amd64 pass test-amd64-amd64-xl-qemuu-ovmf-amd64 pass test-amd64-i386-xl-qemuu-ovmf-amd64 pass test-amd64-amd64-xl-qemut-win7-amd64 fail test-amd64-i386-xl-qemut-win7-amd64 fail test-amd64-amd64-xl-qemuu-win7-amd64 fail test-amd64-i386-xl-qemuu-win7-amd64 fail test-amd64-amd64-xl-qemut-ws16-amd64 fail test-amd64-i386-xl-qemut-ws16-amd64 fail test-amd64-amd64-xl-qemuu-ws16-amd64 fail test-amd64-i386-xl-qemuu-ws16-amd64 fail test-armhf-armhf-xl-arndale pass test-amd64-amd64-examine-bios pass test-amd64-i386-examine-bios pass test-amd64-amd64-xl-credit1 pass test-arm64-arm64-xl-credit1 pass test-armhf-armhf-xl-credit1 pass test-amd64-amd64-xl-credit2 pass test-arm64-arm64-xl-credit2 pass test-armhf-armhf-xl-credit2 pass test-armhf-armhf-xl-cubietruck pass test-amd64-amd64-xl-qemuu-dmrestrict-amd64-dmrestrict pass test-amd64-i386-xl-qemuu-dmrestrict-amd64-dmrestrict pass test-amd64-amd64-examine pass test-arm64-arm64-examine pass test-armhf-armhf-examine pass test-amd64-i386-examine pass test-amd64-i386-freebsd10-i386 pass test-amd64-amd64-qemuu-nested-intel pass test-amd64-amd64-xl-pvhv2-intel pass test-amd64-i386-qemut-rhel6hvm-intel pass test-amd64-i386-qemuu-rhel6hvm-intel pass test-amd64-amd64-dom0pvh-xl-intel pass test-amd64-amd64-libvirt pass test-armhf-armhf-libvirt pass test-amd64-i386-libvirt pass test-amd64-amd64-xl-multivcpu pass test-armhf-armhf-xl-multivcpu pass test-amd64-amd64-pair pass test-amd64-i386-pair pass test-amd64-amd64-libvirt-pair pass test-amd64-i386-libvirt-pair pass test-amd64-amd64-xl-pvshim pass test-amd64-i386-xl-pvshim fail test-amd64-amd64-pygrub pass test-armhf-armhf-libvirt-qcow2 pass test-amd64-amd64-xl-qcow2 pass test-arm64-arm64-libvirt-raw pass test-armhf-armhf-libvirt-raw pass test-amd64-i386-libvirt-raw pass test-amd64-amd64-xl-rtds pass test-armhf-armhf-xl-rtds pass test-arm64-arm64-xl-seattle pass test-amd64-amd64-xl-qemuu-debianhvm-amd64-shadow pass test-amd64-i386-xl-qemuu-debianhvm-amd64-shadow pass test-amd64-amd64-xl-shadow pass test-amd64-i386-xl-shadow pass test-arm64-arm64-xl-thunderx pass test-amd64-amd64-examine-uefi pass test-amd64-i386-examine-uefi pass test-amd64-amd64-libvirt-vhd pass test-arm64-arm64-xl-vhd pass test-armhf-armhf-xl-vhd pass test-amd64-i386-xl-vhd pass ------------------------------------------------------------ sg-report-flight on osstest.test-lab.xenproject.org logs: /home/logs/logs images: /home/logs/images Logs, config files, etc. are available at http://logs.test-lab.xenproject.org/osstest/logs Explanation of these reports, and of osstest in general, is at http://xenbits.xen.org/gitweb/?p=osstest.git;a=blob;f=README.email;hb=master http://xenbits.xen.org/gitweb/?p=osstest.git;a=blob;f=README;hb=master Test harness code can be found at http://xenbits.xen.org/gitweb?p=osstest.git;a=summary Pushing revision : hint: The 'hooks/update' hook was ignored because it's not set as executable. hint: You can disable this warning with `git config advice.ignoredHook false`. hint: The 'hooks/post-receive' hook was ignored because it's not set as executable. hint: You can disable this warning with `git config advice.ignoredHook false`. hint: The 'hooks/post-update' hook was ignored because it's not set as executable. hint: You can disable this warning with `git config advice.ignoredHook false`. To xenbits.xen.org:/home/xen/git/linux-pvops.git 7cdf2951f80d..2570bb2729c7 2570bb2729c7cbcecf9a4abc1e740b02a722b6e6 -> tested/linux-5.4
|
Lists.xenproject.org is hosted with RackSpace, monitoring our |