[Date Prev][Date Next][Thread Prev][Thread Next][Date Index][Thread Index] [linux-linus test] 168383: tolerable FAIL - PUSHED
flight 168383 linux-linus real [real] flight 168391 linux-linus real-retest [real] http://logs.test-lab.xenproject.org/osstest/logs/168383/ http://logs.test-lab.xenproject.org/osstest/logs/168391/ Failures :-/ but no regressions. Tests which are failing intermittently (not blocking): test-armhf-armhf-xl-vhd 8 xen-boot fail pass in 168391-retest test-amd64-amd64-xl-xsm 22 guest-start/debian.repeat fail pass in 168391-retest Tests which did not succeed, but are not blocking: test-armhf-armhf-xl-vhd 14 migrate-support-check fail in 168391 never pass test-armhf-armhf-xl-vhd 15 saverestore-support-check fail in 168391 never pass test-amd64-amd64-xl-qemut-win7-amd64 19 guest-stop fail like 168355 test-amd64-amd64-xl-qemuu-ws16-amd64 19 guest-stop fail like 168355 test-amd64-amd64-xl-qemut-ws16-amd64 19 guest-stop fail like 168355 test-amd64-amd64-xl-qemuu-win7-amd64 19 guest-stop fail like 168355 test-armhf-armhf-libvirt-qcow2 15 saverestore-support-check fail like 168355 test-armhf-armhf-libvirt 16 saverestore-support-check fail like 168355 test-armhf-armhf-libvirt-raw 15 saverestore-support-check fail like 168355 test-amd64-amd64-qemuu-nested-amd 20 debian-hvm-install/l1/l2 fail like 168355 test-amd64-amd64-libvirt 15 migrate-support-check fail never pass test-amd64-amd64-libvirt-xsm 15 migrate-support-check fail never pass test-arm64-arm64-xl-seattle 15 migrate-support-check fail never pass test-arm64-arm64-xl-seattle 16 saverestore-support-check fail never pass test-arm64-arm64-xl 15 migrate-support-check fail never pass test-arm64-arm64-xl 16 saverestore-support-check fail never pass test-arm64-arm64-xl-credit1 15 migrate-support-check fail never pass test-arm64-arm64-xl-credit1 16 saverestore-support-check fail never pass test-arm64-arm64-xl-xsm 15 migrate-support-check fail never pass test-arm64-arm64-xl-credit2 15 migrate-support-check fail never pass test-arm64-arm64-xl-xsm 16 saverestore-support-check fail never pass test-arm64-arm64-xl-credit2 16 saverestore-support-check fail never pass test-arm64-arm64-libvirt-xsm 15 migrate-support-check fail never pass test-arm64-arm64-xl-thunderx 15 migrate-support-check fail never pass test-arm64-arm64-libvirt-xsm 16 saverestore-support-check fail never pass test-arm64-arm64-xl-thunderx 16 saverestore-support-check fail never pass test-armhf-armhf-xl-arndale 15 migrate-support-check fail never pass test-armhf-armhf-xl-arndale 16 saverestore-support-check fail never pass test-amd64-amd64-libvirt-qemuu-debianhvm-amd64-xsm 13 migrate-support-check fail never pass test-amd64-amd64-libvirt-qcow2 14 migrate-support-check fail never pass test-amd64-amd64-libvirt-raw 14 migrate-support-check fail never pass test-arm64-arm64-libvirt-raw 14 migrate-support-check fail never pass test-arm64-arm64-libvirt-raw 15 saverestore-support-check fail never pass test-armhf-armhf-xl 15 migrate-support-check fail never pass test-armhf-armhf-xl 16 saverestore-support-check fail never pass test-armhf-armhf-xl-credit1 15 migrate-support-check fail never pass test-armhf-armhf-xl-credit1 16 saverestore-support-check fail never pass test-arm64-arm64-xl-vhd 14 migrate-support-check fail never pass test-arm64-arm64-xl-vhd 15 saverestore-support-check fail never pass test-armhf-armhf-xl-cubietruck 15 migrate-support-check fail never pass test-armhf-armhf-xl-cubietruck 16 saverestore-support-check fail never pass test-armhf-armhf-xl-multivcpu 15 migrate-support-check fail never pass test-armhf-armhf-xl-multivcpu 16 saverestore-support-check fail never pass test-armhf-armhf-xl-rtds 15 migrate-support-check fail never pass test-armhf-armhf-xl-rtds 16 saverestore-support-check fail never pass test-armhf-armhf-libvirt-qcow2 14 migrate-support-check fail never pass test-armhf-armhf-xl-credit2 15 migrate-support-check fail never pass test-armhf-armhf-xl-credit2 16 saverestore-support-check fail never pass test-armhf-armhf-libvirt 15 migrate-support-check fail never pass test-armhf-armhf-libvirt-raw 14 migrate-support-check fail never pass version targeted for testing: linux b949c21fc23ecaccef89582f251e6281cad1f81e baseline version: linux 5859a2b1991101d6b978f3feb5325dad39421f29 Last test of basis 168355 2022-03-03 05:19:36 Z 0 days Testing same since 168383 2022-03-03 19:41:08 Z 0 days 1 attempts ------------------------------------------------------------ People who touched revisions under test: Alex Elder <elder@xxxxxxxxxx> Alexander Lobakin <alobakin@xxxxx> Amit Cohen <amcohen@xxxxxxxxxx> Andy Shevchenko <andriy.shevchenko@xxxxxxxxxxxxxxx> Antony Antony <antony.antony@xxxxxxxxxxx> Ben Dooks <ben.dooks@xxxxxxxxxxxxxxx> Brian Gix <brian.gix@xxxxxxxxx> Casper Andersson <casper.casan@xxxxxxxxx> Christophe JAILLET <christophe.jaillet@xxxxxxxxxx> Chuanhong Guo <gch981213@xxxxxxxxx> Corinna Vinschen <vinschen@xxxxxxxxxx> D. Wythe <alibuda@xxxxxxxxxxxxxxxxx> Daniel Borkmann <daniel@xxxxxxxxxxxxx> David S. Miller <davem@xxxxxxxxxxxxx> Deren Wu <deren.wu@xxxxxxxxxxxx> Emmanuel Grumbach <emmanuel.grumbach@xxxxxxxxx> Eric Dumazet <edumazet@xxxxxxxxxx> Florian Westphal <fw@xxxxxxxxx> Golan Ben Ami <golan.ben.ami@xxxxxxxxx> Ido Schimmel <idosch@xxxxxxxxxx> Ilya Lipnitskiy <ilya.lipnitskiy@xxxxxxxxx> j.nixdorf@xxxxxx <j.nixdorf@xxxxxx> Jacob Keller <jacob.e.keller@xxxxxxxxx> Jakub Kicinski <kuba@xxxxxxxxxx> Jakub Sitnicki <jakub@xxxxxxxxxxxxxx> Jia-Ju Bai <baijiaju1990@xxxxxxxxx> Jiasheng Jiang <jiasheng@xxxxxxxxxxx> Jiri Bohac <jbohac@xxxxxxx> Joe Stringer <joe@xxxxxxxxx> Johannes Berg <johannes.berg@xxxxxxxxx> Johannes Nixdorf <j.nixdorf@xxxxxx> John Fastabend <john.fastabend@xxxxxxxxx> Jonathan Lemon <jonathan.lemon@xxxxxxxxx> Kai-Heng Feng <kai.heng.feng@xxxxxxxxxxxxx> Karsten Graul <kgraul@xxxxxxxxxxxxx> Konrad Jankowski <konrad0.jankowski@xxxxxxxxx> Lad Prabhakar <prabhakar.mahadev-lad.rj@xxxxxxxxxxxxxx> lena wang <lena.wang@xxxxxxxxxxxx> Leon Romanovsky <leonro@xxxxxxxxxx> Lin Ma <linma@xxxxxxxxxx> Linus Torvalds <torvalds@xxxxxxxxxxxxxxxxxxxx> Luca Coelho <luciano.coelho@xxxxxxxxx> Luiz Augusto von Dentz <luiz.von.dentz@xxxxxxxxx> Maciej Fijalkowski <maciej.fijalkowski@xxxxxxxxx> Marc Kleine-Budde <mkl@xxxxxxxxxxxxxx> Marcel Holtmann <marcel@xxxxxxxxxxxx> Marek Marczykowski-Górecki <marmarek@xxxxxxxxxxxxxxxxxxxxxx> Martin Habets <habetsm.xilinx@xxxxxxxxx> Mat Martineau <mathew.j.martineau@xxxxxxxxxxxxxxx> Mateusz Palczewski <mateusz.palczewski@xxxxxxxxx> Maurice Baijens <maurice.baijens@xxxxxxxxxx> Maxim Levitsky <mlevitsk@xxxxxxxxxx> Miguel Ojeda <ojeda@xxxxxxxxxx> Naama Meir <naamax.meir@xxxxxxxxxxxxxxx> Nicolas Escande <nico.escande@xxxxxxxxx> Niels Dossche <dossche.niels@xxxxxxxxx> Oleksandr Natalenko <oleksandr@xxxxxxxxxx> Pablo Neira Ayuso <pablo@xxxxxxxxxxxxx> Paolo Abeni <pabeni@xxxxxxxxxx> Paul Blakey <paulb@xxxxxxxxxx> Paul Menzel <pmenzel@xxxxxxxxxxxxx> (Nokia N9 (MeeGo/Harmattan) Phani Burra <phani.r.burra@xxxxxxxxx> Randy Dunlap <rdunlap@xxxxxxxxxxxxx> Remi Pommarel <repk@xxxxxxxxxxxx> Richard Cochran <richardcochran@xxxxxxxxx> Rui Salvaterra <rsalvaterra@xxxxxxxxx> Sandeep Penigalapati <sandeep.penigalapati@xxxxxxxxx> Sasha Neftin <sasha.neftin@xxxxxxxxx> Sergio Paracuellos <sergio.paracuellos@xxxxxxxxx> Simon Wunderlich <sw@xxxxxxxxxxxxxxxxxx> Slawomir Laba <slawomirx.laba@xxxxxxxxx> Sreeramya Soratkal <quic_ssramya@xxxxxxxxxxx> Steffen Klassert <steffen.klassert@xxxxxxxxxxx> Sukadev Bhattiprolu <sukadev@xxxxxxxxxxxxx> Sven Eckelmann <sven@xxxxxxxxxxxxx> Thomas Bogendoerfer <tsbogend@xxxxxxxxxxxxxxxx> Tony Lu <tonylu@xxxxxxxxxxxxxxxxx> Tony Nguyen <anthony.l.nguyen@xxxxxxxxx> Vincent Mailhol <mailhol.vincent@xxxxxxxxxx> Vincent Whitchurch <vincent.whitchurch@xxxxxxxx> Vladimir Oltean <vladimir.oltean@xxxxxxx> Wang Qing <wangqing@xxxxxxxx> Yan Yan <evitayan@xxxxxxxxxx> Zheyu Ma <zheyuma97@xxxxxxxxx> jobs: build-amd64-xsm pass build-arm64-xsm pass build-i386-xsm pass build-amd64 pass build-arm64 pass build-armhf pass build-i386 pass build-amd64-libvirt pass build-arm64-libvirt pass build-armhf-libvirt pass build-i386-libvirt pass build-amd64-pvops pass build-arm64-pvops pass build-armhf-pvops pass build-i386-pvops pass test-amd64-amd64-xl pass test-amd64-coresched-amd64-xl pass test-arm64-arm64-xl pass test-armhf-armhf-xl pass test-amd64-amd64-libvirt-qemuu-debianhvm-amd64-xsm pass test-amd64-amd64-xl-qemut-stubdom-debianhvm-amd64-xsm pass test-amd64-amd64-xl-qemut-debianhvm-i386-xsm pass test-amd64-amd64-xl-qemuu-debianhvm-i386-xsm pass test-amd64-amd64-libvirt-xsm pass test-arm64-arm64-libvirt-xsm pass test-amd64-amd64-xl-xsm fail test-arm64-arm64-xl-xsm pass test-amd64-amd64-qemuu-nested-amd fail test-amd64-amd64-xl-pvhv2-amd pass test-amd64-amd64-dom0pvh-xl-amd pass test-amd64-amd64-xl-qemut-debianhvm-amd64 pass test-amd64-amd64-xl-qemuu-debianhvm-amd64 pass test-amd64-amd64-freebsd11-amd64 pass test-amd64-amd64-freebsd12-amd64 pass test-amd64-amd64-xl-qemuu-ovmf-amd64 pass test-amd64-amd64-xl-qemut-win7-amd64 fail test-amd64-amd64-xl-qemuu-win7-amd64 fail test-amd64-amd64-xl-qemut-ws16-amd64 fail test-amd64-amd64-xl-qemuu-ws16-amd64 fail test-armhf-armhf-xl-arndale pass test-amd64-amd64-examine-bios pass test-amd64-amd64-xl-credit1 pass test-arm64-arm64-xl-credit1 pass test-armhf-armhf-xl-credit1 pass test-amd64-amd64-xl-credit2 pass test-arm64-arm64-xl-credit2 pass test-armhf-armhf-xl-credit2 pass test-armhf-armhf-xl-cubietruck pass test-amd64-amd64-xl-qemuu-dmrestrict-amd64-dmrestrict pass test-amd64-amd64-examine pass test-arm64-arm64-examine pass test-armhf-armhf-examine pass test-amd64-amd64-qemuu-nested-intel pass test-amd64-amd64-xl-pvhv2-intel pass test-amd64-amd64-dom0pvh-xl-intel pass test-amd64-amd64-libvirt pass test-armhf-armhf-libvirt pass test-amd64-amd64-xl-multivcpu pass test-armhf-armhf-xl-multivcpu pass test-amd64-amd64-pair pass test-amd64-amd64-libvirt-pair pass test-amd64-amd64-xl-pvshim pass test-amd64-amd64-pygrub pass test-amd64-amd64-libvirt-qcow2 pass test-armhf-armhf-libvirt-qcow2 pass test-amd64-amd64-libvirt-raw pass test-arm64-arm64-libvirt-raw pass test-armhf-armhf-libvirt-raw pass test-amd64-amd64-xl-rtds pass test-armhf-armhf-xl-rtds pass test-arm64-arm64-xl-seattle pass test-amd64-amd64-xl-qemuu-debianhvm-amd64-shadow pass test-amd64-amd64-xl-shadow pass test-arm64-arm64-xl-thunderx pass test-amd64-amd64-examine-uefi pass test-amd64-amd64-xl-vhd pass test-arm64-arm64-xl-vhd pass test-armhf-armhf-xl-vhd fail ------------------------------------------------------------ sg-report-flight on osstest.test-lab.xenproject.org logs: /home/logs/logs images: /home/logs/images Logs, config files, etc. are available at http://logs.test-lab.xenproject.org/osstest/logs Explanation of these reports, and of osstest in general, is at http://xenbits.xen.org/gitweb/?p=osstest.git;a=blob;f=README.email;hb=master http://xenbits.xen.org/gitweb/?p=osstest.git;a=blob;f=README;hb=master Test harness code can be found at http://xenbits.xen.org/gitweb?p=osstest.git;a=summary Pushing revision : hint: The 'hooks/update' hook was ignored because it's not set as executable. hint: You can disable this warning with `git config advice.ignoredHook false`. hint: The 'hooks/post-receive' hook was ignored because it's not set as executable. hint: You can disable this warning with `git config advice.ignoredHook false`. hint: The 'hooks/post-update' hook was ignored because it's not set as executable. hint: You can disable this warning with `git config advice.ignoredHook false`. To xenbits.xen.org:/home/xen/git/linux-pvops.git 5859a2b19911..b949c21fc23e b949c21fc23ecaccef89582f251e6281cad1f81e -> tested/linux-linus
|
Lists.xenproject.org is hosted with RackSpace, monitoring our |