[Date Prev][Date Next][Thread Prev][Thread Next][Date Index][Thread Index] [linux-linus test] 168760: tolerable FAIL - PUSHED
flight 168760 linux-linus real [real] http://logs.test-lab.xenproject.org/osstest/logs/168760/ Failures :-/ but no regressions. Regressions which are regarded as allowable (not blocking): test-amd64-amd64-xl-rtds 20 guest-localmigrate/x10 fail REGR. vs. 168733 Tests which did not succeed, but are not blocking: test-amd64-amd64-xl-qemut-win7-amd64 19 guest-stop fail like 168733 test-armhf-armhf-libvirt 16 saverestore-support-check fail like 168733 test-amd64-amd64-xl-qemuu-ws16-amd64 19 guest-stop fail like 168733 test-amd64-amd64-qemuu-nested-amd 20 debian-hvm-install/l1/l2 fail like 168733 test-amd64-amd64-xl-qemut-ws16-amd64 19 guest-stop fail like 168733 test-amd64-amd64-xl-qemuu-win7-amd64 19 guest-stop fail like 168733 test-armhf-armhf-libvirt-qcow2 15 saverestore-support-check fail like 168733 test-armhf-armhf-libvirt-raw 15 saverestore-support-check fail like 168733 test-arm64-arm64-xl-seattle 15 migrate-support-check fail never pass test-arm64-arm64-xl-seattle 16 saverestore-support-check fail never pass test-amd64-amd64-libvirt-xsm 15 migrate-support-check fail never pass test-amd64-amd64-libvirt 15 migrate-support-check fail never pass test-arm64-arm64-xl 15 migrate-support-check fail never pass test-arm64-arm64-xl 16 saverestore-support-check fail never pass test-arm64-arm64-xl-xsm 15 migrate-support-check fail never pass test-arm64-arm64-xl-xsm 16 saverestore-support-check fail never pass test-arm64-arm64-xl-credit1 15 migrate-support-check fail never pass test-arm64-arm64-xl-credit1 16 saverestore-support-check fail never pass test-arm64-arm64-xl-credit2 15 migrate-support-check fail never pass test-arm64-arm64-xl-credit2 16 saverestore-support-check fail never pass test-arm64-arm64-xl-thunderx 15 migrate-support-check fail never pass test-arm64-arm64-xl-thunderx 16 saverestore-support-check fail never pass test-arm64-arm64-libvirt-xsm 15 migrate-support-check fail never pass test-arm64-arm64-libvirt-xsm 16 saverestore-support-check fail never pass test-amd64-amd64-libvirt-qemuu-debianhvm-amd64-xsm 13 migrate-support-check fail never pass test-amd64-amd64-libvirt-raw 14 migrate-support-check fail never pass test-amd64-amd64-libvirt-qcow2 14 migrate-support-check fail never pass test-arm64-arm64-libvirt-raw 14 migrate-support-check fail never pass test-arm64-arm64-libvirt-raw 15 saverestore-support-check fail never pass test-armhf-armhf-xl 15 migrate-support-check fail never pass test-armhf-armhf-xl 16 saverestore-support-check fail never pass test-armhf-armhf-libvirt 15 migrate-support-check fail never pass test-armhf-armhf-xl-multivcpu 15 migrate-support-check fail never pass test-armhf-armhf-xl-multivcpu 16 saverestore-support-check fail never pass test-arm64-arm64-xl-vhd 14 migrate-support-check fail never pass test-arm64-arm64-xl-vhd 15 saverestore-support-check fail never pass test-armhf-armhf-xl-credit2 15 migrate-support-check fail never pass test-armhf-armhf-xl-credit2 16 saverestore-support-check fail never pass test-armhf-armhf-xl-cubietruck 15 migrate-support-check fail never pass test-armhf-armhf-xl-cubietruck 16 saverestore-support-check fail never pass test-armhf-armhf-xl-credit1 15 migrate-support-check fail never pass test-armhf-armhf-xl-credit1 16 saverestore-support-check fail never pass test-armhf-armhf-xl-rtds 15 migrate-support-check fail never pass test-armhf-armhf-xl-rtds 16 saverestore-support-check fail never pass test-armhf-armhf-libvirt-qcow2 14 migrate-support-check fail never pass test-armhf-armhf-libvirt-raw 14 migrate-support-check fail never pass test-armhf-armhf-xl-vhd 14 migrate-support-check fail never pass test-armhf-armhf-xl-vhd 15 saverestore-support-check fail never pass test-armhf-armhf-xl-arndale 15 migrate-support-check fail never pass test-armhf-armhf-xl-arndale 16 saverestore-support-check fail never pass version targeted for testing: linux eaa54b1458ca84092e513d554dd6d234245e6bef baseline version: linux f443e374ae131c168a065ea1748feac6b2e76613 Last test of basis 168733 2022-03-20 22:40:53 Z 1 days Testing same since 168760 2022-03-21 19:41:16 Z 0 days 1 attempts ------------------------------------------------------------ People who touched revisions under test: Adrian Hunter <adrian.hunter@xxxxxxxxx> Ahmad Fatoum <a.fatoum@xxxxxxxxxxxxxx> Alexey Makhalov <amakhalov@xxxxxxxxxx> Andre Przywara <andre.przywara@xxxxxxx> Andreas Rammhold <andreas@xxxxxxxxxxx> Andrey Konovalov <andreyknvl@xxxxxxxxx> Anshuman Khandual <anshuman.khandual@xxxxxxx> Ard Biesheuvel <ardb@xxxxxxxxxx> Arnaldo Carvalho de Melo <acme@xxxxxxxxxx> Bharat Bhushan <bbhushan2@xxxxxxxxxxx> Borislav Petkov <bp@xxxxxxx> Branislav Rankov <branislav.rankov@xxxxxxx> Brijesh Singh <brijesh.singh@xxxxxxx> Catalin Marinas <catalin.marinas@xxxxxxx> Christoph Hellwig <hch@xxxxxx> Dave Hansen <dave.hansen@xxxxxxxxxxxxxxx> Dave Kleikamp <dave.kleikamp@xxxxxxxxxx> David Engraf <david.engraf@xxxxxxxxx> David Hildenbrand <david@xxxxxxxxxx> Deep Shah <sdeep@xxxxxxxxxx> Dinh Nguyen <dinguyen@xxxxxxxxxx> Eliav Farber <farbere@xxxxxxxxxx> Eric Biggers <ebiggers@xxxxxxxxxx> Eric Snowberg <eric.snowberg@xxxxxxxxxx> Evgenii Stepanov <eugenis@xxxxxxxxxx> Fangrui Song <maskray@xxxxxxxxxx> Geert Uytterhoeven <geert+renesas@xxxxxxxxx> Geert Uytterhoeven <geert@xxxxxxxxxxxxxx> Greg Kroah-Hartman <gregkh@xxxxxxxxxxxxxxxxxxx> Gustavo A. R. Silva <gustavoars@xxxxxxxxxx> He Ying <heying24@xxxxxxxxxx> Hou Tao <houtao1@xxxxxxxxxx> Huang Shijie <shijie@xxxxxxxxxxxxxxxxxxxxxx> James Bottomley <James.Bottomley@xxxxxxxxxxxxxxxxxxxxx> James Morse <james.morse@xxxxxxx> Jan Beulich <jbeulich@xxxxxxxx> Jarkko Sakkinen <jarkko@xxxxxxxxxx> Jarkko Sakkinen<jarkko@xxxxxxxxxx> Jason A. Donenfeld <Jason@xxxxxxxxx> Jason Gunthorpe <jgg@xxxxxxxx> Jianyong Wu <jianyong.wu@xxxxxxx> Jim Mattson <jmattson@xxxxxxxxxx> Jiri Kosina <jkosina@xxxxxxx> Joe Perches <joe@xxxxxxxxxxx> Joey Gouly <joey.gouly@xxxxxxx> Josh Poimboeuf <jpoimboe@xxxxxxxxxx> Juergen Gross <jgross@xxxxxxxx> Kefeng Wang <wangkefeng.wang@xxxxxxxxxx> Kirill A. Shutemov <kirill.shutemov@xxxxxxxxxxxxxxx> Lad Prabhakar <prabhakar.mahadev-lad.rj@xxxxxxxxxxxxxx> Laurent Vivier <laurent@xxxxxxxxx> Liam Howlett <liam.howlett@xxxxxxxxxx> Liam R. Howlett <Liam.Howlett@xxxxxxxxxx> Lino Sanfilippo <LinoSanfilippo@xxxxxx> Linu Cherian <lcherian@xxxxxxxxxxx> Linus Torvalds <torvalds@xxxxxxxxxxxxxxxxxxxx> Luis Machado <luis.machado@xxxxxxxxxx> Marc Zyngier <maz@xxxxxxxxxx> Marco Bonelli <marco@xxxxxxxxxx> Mario Limonciello <mario.limonciello@xxxxxxx> Mark Brown <broonie@xxxxxxxxxx> Mark Rutland <mark.rutland@xxxxxxx> Masahiro Yamada <masahiroy@xxxxxxxxxx> Masami Hiramatsu <mhiramat@xxxxxxxxxx> Michael Schmitz <schmitzmic@xxxxxxxxx> Mimi Zohar <zohar@xxxxxxxxxxxxx> Muchun Song <songmuchun@xxxxxxxxxxxxx> Muhammad Usama Anjum <usama.anjum@xxxxxxxxxxxxx> Nathan Chancellor <nathan@xxxxxxxxxx> Peter Collingbourne <pcc@xxxxxxxxxx> Peter Zijlstra (Intel) <peterz@xxxxxxxxxxxxx> Rabara Niravkumar L <niravkumar.l.rabara@xxxxxxxxx> Rafael J. Wysocki <rafael.j.wysocki@xxxxxxxxx> Reinette Chatre <reinette.chatre@xxxxxxxxx> Rob Herring <robh@xxxxxxxxxx> Robin Murphy <robin.murphy@xxxxxxx> Russell King (Oracle) <rmk+kernel@xxxxxxxxxxxxxxx> Sagar Patel <sagarmp@xxxxxxxxxx> Shaokun Zhang <zhangshaokun@xxxxxxxxxxxxx> Shuah Khan <skhan@xxxxxxxxxxxxxxxxxxx> Srivatsa S. Bhat (VMware) <srivatsa@xxxxxxxxxxxxx> Stefan Berger <stefanb@xxxxxxxxxxxxx> Tadeusz Struk <tstruk@xxxxxxxxx> Tianjia Zhang <tianjia.zhang@xxxxxxxxxxxxxxxxx> Tom Lendacky <thomas.lendacky@xxxxxxx> Tony Luck <tony.luck@xxxxxxxxx> Vijay Balakrishna <vijayb@xxxxxxxxxxxxxxxxxxx> Vinod Koul <vkoul@xxxxxxxxxx> Vladimir Murzin <vladimir.murzin@xxxxxxx> Wang Kefeng <wangkefeng.wang@xxxxxxxxxx> Will Deacon <will@xxxxxxxxxx> Yazen Ghannam <yazen.ghannam@xxxxxxx> Yury Norov <yury.norov@xxxxxxxxx> Zack Rusin <zackr@xxxxxxxxxx> jobs: build-amd64-xsm pass build-arm64-xsm pass build-i386-xsm pass build-amd64 pass build-arm64 pass build-armhf pass build-i386 pass build-amd64-libvirt pass build-arm64-libvirt pass build-armhf-libvirt pass build-i386-libvirt pass build-amd64-pvops pass build-arm64-pvops pass build-armhf-pvops pass build-i386-pvops pass test-amd64-amd64-xl pass test-amd64-coresched-amd64-xl pass test-arm64-arm64-xl pass test-armhf-armhf-xl pass test-amd64-amd64-libvirt-qemuu-debianhvm-amd64-xsm pass test-amd64-amd64-xl-qemut-stubdom-debianhvm-amd64-xsm pass test-amd64-amd64-xl-qemut-debianhvm-i386-xsm pass test-amd64-amd64-xl-qemuu-debianhvm-i386-xsm pass test-amd64-amd64-libvirt-xsm pass test-arm64-arm64-libvirt-xsm pass test-amd64-amd64-xl-xsm pass test-arm64-arm64-xl-xsm pass test-amd64-amd64-qemuu-nested-amd fail test-amd64-amd64-xl-pvhv2-amd pass test-amd64-amd64-dom0pvh-xl-amd pass test-amd64-amd64-xl-qemut-debianhvm-amd64 pass test-amd64-amd64-xl-qemuu-debianhvm-amd64 pass test-amd64-amd64-freebsd11-amd64 pass test-amd64-amd64-freebsd12-amd64 pass test-amd64-amd64-xl-qemuu-ovmf-amd64 pass test-amd64-amd64-xl-qemut-win7-amd64 fail test-amd64-amd64-xl-qemuu-win7-amd64 fail test-amd64-amd64-xl-qemut-ws16-amd64 fail test-amd64-amd64-xl-qemuu-ws16-amd64 fail test-armhf-armhf-xl-arndale pass test-amd64-amd64-examine-bios pass test-amd64-amd64-xl-credit1 pass test-arm64-arm64-xl-credit1 pass test-armhf-armhf-xl-credit1 pass test-amd64-amd64-xl-credit2 pass test-arm64-arm64-xl-credit2 pass test-armhf-armhf-xl-credit2 pass test-armhf-armhf-xl-cubietruck pass test-amd64-amd64-xl-qemuu-dmrestrict-amd64-dmrestrict pass test-amd64-amd64-examine pass test-arm64-arm64-examine pass test-armhf-armhf-examine pass test-amd64-amd64-qemuu-nested-intel pass test-amd64-amd64-xl-pvhv2-intel pass test-amd64-amd64-dom0pvh-xl-intel pass test-amd64-amd64-libvirt pass test-armhf-armhf-libvirt pass test-amd64-amd64-xl-multivcpu pass test-armhf-armhf-xl-multivcpu pass test-amd64-amd64-pair pass test-amd64-amd64-libvirt-pair pass test-amd64-amd64-xl-pvshim pass test-amd64-amd64-pygrub pass test-amd64-amd64-libvirt-qcow2 pass test-armhf-armhf-libvirt-qcow2 pass test-amd64-amd64-libvirt-raw pass test-arm64-arm64-libvirt-raw pass test-armhf-armhf-libvirt-raw pass test-amd64-amd64-xl-rtds fail test-armhf-armhf-xl-rtds pass test-arm64-arm64-xl-seattle pass test-amd64-amd64-xl-qemuu-debianhvm-amd64-shadow pass test-amd64-amd64-xl-shadow pass test-arm64-arm64-xl-thunderx pass test-amd64-amd64-examine-uefi pass test-amd64-amd64-xl-vhd pass test-arm64-arm64-xl-vhd pass test-armhf-armhf-xl-vhd pass ------------------------------------------------------------ sg-report-flight on osstest.test-lab.xenproject.org logs: /home/logs/logs images: /home/logs/images Logs, config files, etc. are available at http://logs.test-lab.xenproject.org/osstest/logs Explanation of these reports, and of osstest in general, is at http://xenbits.xen.org/gitweb/?p=osstest.git;a=blob;f=README.email;hb=master http://xenbits.xen.org/gitweb/?p=osstest.git;a=blob;f=README;hb=master Test harness code can be found at http://xenbits.xen.org/gitweb?p=osstest.git;a=summary Pushing revision : hint: The 'hooks/update' hook was ignored because it's not set as executable. hint: You can disable this warning with `git config advice.ignoredHook false`. hint: The 'hooks/post-receive' hook was ignored because it's not set as executable. hint: You can disable this warning with `git config advice.ignoredHook false`. hint: The 'hooks/post-update' hook was ignored because it's not set as executable. hint: You can disable this warning with `git config advice.ignoredHook false`. To xenbits.xen.org:/home/xen/git/linux-pvops.git f443e374ae13..eaa54b1458ca eaa54b1458ca84092e513d554dd6d234245e6bef -> tested/linux-linus
|
![]() |
Lists.xenproject.org is hosted with RackSpace, monitoring our |