[Date Prev][Date Next][Thread Prev][Thread Next][Date Index][Thread Index] [linux-5.4 test] 170353: tolerable FAIL - PUSHED
flight 170353 linux-5.4 real [real] http://logs.test-lab.xenproject.org/osstest/logs/170353/ Failures :-/ but no regressions. Tests which did not succeed, but are not blocking: test-amd64-amd64-xl-qemuu-win7-amd64 19 guest-stop fail like 170264 test-amd64-amd64-xl-qemut-win7-amd64 19 guest-stop fail like 170264 test-amd64-i386-xl-qemut-win7-amd64 19 guest-stop fail like 170264 test-amd64-i386-xl-qemuu-win7-amd64 19 guest-stop fail like 170264 test-armhf-armhf-libvirt 16 saverestore-support-check fail like 170264 test-amd64-amd64-xl-qemuu-ws16-amd64 19 guest-stop fail like 170264 test-amd64-amd64-qemuu-nested-amd 20 debian-hvm-install/l1/l2 fail like 170264 test-amd64-i386-xl-qemut-ws16-amd64 19 guest-stop fail like 170264 test-armhf-armhf-libvirt-raw 15 saverestore-support-check fail like 170264 test-armhf-armhf-libvirt-qcow2 15 saverestore-support-check fail like 170264 test-amd64-amd64-xl-qemut-ws16-amd64 19 guest-stop fail like 170264 test-amd64-i386-xl-qemuu-ws16-amd64 19 guest-stop fail like 170264 test-arm64-arm64-xl 15 migrate-support-check fail never pass test-arm64-arm64-xl 16 saverestore-support-check fail never pass test-armhf-armhf-xl-multivcpu 15 migrate-support-check fail never pass test-armhf-armhf-xl-multivcpu 16 saverestore-support-check fail never pass test-amd64-i386-libvirt-qemuu-debianhvm-amd64-xsm 13 migrate-support-check fail never pass test-amd64-i386-xl-pvshim 14 guest-start fail never pass test-amd64-amd64-libvirt-xsm 15 migrate-support-check fail never pass test-amd64-amd64-libvirt 15 migrate-support-check fail never pass test-arm64-arm64-xl-seattle 15 migrate-support-check fail never pass test-amd64-i386-libvirt-xsm 15 migrate-support-check fail never pass test-arm64-arm64-xl-seattle 16 saverestore-support-check fail never pass test-amd64-i386-libvirt 15 migrate-support-check fail never pass test-amd64-i386-libvirt-raw 14 migrate-support-check fail never pass test-armhf-armhf-xl-rtds 15 migrate-support-check fail never pass test-armhf-armhf-xl-rtds 16 saverestore-support-check fail never pass test-armhf-armhf-xl-credit1 15 migrate-support-check fail never pass test-armhf-armhf-xl-arndale 15 migrate-support-check fail never pass test-armhf-armhf-xl-credit1 16 saverestore-support-check fail never pass test-armhf-armhf-xl-arndale 16 saverestore-support-check fail never pass test-amd64-amd64-libvirt-qemuu-debianhvm-amd64-xsm 13 migrate-support-check fail never pass test-arm64-arm64-libvirt-xsm 15 migrate-support-check fail never pass test-arm64-arm64-libvirt-xsm 16 saverestore-support-check fail never pass test-arm64-arm64-xl-thunderx 15 migrate-support-check fail never pass test-arm64-arm64-xl-xsm 15 migrate-support-check fail never pass test-arm64-arm64-xl-thunderx 16 saverestore-support-check fail never pass test-arm64-arm64-xl-xsm 16 saverestore-support-check fail never pass test-arm64-arm64-xl-credit2 15 migrate-support-check fail never pass test-arm64-arm64-xl-credit2 16 saverestore-support-check fail never pass test-arm64-arm64-xl-credit1 15 migrate-support-check fail never pass test-arm64-arm64-xl-credit1 16 saverestore-support-check fail never pass test-amd64-amd64-libvirt-vhd 14 migrate-support-check fail never pass test-armhf-armhf-xl-credit2 15 migrate-support-check fail never pass test-armhf-armhf-xl-credit2 16 saverestore-support-check fail never pass test-arm64-arm64-libvirt-raw 14 migrate-support-check fail never pass test-arm64-arm64-libvirt-raw 15 saverestore-support-check fail never pass test-armhf-armhf-xl 15 migrate-support-check fail never pass test-armhf-armhf-xl 16 saverestore-support-check fail never pass test-armhf-armhf-xl-cubietruck 15 migrate-support-check fail never pass test-armhf-armhf-xl-cubietruck 16 saverestore-support-check fail never pass test-arm64-arm64-xl-vhd 14 migrate-support-check fail never pass test-arm64-arm64-xl-vhd 15 saverestore-support-check fail never pass test-armhf-armhf-libvirt 15 migrate-support-check fail never pass test-armhf-armhf-xl-vhd 14 migrate-support-check fail never pass test-armhf-armhf-xl-vhd 15 saverestore-support-check fail never pass test-armhf-armhf-libvirt-raw 14 migrate-support-check fail never pass test-armhf-armhf-libvirt-qcow2 14 migrate-support-check fail never pass version targeted for testing: linux 01565c91b789a1612051e735a65f11096a6f08e8 baseline version: linux 1d72b776f6dc973211f5d153453cf8955fb3d70a Last test of basis 170264 2022-05-09 07:12:58 Z 3 days Testing same since 170353 2022-05-12 10:41:33 Z 0 days 1 attempts ------------------------------------------------------------ People who touched revisions under test: Alex Deucher <alexander.deucher@xxxxxxx> Andreas Larsson <andreas@xxxxxxxxxxx> Andrei Lalaev <andrei.lalaev@xxxxxxxxx> Andrew Morton <akpm@xxxxxxxxxxxxxxxxxxxx> Armin Wolf <W_Armin@xxxxxx> Bartosz Golaszewski <brgl@xxxxxxxx> Bob Moore <robert.moore@xxxxxxxxx> Charles Keepax <ckeepax@xxxxxxxxxxxxxxxxxxxxx> Cheng Xu <chengyou@xxxxxxxxxxxxxxxxx> Chengfeng Ye <cyeaa@xxxxxxxxxxxxxx> Christian Loehle <cloehle@xxxxxxxxxxxxxx> Codrin Ciubotariu <codrin.ciubotariu@xxxxxxxxxxxxx> Daniel Hellstrom <daniel@xxxxxxxxxxx> David S. Miller <davem@xxxxxxxxxxxxx> David Sterba <dsterba@xxxxxxxx> Duoming Zhou <duoming@xxxxxxxxxx> Eric Dumazet <edumazet@xxxxxxxxxx> Erik Kaneda <erik.kaneda@xxxxxxxxx> Felix Kuehling <Felix.Kuehling@xxxxxxx> Filipe Manana <fdmanana@xxxxxxxx> Florian Fainelli <f.fainelli@xxxxxxxxx> Francesco Ruggeri <fruggeri@xxxxxxxxxx> Greg Kroah-Hartman <gregkh@xxxxxxxxxxxxxxxxxxx> Guenter Roeck <linux@xxxxxxxxxxxx> Haimin Zhang <tcs.kernel@xxxxxxxxx> Helge Deller <deller@xxxxxx> Hulk Robot <hulkrobot@xxxxxxxxxx> Ido Schimmel <idosch@xxxxxxxxxx> Ivan Babrou <ivan@xxxxxxxxxxxxxx> j.nixdorf@xxxxxx <j.nixdorf@xxxxxx> Jakob Koschel <jakobkoschel@xxxxxxxxx> Jakub Kicinski <kuba@xxxxxxxxxx> Jan Höppner <hoeppner@xxxxxxxxxxxxx> Jason Gunthorpe <jgg@xxxxxxxxxx> Jens Axboe <axboe@xxxxxxxxx> Jiazi Li <jqqlijiazi@xxxxxxxxx> Jiazi Li <lijiazi@xxxxxxxxxx> Johannes Nixdorf <j.nixdorf@xxxxxx> Jon Hunter <jonathanh@xxxxxxxxxx> Lee Jones <lee.jones@xxxxxxxxxx> Linus Torvalds <torvalds@xxxxxxxxxxxxxxxxxxxx> Linux Kernel Functional Testing <lkft@xxxxxxxxxx> Lorenzo Pieralisi <lorenzo.pieralisi@xxxxxxx> Maciej W. Rozycki <macro@xxxxxxxxxxx> Marc Kleine-Budde <mkl@xxxxxxxxxxxxxx> Marek Behún <kabel@xxxxxxxxxx> Mark Brown <broonie@xxxxxxxxxx> Michael Chan <michael.chan@xxxxxxxxxxxx> Mike Snitzer <snitzer@xxxxxxxxxx> Mikulas Patocka <mpatocka@xxxxxxxxxx> Minchan Kim <minchan@xxxxxxxxxx> Niels Dossche <dossche.niels@xxxxxxxxx> Nobel Barakat <nobelbarakat@xxxxxxxxxx> Ovidiu Panait <ovidiu.panait@xxxxxxxxxxxxx> Pali Rohár <pali@xxxxxxxxxx> Paolo Abeni <pabeni@xxxxxxxxxx> Paolo Bonzini <pbonzini@xxxxxxxxxx> Radhey Shyam Pandey <radhey.shyam.pandey@xxxxxxxxxx> Rafael J. Wysocki <rafael.j.wysocki@xxxxxxxxx> Ricky Wu <ricky_wu@xxxxxxxxxxx> Sandipan Das <sandipan.das@xxxxxxx> Sasha Levin <sashal@xxxxxxxxxx> Sergey Shtylyov <s.shtylyov@xxxxxx> Shravya Kumbham <shravya.kumbham@xxxxxxxxxx> Shuah Khan <skhan@xxxxxxxxxxxxxxxxxxx> Somnath Kotur <somnath.kotur@xxxxxxxxxxxx> Stefan Haberland <sth@xxxxxxxxxxxxx> Sudip Mukherjee <sudip.mukherjee@xxxxxxxxxxxxxxx> Takashi Iwai <tiwai@xxxxxxx> Takashi Sakamoto <o-takashi@xxxxxxxxxxxxx> Thomas Bogendoerfer <tsbogend@xxxxxxxxxxxxxxxx> Thomas Gleixner <tglx@xxxxxxxxxxxxx> Thomas Pfaff <tpfaff@xxxxxxx> Trond Myklebust <trond.myklebust@xxxxxxxxxxxxxxx> Ulf Hansson <ulf.hansson@xxxxxxxxxx> Vegard Nossum <vegard.nossum@xxxxxxxxxx> Wanpeng Li <wanpengli@xxxxxxxxxxx> Yang Yingliang <yangyingliang@xxxxxxxxxx> Zheyu Ma <zheyuma97@xxxxxxxxx> jobs: build-amd64-xsm pass build-arm64-xsm pass build-i386-xsm pass build-amd64 pass build-arm64 pass build-armhf pass build-i386 pass build-amd64-libvirt pass build-arm64-libvirt pass build-armhf-libvirt pass build-i386-libvirt pass build-amd64-pvops pass build-arm64-pvops pass build-armhf-pvops pass build-i386-pvops pass test-amd64-amd64-xl pass test-amd64-coresched-amd64-xl pass test-arm64-arm64-xl pass test-armhf-armhf-xl pass test-amd64-i386-xl pass test-amd64-coresched-i386-xl pass test-amd64-amd64-libvirt-qemuu-debianhvm-amd64-xsm pass test-amd64-i386-libvirt-qemuu-debianhvm-amd64-xsm pass test-amd64-amd64-xl-qemut-stubdom-debianhvm-amd64-xsm pass test-amd64-i386-xl-qemut-stubdom-debianhvm-amd64-xsm pass test-amd64-amd64-xl-qemut-debianhvm-i386-xsm pass test-amd64-i386-xl-qemut-debianhvm-i386-xsm pass test-amd64-amd64-xl-qemuu-debianhvm-i386-xsm pass test-amd64-i386-xl-qemuu-debianhvm-i386-xsm pass test-amd64-amd64-libvirt-xsm pass test-arm64-arm64-libvirt-xsm pass test-amd64-i386-libvirt-xsm pass test-amd64-amd64-xl-xsm pass test-arm64-arm64-xl-xsm pass test-amd64-i386-xl-xsm pass test-amd64-amd64-qemuu-nested-amd fail test-amd64-amd64-xl-pvhv2-amd pass test-amd64-i386-qemut-rhel6hvm-amd pass test-amd64-i386-qemuu-rhel6hvm-amd pass test-amd64-amd64-dom0pvh-xl-amd pass test-amd64-amd64-xl-qemut-debianhvm-amd64 pass test-amd64-i386-xl-qemut-debianhvm-amd64 pass test-amd64-amd64-xl-qemuu-debianhvm-amd64 pass test-amd64-i386-xl-qemuu-debianhvm-amd64 pass test-amd64-i386-freebsd10-amd64 pass test-amd64-amd64-qemuu-freebsd11-amd64 pass test-amd64-amd64-qemuu-freebsd12-amd64 pass test-amd64-amd64-xl-qemuu-ovmf-amd64 pass test-amd64-i386-xl-qemuu-ovmf-amd64 pass test-amd64-amd64-xl-qemut-win7-amd64 fail test-amd64-i386-xl-qemut-win7-amd64 fail test-amd64-amd64-xl-qemuu-win7-amd64 fail test-amd64-i386-xl-qemuu-win7-amd64 fail test-amd64-amd64-xl-qemut-ws16-amd64 fail test-amd64-i386-xl-qemut-ws16-amd64 fail test-amd64-amd64-xl-qemuu-ws16-amd64 fail test-amd64-i386-xl-qemuu-ws16-amd64 fail test-armhf-armhf-xl-arndale pass test-amd64-amd64-examine-bios pass test-amd64-i386-examine-bios pass test-amd64-amd64-xl-credit1 pass test-arm64-arm64-xl-credit1 pass test-armhf-armhf-xl-credit1 pass test-amd64-amd64-xl-credit2 pass test-arm64-arm64-xl-credit2 pass test-armhf-armhf-xl-credit2 pass test-armhf-armhf-xl-cubietruck pass test-amd64-amd64-xl-qemuu-dmrestrict-amd64-dmrestrict pass test-amd64-i386-xl-qemuu-dmrestrict-amd64-dmrestrict pass test-amd64-amd64-examine pass test-arm64-arm64-examine pass test-armhf-armhf-examine pass test-amd64-i386-examine pass test-amd64-i386-freebsd10-i386 pass test-amd64-amd64-qemuu-nested-intel pass test-amd64-amd64-xl-pvhv2-intel pass test-amd64-i386-qemut-rhel6hvm-intel pass test-amd64-i386-qemuu-rhel6hvm-intel pass test-amd64-amd64-dom0pvh-xl-intel pass test-amd64-amd64-libvirt pass test-armhf-armhf-libvirt pass test-amd64-i386-libvirt pass test-amd64-amd64-xl-multivcpu pass test-armhf-armhf-xl-multivcpu pass test-amd64-amd64-pair pass test-amd64-i386-pair pass test-amd64-amd64-libvirt-pair pass test-amd64-i386-libvirt-pair pass test-amd64-amd64-xl-pvshim pass test-amd64-i386-xl-pvshim fail test-amd64-amd64-pygrub pass test-armhf-armhf-libvirt-qcow2 pass test-amd64-amd64-xl-qcow2 pass test-arm64-arm64-libvirt-raw pass test-armhf-armhf-libvirt-raw pass test-amd64-i386-libvirt-raw pass test-amd64-amd64-xl-rtds pass test-armhf-armhf-xl-rtds pass test-arm64-arm64-xl-seattle pass test-amd64-amd64-xl-qemuu-debianhvm-amd64-shadow pass test-amd64-i386-xl-qemuu-debianhvm-amd64-shadow pass test-amd64-amd64-xl-shadow pass test-amd64-i386-xl-shadow pass test-arm64-arm64-xl-thunderx pass test-amd64-amd64-examine-uefi pass test-amd64-i386-examine-uefi pass test-amd64-amd64-libvirt-vhd pass test-arm64-arm64-xl-vhd pass test-armhf-armhf-xl-vhd pass test-amd64-i386-xl-vhd pass ------------------------------------------------------------ sg-report-flight on osstest.test-lab.xenproject.org logs: /home/logs/logs images: /home/logs/images Logs, config files, etc. are available at http://logs.test-lab.xenproject.org/osstest/logs Explanation of these reports, and of osstest in general, is at http://xenbits.xen.org/gitweb/?p=osstest.git;a=blob;f=README.email;hb=master http://xenbits.xen.org/gitweb/?p=osstest.git;a=blob;f=README;hb=master Test harness code can be found at http://xenbits.xen.org/gitweb?p=osstest.git;a=summary Pushing revision : hint: The 'hooks/update' hook was ignored because it's not set as executable. hint: You can disable this warning with `git config advice.ignoredHook false`. hint: The 'hooks/post-receive' hook was ignored because it's not set as executable. hint: You can disable this warning with `git config advice.ignoredHook false`. hint: The 'hooks/post-update' hook was ignored because it's not set as executable. hint: You can disable this warning with `git config advice.ignoredHook false`. To xenbits.xen.org:/home/xen/git/linux-pvops.git 1d72b776f6dc..01565c91b789 01565c91b789a1612051e735a65f11096a6f08e8 -> tested/linux-5.4
|
Lists.xenproject.org is hosted with RackSpace, monitoring our |