[Date Prev][Date Next][Thread Prev][Thread Next][Date Index][Thread Index]
Re: [linux-linus test] 171182: regressions - FAIL
On 16.06.22 11:30, osstest service owner wrote:
flight 171182 linux-linus real [real]
http://logs.test-lab.xenproject.org/osstest/logs/171182/
I think this is an infrastructure/hardware problem. Looking into
http://logs.test-lab.xenproject.org/osstest/logs/171182/test-amd64-amd64-xl/serial-elbling0.log
I see:
Jun 16 01:53:06.737732 [ 2.034788] Run /init as init process
Jun 16 01:53:06.737790 Loading, please wait...
Jun 16 01:53:06.737834 Starting version 241
Jun 16 01:53:06.737875 [ 2.639555] megasas: 07.719.03.00-rc1
Jun 16 01:53:06.749801 [ 2.640679] megaraid_sas 0000:01:00.0: Waiting for FW
to come to ready state
Jun 16 01:53:06.749867 [ 2.640681] megaraid_sas 0000:01:00.0: FW in FAULT
state, Fault code:0xfff0000 subcode:0xff00 func:megasas_transition_to_ready
Jun 16 01:53:06.773736 [ 2.640687] 00000000: ffffffff
And from then on only megaraid_sas error messages are following.
Juergen
Regressions :-(
Tests which did not succeed and are blocking,
including tests which could not be run:
test-arm64-arm64-examine 8 reboot fail REGR. vs. 170714
test-amd64-amd64-xl-qemuu-debianhvm-i386-xsm 8 xen-boot fail REGR. vs. 170714
test-amd64-amd64-xl-qemuu-ovmf-amd64 8 xen-boot fail REGR. vs. 170714
test-amd64-amd64-xl 8 xen-boot fail REGR. vs. 170714
test-amd64-amd64-xl-qemut-stubdom-debianhvm-amd64-xsm 8 xen-boot fail REGR.
vs. 170714
test-amd64-amd64-libvirt-qcow2 8 xen-boot fail REGR. vs. 170714
test-amd64-amd64-libvirt 8 xen-boot fail REGR. vs. 170714
test-amd64-amd64-xl-credit2 8 xen-boot fail REGR. vs. 170714
test-amd64-amd64-xl-qemuu-debianhvm-amd64-shadow 8 xen-boot fail REGR. vs.
170714
test-amd64-amd64-xl-multivcpu 8 xen-boot fail REGR. vs. 170714
test-amd64-amd64-xl-vhd 8 xen-boot fail REGR. vs. 170714
test-amd64-amd64-freebsd12-amd64 8 xen-boot fail REGR. vs. 170714
test-amd64-amd64-qemuu-nested-intel 8 xen-boot fail REGR. vs. 170714
test-arm64-arm64-xl-seattle 8 xen-boot fail REGR. vs. 170714
test-amd64-amd64-libvirt-pair 12 xen-boot/src_host fail REGR. vs. 170714
test-amd64-amd64-libvirt-pair 13 xen-boot/dst_host fail REGR. vs. 170714
test-amd64-amd64-pair 12 xen-boot/src_host fail REGR. vs. 170714
test-amd64-amd64-pair 13 xen-boot/dst_host fail REGR. vs. 170714
test-arm64-arm64-xl-credit2 8 xen-boot fail REGR. vs. 170714
test-amd64-amd64-libvirt-raw 8 xen-boot fail REGR. vs. 170714
test-amd64-amd64-xl-qemuu-debianhvm-amd64 8 xen-boot fail REGR. vs. 170714
test-arm64-arm64-xl-credit1 8 xen-boot fail REGR. vs. 170714
test-arm64-arm64-xl-vhd 8 xen-boot fail REGR. vs. 170714
test-arm64-arm64-xl-xsm 8 xen-boot fail REGR. vs. 170714
test-amd64-amd64-examine 8 reboot fail REGR. vs. 170714
test-amd64-amd64-examine-bios 8 reboot fail REGR. vs. 170714
test-arm64-arm64-libvirt-raw 8 xen-boot fail REGR. vs. 170714
test-amd64-amd64-examine-uefi 8 reboot fail REGR. vs. 170714
test-amd64-amd64-xl-pvshim 8 xen-boot fail REGR. vs. 170714
test-amd64-amd64-xl-credit1 8 xen-boot fail REGR. vs. 170714
test-amd64-amd64-xl-xsm 8 xen-boot fail REGR. vs. 170714
test-arm64-arm64-xl 8 xen-boot fail REGR. vs. 170714
test-arm64-arm64-libvirt-xsm 8 xen-boot fail REGR. vs. 170714
test-amd64-amd64-xl-pvhv2-intel 8 xen-boot fail REGR. vs. 170714
Regressions which are regarded as allowable (not blocking):
test-armhf-armhf-xl-rtds 18 guest-start/debian.repeat fail REGR. vs. 170714
Tests which did not succeed, but are not blocking:
test-amd64-amd64-xl-qemut-win7-amd64 19 guest-stop fail like 170714
test-amd64-amd64-qemuu-nested-amd 20 debian-hvm-install/l1/l2 fail like 170714
test-amd64-amd64-xl-qemuu-ws16-amd64 19 guest-stop fail like 170714
test-amd64-amd64-xl-qemuu-win7-amd64 19 guest-stop fail like 170714
test-armhf-armhf-libvirt-qcow2 15 saverestore-support-check fail like 170714
test-armhf-armhf-libvirt 16 saverestore-support-check fail like 170714
test-armhf-armhf-libvirt-raw 15 saverestore-support-check fail like 170714
test-amd64-amd64-xl-qemut-ws16-amd64 19 guest-stop fail like 170714
test-amd64-amd64-libvirt-xsm 15 migrate-support-check fail never pass
test-arm64-arm64-xl-thunderx 15 migrate-support-check fail never pass
test-arm64-arm64-xl-thunderx 16 saverestore-support-check fail never pass
test-amd64-amd64-libvirt-qemuu-debianhvm-amd64-xsm 13 migrate-support-check
fail never pass
test-armhf-armhf-xl 15 migrate-support-check fail never pass
test-armhf-armhf-xl 16 saverestore-support-check fail never pass
test-armhf-armhf-xl-rtds 15 migrate-support-check fail never pass
test-armhf-armhf-xl-rtds 16 saverestore-support-check fail never pass
test-armhf-armhf-xl-credit2 15 migrate-support-check fail never pass
test-armhf-armhf-xl-credit2 16 saverestore-support-check fail never pass
test-armhf-armhf-xl-multivcpu 15 migrate-support-check fail never pass
test-armhf-armhf-xl-multivcpu 16 saverestore-support-check fail never pass
test-armhf-armhf-xl-cubietruck 15 migrate-support-check fail never pass
test-armhf-armhf-xl-cubietruck 16 saverestore-support-check fail never pass
test-armhf-armhf-libvirt-qcow2 14 migrate-support-check fail never pass
test-armhf-armhf-xl-credit1 15 migrate-support-check fail never pass
test-armhf-armhf-xl-credit1 16 saverestore-support-check fail never pass
test-armhf-armhf-xl-vhd 14 migrate-support-check fail never pass
test-armhf-armhf-xl-vhd 15 saverestore-support-check fail never pass
test-armhf-armhf-xl-arndale 15 migrate-support-check fail never pass
test-armhf-armhf-xl-arndale 16 saverestore-support-check fail never pass
test-armhf-armhf-libvirt 15 migrate-support-check fail never pass
test-armhf-armhf-libvirt-raw 14 migrate-support-check fail never pass
version targeted for testing:
linux afe9eb14ea1cbac5d91ca04eb64810d2d9fa22b0
baseline version:
linux d6ecaa0024485effd065124fe774de2e22095f2d
Last test of basis 170714 2022-05-24 03:27:44 Z 23 days
Failing since 170716 2022-05-24 11:12:06 Z 22 days 55 attempts
Testing same since 171182 2022-06-15 20:43:26 Z 0 days 1 attempts
------------------------------------------------------------
2348 people touched revisions under test,
not listing them all
jobs:
build-amd64-xsm pass
build-arm64-xsm pass
build-i386-xsm pass
build-amd64 pass
build-arm64 pass
build-armhf pass
build-i386 pass
build-amd64-libvirt pass
build-arm64-libvirt pass
build-armhf-libvirt pass
build-i386-libvirt pass
build-amd64-pvops pass
build-arm64-pvops pass
build-armhf-pvops pass
build-i386-pvops pass
test-amd64-amd64-xl fail
test-amd64-coresched-amd64-xl pass
test-arm64-arm64-xl fail
test-armhf-armhf-xl pass
test-amd64-amd64-libvirt-qemuu-debianhvm-amd64-xsm pass
test-amd64-amd64-xl-qemut-stubdom-debianhvm-amd64-xsm fail
test-amd64-amd64-xl-qemut-debianhvm-i386-xsm pass
test-amd64-amd64-xl-qemuu-debianhvm-i386-xsm fail
test-amd64-amd64-libvirt-xsm pass
test-arm64-arm64-libvirt-xsm fail
test-amd64-amd64-xl-xsm fail
test-arm64-arm64-xl-xsm fail
test-amd64-amd64-qemuu-nested-amd fail
test-amd64-amd64-xl-pvhv2-amd pass
test-amd64-amd64-dom0pvh-xl-amd pass
test-amd64-amd64-xl-qemut-debianhvm-amd64 pass
test-amd64-amd64-xl-qemuu-debianhvm-amd64 fail
test-amd64-amd64-freebsd11-amd64 pass
test-amd64-amd64-freebsd12-amd64 fail
test-amd64-amd64-xl-qemuu-ovmf-amd64 fail
test-amd64-amd64-xl-qemut-win7-amd64 fail
test-amd64-amd64-xl-qemuu-win7-amd64 fail
test-amd64-amd64-xl-qemut-ws16-amd64 fail
test-amd64-amd64-xl-qemuu-ws16-amd64 fail
test-armhf-armhf-xl-arndale pass
test-amd64-amd64-examine-bios fail
test-amd64-amd64-xl-credit1 fail
test-arm64-arm64-xl-credit1 fail
test-armhf-armhf-xl-credit1 pass
test-amd64-amd64-xl-credit2 fail
test-arm64-arm64-xl-credit2 fail
test-armhf-armhf-xl-credit2 pass
test-armhf-armhf-xl-cubietruck pass
test-amd64-amd64-xl-qemuu-dmrestrict-amd64-dmrestrict pass
test-amd64-amd64-examine fail
test-arm64-arm64-examine fail
test-armhf-armhf-examine pass
test-amd64-amd64-qemuu-nested-intel fail
test-amd64-amd64-xl-pvhv2-intel fail
test-amd64-amd64-dom0pvh-xl-intel pass
test-amd64-amd64-libvirt fail
test-armhf-armhf-libvirt pass
test-amd64-amd64-xl-multivcpu fail
test-armhf-armhf-xl-multivcpu pass
test-amd64-amd64-pair fail
test-amd64-amd64-libvirt-pair fail
test-amd64-amd64-xl-pvshim fail
test-amd64-amd64-pygrub pass
test-amd64-amd64-libvirt-qcow2 fail
test-armhf-armhf-libvirt-qcow2 pass
test-amd64-amd64-libvirt-raw fail
test-arm64-arm64-libvirt-raw fail
test-armhf-armhf-libvirt-raw pass
test-amd64-amd64-xl-rtds pass
test-armhf-armhf-xl-rtds fail
test-arm64-arm64-xl-seattle fail
test-amd64-amd64-xl-qemuu-debianhvm-amd64-shadow fail
test-amd64-amd64-xl-shadow pass
test-arm64-arm64-xl-thunderx pass
test-amd64-amd64-examine-uefi fail
test-amd64-amd64-xl-vhd fail
test-arm64-arm64-xl-vhd fail
test-armhf-armhf-xl-vhd pass
------------------------------------------------------------
sg-report-flight on osstest.test-lab.xenproject.org
logs: /home/logs/logs
images: /home/logs/images
Logs, config files, etc. are available at
http://logs.test-lab.xenproject.org/osstest/logs
Explanation of these reports, and of osstest in general, is at
http://xenbits.xen.org/gitweb/?p=osstest.git;a=blob;f=README.email;hb=master
http://xenbits.xen.org/gitweb/?p=osstest.git;a=blob;f=README;hb=master
Test harness code can be found at
http://xenbits.xen.org/gitweb?p=osstest.git;a=summary
Not pushing.
(No revision log; it would be 277334 lines long.)
Attachment:
OpenPGP_0xB0DE9DD628BF132F.asc
Description: OpenPGP public key
Attachment:
OpenPGP_signature
Description: OpenPGP digital signature
|