[Date Prev][Date Next][Thread Prev][Thread Next][Date Index][Thread Index] [linux-linus test] 172111: regressions - FAIL
flight 172111 linux-linus real [real] http://logs.test-lab.xenproject.org/osstest/logs/172111/ Regressions :-( Tests which did not succeed and are blocking, including tests which could not be run: build-amd64 6 xen-build fail REGR. vs. 172093 build-amd64-xsm 6 xen-build fail REGR. vs. 172093 test-arm64-arm64-libvirt-raw 17 guest-start/debian.repeat fail REGR. vs. 172093 Tests which did not succeed, but are not blocking: test-amd64-coresched-amd64-xl 1 build-check(1) blocked n/a test-amd64-amd64-xl-xsm 1 build-check(1) blocked n/a test-amd64-amd64-xl-vhd 1 build-check(1) blocked n/a test-amd64-amd64-xl-shadow 1 build-check(1) blocked n/a test-amd64-amd64-xl-rtds 1 build-check(1) blocked n/a test-amd64-amd64-xl-qemuu-ws16-amd64 1 build-check(1) blocked n/a test-amd64-amd64-xl-qemuu-win7-amd64 1 build-check(1) blocked n/a test-amd64-amd64-xl-qemuu-ovmf-amd64 1 build-check(1) blocked n/a test-amd64-amd64-xl-qemuu-dmrestrict-amd64-dmrestrict 1 build-check(1) blocked n/a test-amd64-amd64-xl-qemuu-debianhvm-i386-xsm 1 build-check(1) blocked n/a test-amd64-amd64-xl-qemuu-debianhvm-amd64-shadow 1 build-check(1) blocked n/a build-amd64-libvirt 1 build-check(1) blocked n/a test-amd64-amd64-xl-qemuu-debianhvm-amd64 1 build-check(1) blocked n/a test-amd64-amd64-xl-qemut-ws16-amd64 1 build-check(1) blocked n/a test-amd64-amd64-xl-qemut-win7-amd64 1 build-check(1) blocked n/a test-amd64-amd64-xl-qemut-stubdom-debianhvm-amd64-xsm 1 build-check(1) blocked n/a test-amd64-amd64-xl-qemut-debianhvm-i386-xsm 1 build-check(1) blocked n/a test-amd64-amd64-xl-qemut-debianhvm-amd64 1 build-check(1) blocked n/a test-amd64-amd64-xl-pvshim 1 build-check(1) blocked n/a test-amd64-amd64-dom0pvh-xl-amd 1 build-check(1) blocked n/a test-amd64-amd64-xl-pvhv2-intel 1 build-check(1) blocked n/a test-amd64-amd64-dom0pvh-xl-intel 1 build-check(1) blocked n/a test-amd64-amd64-xl-pvhv2-amd 1 build-check(1) blocked n/a test-amd64-amd64-examine 1 build-check(1) blocked n/a test-amd64-amd64-examine-bios 1 build-check(1) blocked n/a test-amd64-amd64-examine-uefi 1 build-check(1) blocked n/a test-amd64-amd64-xl-multivcpu 1 build-check(1) blocked n/a test-amd64-amd64-freebsd11-amd64 1 build-check(1) blocked n/a test-amd64-amd64-freebsd12-amd64 1 build-check(1) blocked n/a test-amd64-amd64-xl-credit2 1 build-check(1) blocked n/a test-amd64-amd64-libvirt 1 build-check(1) blocked n/a test-amd64-amd64-libvirt-pair 1 build-check(1) blocked n/a test-amd64-amd64-xl-credit1 1 build-check(1) blocked n/a test-amd64-amd64-libvirt-qcow2 1 build-check(1) blocked n/a test-amd64-amd64-libvirt-qemuu-debianhvm-amd64-xsm 1 build-check(1) blocked n/a test-amd64-amd64-xl 1 build-check(1) blocked n/a test-amd64-amd64-libvirt-raw 1 build-check(1) blocked n/a test-amd64-amd64-libvirt-xsm 1 build-check(1) blocked n/a test-amd64-amd64-qemuu-nested-intel 1 build-check(1) blocked n/a test-amd64-amd64-pair 1 build-check(1) blocked n/a test-amd64-amd64-pygrub 1 build-check(1) blocked n/a test-amd64-amd64-qemuu-nested-amd 1 build-check(1) blocked n/a test-armhf-armhf-libvirt 16 saverestore-support-check fail like 172093 test-armhf-armhf-libvirt-raw 15 saverestore-support-check fail like 172093 test-armhf-armhf-libvirt-qcow2 15 saverestore-support-check fail like 172093 test-arm64-arm64-xl-xsm 15 migrate-support-check fail never pass test-arm64-arm64-xl-xsm 16 saverestore-support-check fail never pass test-arm64-arm64-xl-credit2 15 migrate-support-check fail never pass test-arm64-arm64-xl-thunderx 15 migrate-support-check fail never pass test-arm64-arm64-xl-credit2 16 saverestore-support-check fail never pass test-arm64-arm64-xl-thunderx 16 saverestore-support-check fail never pass test-arm64-arm64-xl 15 migrate-support-check fail never pass test-arm64-arm64-libvirt-xsm 15 migrate-support-check fail never pass test-arm64-arm64-xl 16 saverestore-support-check fail never pass test-arm64-arm64-libvirt-xsm 16 saverestore-support-check fail never pass test-armhf-armhf-xl-arndale 15 migrate-support-check fail never pass test-armhf-armhf-xl-arndale 16 saverestore-support-check fail never pass test-armhf-armhf-xl-multivcpu 15 migrate-support-check fail never pass test-armhf-armhf-xl-multivcpu 16 saverestore-support-check fail never pass test-armhf-armhf-xl 15 migrate-support-check fail never pass test-armhf-armhf-xl-credit2 15 migrate-support-check fail never pass test-armhf-armhf-xl 16 saverestore-support-check fail never pass test-armhf-armhf-xl-credit2 16 saverestore-support-check fail never pass test-arm64-arm64-libvirt-raw 14 migrate-support-check fail never pass test-arm64-arm64-libvirt-raw 15 saverestore-support-check fail never pass test-armhf-armhf-xl-credit1 15 migrate-support-check fail never pass test-armhf-armhf-xl-credit1 16 saverestore-support-check fail never pass test-armhf-armhf-libvirt 15 migrate-support-check fail never pass test-armhf-armhf-xl-rtds 15 migrate-support-check fail never pass test-armhf-armhf-xl-rtds 16 saverestore-support-check fail never pass test-arm64-arm64-xl-vhd 14 migrate-support-check fail never pass test-arm64-arm64-xl-vhd 15 saverestore-support-check fail never pass test-armhf-armhf-xl-cubietruck 15 migrate-support-check fail never pass test-armhf-armhf-xl-cubietruck 16 saverestore-support-check fail never pass test-arm64-arm64-xl-seattle 15 migrate-support-check fail never pass test-arm64-arm64-xl-seattle 16 saverestore-support-check fail never pass test-arm64-arm64-xl-credit1 15 migrate-support-check fail never pass test-arm64-arm64-xl-credit1 16 saverestore-support-check fail never pass test-armhf-armhf-libvirt-raw 14 migrate-support-check fail never pass test-armhf-armhf-xl-vhd 14 migrate-support-check fail never pass test-armhf-armhf-xl-vhd 15 saverestore-support-check fail never pass test-armhf-armhf-libvirt-qcow2 14 migrate-support-check fail never pass version targeted for testing: linux e2b542100719a93f8cdf6d90185410d38a57a4c1 baseline version: linux c2a24a7a036b3bd3a2e6c66730dfc777cae6540a Last test of basis 172093 2022-08-03 01:58:10 Z 1 days Testing same since 172111 2022-08-03 11:41:21 Z 0 days 1 attempts ------------------------------------------------------------ People who touched revisions under test: "Zhang, Qiang1" <qiang1.zhang@xxxxxxxxx> Akira Yokosawa <akiyks@xxxxxxxxx> Alex Shi <alexs@xxxxxxxxxx> Alviro Iskandar Setiawan <alviro.iskandar@xxxxxxxxxxx> Ammar Faizi <ammarfaizi2@xxxxxxxxxxx> Anders Roxell <anders.roxell@xxxxxxxxxx> Anna-Maria Behnsen <anna-maria@xxxxxxxxxxxxx> Bagas Sanjaya <bagasdotme@xxxxxxxxx> Binbin Zhou <zhoubinbin@xxxxxxxxxxx> Boqun Feng <boqun.feng@xxxxxxxxx> Brendan Higgins <brendanhiggins@xxxxxxxxxx> Chao Liu <liuchao@xxxxxxxxxxx> Chen Zhongjin <chenzhongjin@xxxxxxxxxx> Conor Dooley <conor.dooley@xxxxxxxxxxxxx> Dan Williams <dan.j.williams@xxxxxxxxx> # For ndctl.h Daniel Latypov <dlatypov@xxxxxxxxxx> Dave Marchevsky <davemarchevsky@xxxxxx> David Gow <davidgow@xxxxxxxxxx> David Reaver <me@xxxxxxxxxxxxxxx> Deming Wang <wangdeming@xxxxxxxxxx> Dipen Patel <dipenp@xxxxxxxxxx> Dmitry Vyukov <dvyukov@xxxxxxxxxx> Dongliang Mu <mudongliangabcd@xxxxxxxxx> Dov Murik <dovmurik@xxxxxxxxxxxxx> Federico Vaga <federico.vaga@xxxxxxxxxx> Frederic Weisbecker <frederic@xxxxxxxxxx> Gautam <gautammenghani201@xxxxxxxxx> Gautam Menghani <gautammenghani201@xxxxxxxxx> Geert Uytterhoeven <geert@xxxxxxxxxxxxxx> Guillaume Tucker <guillaume.tucker@xxxxxxxxxxxxx> Gustavo A. R. Silva <gustavoars@xxxxxxxxxx> Jakub Kicinski <kuba@xxxxxxxxxx> Jason A. Donenfeld <Jason@xxxxxxxxx> Jeremy Kerr <jk@xxxxxxxxxxxxxxxxxxxx> Joel Fernandes (Google) <joel@xxxxxxxxxxxxxxxxx> Joel Fernandes <joel@xxxxxxxxxxxxxxxxx> Johannes Berg <johannes.berg@xxxxxxxxx> Johannes Holland <johannes.holland@xxxxxxxxxxxx> John Johansen <john.johansen@xxxxxxxxxxxxx> John Stultz <jstultz@xxxxxxxxxx> Jonathan Corbet <corbet@xxxxxxx> José Expósito <jose.exposito89@xxxxxxxxx> João Paulo Rechi Vita <jprvita@xxxxxxxxxxxxx> João Paulo Rechi Vita <jprvita@xxxxxxxxx> Juerg Haefliger <juerg.haefliger@xxxxxxxxxxxxx> Juerg Haefliger <juergh@xxxxxxxxxxxxx> Li Qiong <liqiong@xxxxxxxxxxxx> Linus Torvalds <torvalds@xxxxxxxxxxxxxxxxxxxx> Luis Chamberlain <mcgrof@xxxxxxxxxx> Lukas Bulwahn <lukas.bulwahn@xxxxxxxxx> Mark Rutland <mark.rutland@xxxxxxx> Martin Liska <mliska@xxxxxxx> Martin Liška <mliska@xxxxxxx> Mauro Carvalho Chehab <mchehab@xxxxxxxxxx> Maxime Ripard <maxime@xxxxxxxxxx> Maíra Canal <maira.canal@xxxxxx> Maíra Canal <mairacanal@xxxxxxxxxx> Michael Kelley <mikelley@xxxxxxxxxxxxx> Mika Westerberg <mika.westerberg@xxxxxxxxxxxxxxx> Muhammad Usama Anjum <usama.anjum@xxxxxxxxxxxxx> Neeraj Upadhyay <quic_neeraju@xxxxxxxxxxx> Nicolas Saenz Julienne <nsaenzju@xxxxxxxxxx> Niklas Söderlund <niklas.soderlund@xxxxxxxxxxxx> Patrick Wang <patrick.wang.shcn@xxxxxxxxx> Paul E. McKenney <paulmck@xxxxxxxxxx> Randy Dunlap <rdunlap@xxxxxxxxxxxxx> Rob Herring <robh@xxxxxxxxxx> Sadiya Kazi <sadiyakazi@xxxxxxxxxx> Shuah Khan <skhan@xxxxxxxxxxxxxxxxxxx> Sotir Danailov <sndanailov@xxxxxxxxx> Soumya Negi <soumya.negi97@xxxxxxxxx> Stefan Mahnke-Hartmann <stefan.mahnke-hartmann@xxxxxxxxxxxx> Stephen Boyd <sboyd@xxxxxxxxxx> Stephen Kitt <steve@xxxxxxx> Steven Lung <1030steven@xxxxxxxxx> Steven Rostedt (Google) <rostedt@xxxxxxxxxxx> syzbot <syzbot+9bb26e7c5e8e4fa7e641@xxxxxxxxxxxxxxxxxxxxxxxxx> Tang Yizhou <yizhou.tang@xxxxxxxxxx> Tom Schwindl <schwindl@xxxxxxxxx> Uladzislau Rezki (Sony) <urezki@xxxxxxxxx> Ulf Hansson <ulf.hansson@xxxxxxxxxx> Waiman Long <longman@xxxxxxxxxx> Willy Tarreau <w@xxxxxx> Wolfram Sang <wsa+renesas@xxxxxxxxxxxxxxxxxxxx> Wu XiangCheng <bobwxc@xxxxxxxx> Xiang wangx <wangxiang@xxxxxxxxxx> Yanteng Si <siyanteng@xxxxxxxxxxx> Yanteng Si<siyanteng@xxxxxxxxxxx> Yixuan Cao <caoyixuan2019@xxxxxxxxxxxxxxxx> Zan Aziz <zanaziz313@xxxxxxxxx> Zhouyi Zhou <zhouzhouyi@xxxxxxxxx> Zqiang <qiang1.zhang@xxxxxxxxx> jobs: build-amd64-xsm fail build-arm64-xsm pass build-i386-xsm pass build-amd64 fail build-arm64 pass build-armhf pass build-i386 pass build-amd64-libvirt blocked build-arm64-libvirt pass build-armhf-libvirt pass build-i386-libvirt pass build-amd64-pvops pass build-arm64-pvops pass build-armhf-pvops pass build-i386-pvops pass test-amd64-amd64-xl blocked test-amd64-coresched-amd64-xl blocked test-arm64-arm64-xl pass test-armhf-armhf-xl pass test-amd64-amd64-libvirt-qemuu-debianhvm-amd64-xsm blocked test-amd64-amd64-xl-qemut-stubdom-debianhvm-amd64-xsm blocked test-amd64-amd64-xl-qemut-debianhvm-i386-xsm blocked test-amd64-amd64-xl-qemuu-debianhvm-i386-xsm blocked test-amd64-amd64-libvirt-xsm blocked test-arm64-arm64-libvirt-xsm pass test-amd64-amd64-xl-xsm blocked test-arm64-arm64-xl-xsm pass test-amd64-amd64-qemuu-nested-amd blocked test-amd64-amd64-xl-pvhv2-amd blocked test-amd64-amd64-dom0pvh-xl-amd blocked test-amd64-amd64-xl-qemut-debianhvm-amd64 blocked test-amd64-amd64-xl-qemuu-debianhvm-amd64 blocked test-amd64-amd64-freebsd11-amd64 blocked test-amd64-amd64-freebsd12-amd64 blocked test-amd64-amd64-xl-qemuu-ovmf-amd64 blocked test-amd64-amd64-xl-qemut-win7-amd64 blocked test-amd64-amd64-xl-qemuu-win7-amd64 blocked test-amd64-amd64-xl-qemut-ws16-amd64 blocked test-amd64-amd64-xl-qemuu-ws16-amd64 blocked test-armhf-armhf-xl-arndale pass test-amd64-amd64-examine-bios blocked test-amd64-amd64-xl-credit1 blocked test-arm64-arm64-xl-credit1 pass test-armhf-armhf-xl-credit1 pass test-amd64-amd64-xl-credit2 blocked test-arm64-arm64-xl-credit2 pass test-armhf-armhf-xl-credit2 pass test-armhf-armhf-xl-cubietruck pass test-amd64-amd64-xl-qemuu-dmrestrict-amd64-dmrestrict blocked test-amd64-amd64-examine blocked test-arm64-arm64-examine pass test-armhf-armhf-examine pass test-amd64-amd64-qemuu-nested-intel blocked test-amd64-amd64-xl-pvhv2-intel blocked test-amd64-amd64-dom0pvh-xl-intel blocked test-amd64-amd64-libvirt blocked test-armhf-armhf-libvirt pass test-amd64-amd64-xl-multivcpu blocked test-armhf-armhf-xl-multivcpu pass test-amd64-amd64-pair blocked test-amd64-amd64-libvirt-pair blocked test-amd64-amd64-xl-pvshim blocked test-amd64-amd64-pygrub blocked test-amd64-amd64-libvirt-qcow2 blocked test-armhf-armhf-libvirt-qcow2 pass test-amd64-amd64-libvirt-raw blocked test-arm64-arm64-libvirt-raw fail test-armhf-armhf-libvirt-raw pass test-amd64-amd64-xl-rtds blocked test-armhf-armhf-xl-rtds pass test-arm64-arm64-xl-seattle pass test-amd64-amd64-xl-qemuu-debianhvm-amd64-shadow blocked test-amd64-amd64-xl-shadow blocked test-arm64-arm64-xl-thunderx pass test-amd64-amd64-examine-uefi blocked test-amd64-amd64-xl-vhd blocked test-arm64-arm64-xl-vhd pass test-armhf-armhf-xl-vhd pass ------------------------------------------------------------ sg-report-flight on osstest.test-lab.xenproject.org logs: /home/logs/logs images: /home/logs/images Logs, config files, etc. are available at http://logs.test-lab.xenproject.org/osstest/logs Explanation of these reports, and of osstest in general, is at http://xenbits.xen.org/gitweb/?p=osstest.git;a=blob;f=README.email;hb=master http://xenbits.xen.org/gitweb/?p=osstest.git;a=blob;f=README;hb=master Test harness code can be found at http://xenbits.xen.org/gitweb?p=osstest.git;a=summary Not pushing. (No revision log; it would be 5773 lines long.)
|
Lists.xenproject.org is hosted with RackSpace, monitoring our |