[Date Prev][Date Next][Thread Prev][Thread Next][Date Index][Thread Index] [xen-unstable test] 174597: regressions - FAIL
flight 174597 xen-unstable real [real] flight 174604 xen-unstable real-retest [real] http://logs.test-lab.xenproject.org/osstest/logs/174597/ http://logs.test-lab.xenproject.org/osstest/logs/174604/ Regressions :-( Tests which did not succeed and are blocking, including tests which could not be run: test-amd64-i386-qemuu-rhel6hvm-amd 7 xen-install fail REGR. vs. 174586 Tests which are failing intermittently (not blocking): test-amd64-i386-xl-qemuu-debianhvm-i386-xsm 12 debian-hvm-install fail pass in 174604-retest Tests which did not succeed, but are not blocking: test-amd64-amd64-xl-qemut-ws16-amd64 19 guest-stop fail like 174574 test-amd64-amd64-xl-qemut-win7-amd64 19 guest-stop fail like 174586 test-amd64-i386-xl-qemuu-win7-amd64 19 guest-stop fail like 174586 test-armhf-armhf-libvirt 16 saverestore-support-check fail like 174586 test-amd64-amd64-xl-qemuu-ws16-amd64 19 guest-stop fail like 174586 test-amd64-amd64-qemuu-nested-amd 20 debian-hvm-install/l1/l2 fail like 174586 test-amd64-i386-xl-qemut-ws16-amd64 19 guest-stop fail like 174586 test-amd64-i386-xl-qemut-win7-amd64 19 guest-stop fail like 174586 test-armhf-armhf-libvirt-raw 15 saverestore-support-check fail like 174586 test-armhf-armhf-libvirt-qcow2 15 saverestore-support-check fail like 174586 test-amd64-i386-xl-qemuu-ws16-amd64 19 guest-stop fail like 174586 test-amd64-amd64-xl-qemuu-win7-amd64 19 guest-stop fail like 174586 test-amd64-i386-xl-pvshim 14 guest-start fail never pass test-arm64-arm64-xl-seattle 15 migrate-support-check fail never pass test-arm64-arm64-xl-seattle 16 saverestore-support-check fail never pass test-amd64-i386-libvirt-xsm 15 migrate-support-check fail never pass test-amd64-i386-libvirt 15 migrate-support-check fail never pass test-arm64-arm64-xl-xsm 15 migrate-support-check fail never pass test-arm64-arm64-xl-xsm 16 saverestore-support-check fail never pass test-arm64-arm64-xl-thunderx 15 migrate-support-check fail never pass test-arm64-arm64-xl-thunderx 16 saverestore-support-check fail never pass test-arm64-arm64-libvirt-xsm 15 migrate-support-check fail never pass test-arm64-arm64-xl 15 migrate-support-check fail never pass test-arm64-arm64-libvirt-xsm 16 saverestore-support-check fail never pass test-arm64-arm64-xl-credit1 15 migrate-support-check fail never pass test-arm64-arm64-xl 16 saverestore-support-check fail never pass test-arm64-arm64-xl-credit1 16 saverestore-support-check fail never pass test-arm64-arm64-xl-credit2 15 migrate-support-check fail never pass test-arm64-arm64-xl-credit2 16 saverestore-support-check fail never pass test-amd64-amd64-libvirt-qemuu-debianhvm-amd64-xsm 13 migrate-support-check fail never pass test-armhf-armhf-xl-arndale 15 migrate-support-check fail never pass test-armhf-armhf-xl-arndale 16 saverestore-support-check fail never pass test-amd64-amd64-libvirt 15 migrate-support-check fail never pass test-amd64-i386-libvirt-qemuu-debianhvm-amd64-xsm 13 migrate-support-check fail never pass test-amd64-amd64-libvirt-vhd 14 migrate-support-check fail never pass test-arm64-arm64-libvirt-raw 14 migrate-support-check fail never pass test-arm64-arm64-libvirt-raw 15 saverestore-support-check fail never pass test-amd64-i386-libvirt-raw 14 migrate-support-check fail never pass test-arm64-arm64-xl-vhd 14 migrate-support-check fail never pass test-arm64-arm64-xl-vhd 15 saverestore-support-check fail never pass test-armhf-armhf-xl-credit1 15 migrate-support-check fail never pass test-armhf-armhf-xl-credit1 16 saverestore-support-check fail never pass test-armhf-armhf-xl 15 migrate-support-check fail never pass test-armhf-armhf-xl 16 saverestore-support-check fail never pass test-armhf-armhf-xl-multivcpu 15 migrate-support-check fail never pass test-armhf-armhf-xl-multivcpu 16 saverestore-support-check fail never pass test-armhf-armhf-xl-credit2 15 migrate-support-check fail never pass test-armhf-armhf-xl-credit2 16 saverestore-support-check fail never pass test-armhf-armhf-libvirt 15 migrate-support-check fail never pass test-armhf-armhf-xl-cubietruck 15 migrate-support-check fail never pass test-armhf-armhf-xl-cubietruck 16 saverestore-support-check fail never pass test-amd64-amd64-libvirt-xsm 15 migrate-support-check fail never pass test-armhf-armhf-xl-vhd 14 migrate-support-check fail never pass test-armhf-armhf-xl-vhd 15 saverestore-support-check fail never pass test-armhf-armhf-libvirt-raw 14 migrate-support-check fail never pass test-armhf-armhf-libvirt-qcow2 14 migrate-support-check fail never pass test-armhf-armhf-xl-rtds 15 migrate-support-check fail never pass test-armhf-armhf-xl-rtds 16 saverestore-support-check fail never pass version targeted for testing: xen 0751a75e3996cf6efd3925a90b4776660d8df2bc baseline version: xen 2dd823ca7237e7fb90c890642d6a3b357a26fcff Last test of basis 174586 2022-11-02 12:11:56 Z 1 days Testing same since 174597 2022-11-03 04:07:57 Z 0 days 1 attempts ------------------------------------------------------------ People who touched revisions under test: Andrew Cooper <andrew.cooper3@xxxxxxxxxx> Juergen Gross <jgross@xxxxxxxx> Roger Pau Monné <roger.pau@xxxxxxxxxx> jobs: build-amd64-xsm pass build-arm64-xsm pass build-i386-xsm pass build-amd64-xtf pass build-amd64 pass build-arm64 pass build-armhf pass build-i386 pass build-amd64-libvirt pass build-arm64-libvirt pass build-armhf-libvirt pass build-i386-libvirt pass build-amd64-prev pass build-i386-prev pass build-amd64-pvops pass build-arm64-pvops pass build-armhf-pvops pass build-i386-pvops pass test-xtf-amd64-amd64-1 pass test-xtf-amd64-amd64-2 pass test-xtf-amd64-amd64-3 pass test-xtf-amd64-amd64-4 pass test-xtf-amd64-amd64-5 pass test-amd64-amd64-xl pass test-amd64-coresched-amd64-xl pass test-arm64-arm64-xl pass test-armhf-armhf-xl pass test-amd64-i386-xl pass test-amd64-coresched-i386-xl pass test-amd64-amd64-libvirt-qemuu-debianhvm-amd64-xsm pass test-amd64-i386-libvirt-qemuu-debianhvm-amd64-xsm pass test-amd64-amd64-xl-qemut-stubdom-debianhvm-amd64-xsm pass test-amd64-i386-xl-qemut-stubdom-debianhvm-amd64-xsm pass test-amd64-amd64-xl-qemut-debianhvm-i386-xsm pass test-amd64-i386-xl-qemut-debianhvm-i386-xsm pass test-amd64-amd64-xl-qemuu-debianhvm-i386-xsm pass test-amd64-i386-xl-qemuu-debianhvm-i386-xsm fail test-amd64-amd64-libvirt-xsm pass test-arm64-arm64-libvirt-xsm pass test-amd64-i386-libvirt-xsm pass test-amd64-amd64-xl-xsm pass test-arm64-arm64-xl-xsm pass test-amd64-i386-xl-xsm pass test-amd64-amd64-qemuu-nested-amd fail test-amd64-amd64-xl-pvhv2-amd pass test-amd64-i386-qemut-rhel6hvm-amd pass test-amd64-i386-qemuu-rhel6hvm-amd fail test-amd64-amd64-dom0pvh-xl-amd pass test-amd64-amd64-xl-qemut-debianhvm-amd64 pass test-amd64-i386-xl-qemut-debianhvm-amd64 pass test-amd64-amd64-xl-qemuu-debianhvm-amd64 pass test-amd64-i386-xl-qemuu-debianhvm-amd64 pass test-amd64-i386-freebsd10-amd64 pass test-amd64-amd64-qemuu-freebsd11-amd64 pass test-amd64-amd64-qemuu-freebsd12-amd64 pass test-amd64-amd64-xl-qemuu-ovmf-amd64 pass test-amd64-i386-xl-qemuu-ovmf-amd64 pass test-amd64-amd64-xl-qemut-win7-amd64 fail test-amd64-i386-xl-qemut-win7-amd64 fail test-amd64-amd64-xl-qemuu-win7-amd64 fail test-amd64-i386-xl-qemuu-win7-amd64 fail test-amd64-amd64-xl-qemut-ws16-amd64 fail test-amd64-i386-xl-qemut-ws16-amd64 fail test-amd64-amd64-xl-qemuu-ws16-amd64 fail test-amd64-i386-xl-qemuu-ws16-amd64 fail test-armhf-armhf-xl-arndale pass test-amd64-amd64-examine-bios pass test-amd64-i386-examine-bios pass test-amd64-amd64-xl-credit1 pass test-arm64-arm64-xl-credit1 pass test-armhf-armhf-xl-credit1 pass test-amd64-amd64-xl-credit2 pass test-arm64-arm64-xl-credit2 pass test-armhf-armhf-xl-credit2 pass test-armhf-armhf-xl-cubietruck pass test-amd64-amd64-xl-qemuu-dmrestrict-amd64-dmrestrict pass test-amd64-i386-xl-qemuu-dmrestrict-amd64-dmrestrict pass test-amd64-amd64-examine pass test-arm64-arm64-examine pass test-armhf-armhf-examine pass test-amd64-i386-examine pass test-amd64-i386-freebsd10-i386 pass test-amd64-amd64-qemuu-nested-intel pass test-amd64-amd64-xl-pvhv2-intel pass test-amd64-i386-qemut-rhel6hvm-intel pass test-amd64-i386-qemuu-rhel6hvm-intel pass test-amd64-amd64-dom0pvh-xl-intel pass test-amd64-amd64-libvirt pass test-armhf-armhf-libvirt pass test-amd64-i386-libvirt pass test-amd64-amd64-livepatch pass test-amd64-i386-livepatch pass test-amd64-amd64-migrupgrade pass test-amd64-i386-migrupgrade pass test-amd64-amd64-xl-multivcpu pass test-armhf-armhf-xl-multivcpu pass test-amd64-amd64-pair pass test-amd64-i386-pair pass test-amd64-amd64-libvirt-pair pass test-amd64-i386-libvirt-pair pass test-amd64-amd64-xl-pvshim pass test-amd64-i386-xl-pvshim fail test-amd64-amd64-pygrub pass test-armhf-armhf-libvirt-qcow2 pass test-amd64-amd64-xl-qcow2 pass test-arm64-arm64-libvirt-raw pass test-armhf-armhf-libvirt-raw pass test-amd64-i386-libvirt-raw pass test-amd64-amd64-xl-rtds pass test-armhf-armhf-xl-rtds pass test-arm64-arm64-xl-seattle pass test-amd64-amd64-xl-qemuu-debianhvm-amd64-shadow pass test-amd64-i386-xl-qemuu-debianhvm-amd64-shadow pass test-amd64-amd64-xl-shadow pass test-amd64-i386-xl-shadow pass test-arm64-arm64-xl-thunderx pass test-amd64-amd64-examine-uefi pass test-amd64-i386-examine-uefi pass test-amd64-amd64-libvirt-vhd pass test-arm64-arm64-xl-vhd pass test-armhf-armhf-xl-vhd pass test-amd64-i386-xl-vhd pass ------------------------------------------------------------ sg-report-flight on osstest.test-lab.xenproject.org logs: /home/logs/logs images: /home/logs/images Logs, config files, etc. are available at http://logs.test-lab.xenproject.org/osstest/logs Explanation of these reports, and of osstest in general, is at http://xenbits.xen.org/gitweb/?p=osstest.git;a=blob;f=README.email;hb=master http://xenbits.xen.org/gitweb/?p=osstest.git;a=blob;f=README;hb=master Test harness code can be found at http://xenbits.xen.org/gitweb?p=osstest.git;a=summary Not pushing. ------------------------------------------------------------ commit 0751a75e3996cf6efd3925a90b4776660d8df2bc Author: Juergen Gross <jgross@xxxxxxxx> Date: Wed Nov 2 12:08:22 2022 +0100 tools/xenstore: call remove_domid_from_perm() for special nodes When destroying a domain, any stale permissions of the domain must be removed from the special nodes "@...", too. This was not done in the fix for XSA-322. Fixes: 496306324d8d ("tools/xenstore: revoke access rights for removed domains") Signed-off-by: Juergen Gross <jgross@xxxxxxxx> Reviewed-by: Julien Grall <jgrall@xxxxxxxxxx> Release-acked-by: Henry Wang <Henry.Wang@xxxxxxx> commit 1283af6465cd14934e89a088f8abef577d013761 Author: Juergen Gross <jgross@xxxxxxxx> Date: Wed Nov 2 12:07:57 2022 +0100 tools/xenstore: remove XEN_LIB_STORED and XENSTORED_ROOTDIR XEN_LIB_STORED is serving no real purpose, as it is a mount point for a tmpfs, so it can be replaced easily by XEN_RUN_STORED. XENSTORED_ROOTDIR is basically unused already, there is just a single reference in xs_daemon_rootdir() with a fallback to XEN_LIB_STORED, and a .gdbinit file setting it. Remove the .gdbinit file, as it is not known having been used since ages, and make xs_daemon_rootdir() an alias of xs_daemon_rundir(). Reported-by: Andrew Cooper <andrew.cooper3@xxxxxxxxxx> Signed-off-by: Juergen Gross <jgross@xxxxxxxx> Acked-by: Andrew Cooper <andrew.cooper3@xxxxxxxxxx> Release-acked-by: Henry Wang <Henry.Wang@xxxxxxx> commit 0d251a1dd15f9c406de2d7d7fe018c4e6e454215 Author: Roger Pau Monné <roger.pau@xxxxxxxxxx> Date: Wed Nov 2 12:06:37 2022 +0100 hvm/msr: load VIRT_SPEC_CTRL Add MSR_VIRT_SPEC_CTRL to the list of MSRs handled by hvm_load_cpu_msrs(), or else it would be lost. Fixes: 8ffd5496f4 ('amd/msr: implement VIRT_SPEC_CTRL for HVM guests on top of SPEC_CTRL') Signed-off-by: Roger Pau Monné <roger.pau@xxxxxxxxxx> Reviewed-by: Jan Beulich <jbeulich@xxxxxxxx> Release-acked-by: Henry Wang <Henry.Wang@xxxxxxx> (qemu changes not included)
|
![]() |
Lists.xenproject.org is hosted with RackSpace, monitoring our |