[Date Prev][Date Next][Thread Prev][Thread Next][Date Index][Thread Index] [libvirt test] 178422: regressions - trouble: blocked/fail/pass/starved
flight 178422 libvirt real [real] http://logs.test-lab.xenproject.org/osstest/logs/178422/ Regressions :-( Tests which did not succeed and are blocking, including tests which could not be run: build-arm64-pvops 6 kernel-build fail REGR. vs. 178315 Tests which did not succeed, but are not blocking: test-arm64-arm64-libvirt 1 build-check(1) blocked n/a test-arm64-arm64-libvirt-qcow2 1 build-check(1) blocked n/a test-arm64-arm64-libvirt-raw 1 build-check(1) blocked n/a test-arm64-arm64-libvirt-xsm 1 build-check(1) blocked n/a test-amd64-amd64-libvirt-vhd 19 guest-start/debian.repeat fail like 178315 test-amd64-i386-libvirt-xsm 15 migrate-support-check fail never pass test-amd64-amd64-libvirt-xsm 15 migrate-support-check fail never pass test-amd64-amd64-libvirt 15 migrate-support-check fail never pass test-amd64-i386-libvirt 15 migrate-support-check fail never pass test-amd64-i386-libvirt-qemuu-debianhvm-amd64-xsm 13 migrate-support-check fail never pass test-amd64-i386-libvirt-raw 14 migrate-support-check fail never pass test-amd64-amd64-libvirt-vhd 14 migrate-support-check fail never pass test-amd64-amd64-libvirt-qemuu-debianhvm-amd64-xsm 13 migrate-support-check fail never pass build-armhf-libvirt 1 build-check(1) starved n/a test-armhf-armhf-libvirt-raw 1 build-check(1) starved n/a test-armhf-armhf-libvirt 1 build-check(1) starved n/a test-armhf-armhf-libvirt-qcow2 1 build-check(1) starved n/a build-armhf 2 hosts-allocate starved n/a version targeted for testing: libvirt e66469095d4a6dafc7e482894321e1e10c734e54 baseline version: libvirt 6af048339fe6b22fb25cf62f7ec4d1bddb7ad1d6 Last test of basis 178315 2023-02-24 04:20:20 Z 1 days Testing same since 178422 2023-02-25 04:20:14 Z 0 days 1 attempts ------------------------------------------------------------ People who touched revisions under test: Yuri Chornoivan <yurchor@xxxxxxx> jobs: build-amd64-xsm pass build-arm64-xsm pass build-i386-xsm pass build-amd64 pass build-arm64 pass build-armhf starved build-i386 pass build-amd64-libvirt pass build-arm64-libvirt pass build-armhf-libvirt starved build-i386-libvirt pass build-amd64-pvops pass build-arm64-pvops fail build-armhf-pvops pass build-i386-pvops pass test-amd64-amd64-libvirt-qemuu-debianhvm-amd64-xsm pass test-amd64-i386-libvirt-qemuu-debianhvm-amd64-xsm pass test-amd64-amd64-libvirt-xsm pass test-arm64-arm64-libvirt-xsm blocked test-amd64-i386-libvirt-xsm pass test-amd64-amd64-libvirt pass test-arm64-arm64-libvirt blocked test-armhf-armhf-libvirt starved test-amd64-i386-libvirt pass test-amd64-amd64-libvirt-pair pass test-amd64-i386-libvirt-pair pass test-arm64-arm64-libvirt-qcow2 blocked test-armhf-armhf-libvirt-qcow2 starved test-arm64-arm64-libvirt-raw blocked test-armhf-armhf-libvirt-raw starved test-amd64-i386-libvirt-raw pass test-amd64-amd64-libvirt-vhd fail ------------------------------------------------------------ sg-report-flight on osstest.test-lab.xenproject.org logs: /home/logs/logs images: /home/logs/images Logs, config files, etc. are available at http://logs.test-lab.xenproject.org/osstest/logs Explanation of these reports, and of osstest in general, is at http://xenbits.xen.org/gitweb/?p=osstest.git;a=blob;f=README.email;hb=master http://xenbits.xen.org/gitweb/?p=osstest.git;a=blob;f=README;hb=master Test harness code can be found at http://xenbits.xen.org/gitweb?p=osstest.git;a=summary Not pushing. ------------------------------------------------------------ commit e66469095d4a6dafc7e482894321e1e10c734e54 Author: Yuri Chornoivan <yurchor@xxxxxxx> Date: Thu Feb 23 18:20:29 2023 +0100 Translated using Weblate (Ukrainian) Currently translated at 100.0% (10416 of 10416 strings) Translation: libvirt/libvirt Translate-URL: https://translate.fedoraproject.org/projects/libvirt/libvirt/uk/ Co-authored-by: Yuri Chornoivan <yurchor@xxxxxxx> Signed-off-by: Yuri Chornoivan <yurchor@xxxxxxx>
|
![]() |
Lists.xenproject.org is hosted with RackSpace, monitoring our |