[Date Prev][Date Next][Thread Prev][Thread Next][Date Index][Thread Index] [xen-unstable-smoke test] 181656: regressions - FAIL
flight 181656 xen-unstable-smoke real [real] flight 181658 xen-unstable-smoke real-retest [real] http://logs.test-lab.xenproject.org/osstest/logs/181656/ http://logs.test-lab.xenproject.org/osstest/logs/181658/ Regressions :-( Tests which did not succeed and are blocking, including tests which could not be run: test-amd64-amd64-xl-qemuu-debianhvm-amd64 20 guest-start/debianhvm.repeat fail REGR. vs. 181654 Tests which did not succeed, but are not blocking: test-amd64-amd64-libvirt 15 migrate-support-check fail never pass test-arm64-arm64-xl-xsm 15 migrate-support-check fail never pass test-arm64-arm64-xl-xsm 16 saverestore-support-check fail never pass test-armhf-armhf-xl 15 migrate-support-check fail never pass test-armhf-armhf-xl 16 saverestore-support-check fail never pass version targeted for testing: xen 9dd3caf12f52b859947c260b1cb3a48b491d53b6 baseline version: xen c81b287e00b1a21beb65637d9cfb812da3a0e5ce Last test of basis 181654 2023-06-30 11:01:56 Z 0 days Testing same since 181656 2023-06-30 14:01:56 Z 0 days 1 attempts ------------------------------------------------------------ People who touched revisions under test: Andrew Cooper <andrew.cooper3@xxxxxxxxxx> George Dunlap <george.dunlap@xxxxxxxxxx> Julien Grall <jgrall@xxxxxxxxxx> jobs: build-arm64-xsm pass build-amd64 pass build-armhf pass build-amd64-libvirt pass test-armhf-armhf-xl pass test-arm64-arm64-xl-xsm pass test-amd64-amd64-xl-qemuu-debianhvm-amd64 fail test-amd64-amd64-libvirt pass ------------------------------------------------------------ sg-report-flight on osstest.test-lab.xenproject.org logs: /home/logs/logs images: /home/logs/images Logs, config files, etc. are available at http://logs.test-lab.xenproject.org/osstest/logs Explanation of these reports, and of osstest in general, is at http://xenbits.xen.org/gitweb/?p=osstest.git;a=blob;f=README.email;hb=master http://xenbits.xen.org/gitweb/?p=osstest.git;a=blob;f=README;hb=master Test harness code can be found at http://xenbits.xen.org/gitweb?p=osstest.git;a=summary Not pushing. ------------------------------------------------------------ commit 9dd3caf12f52b859947c260b1cb3a48b491d53b6 Author: George Dunlap <george.dunlap@xxxxxxxxxx> Date: Tue Oct 6 12:03:52 2020 +0100 {x86,arm}/mm.c: Make populate_pt_range __init It's only called from another __init function. Signed-off-by: George Dunlap <george.dunlap@xxxxxxxxxx> Acked-by: Andrew Cooper <andrew.cooper3@xxxxxxxxxx> Acked-by: Julien Grall <jgrall@xxxxxxxxxx> (qemu changes not included)
|
Lists.xenproject.org is hosted with RackSpace, monitoring our |