[Date Prev][Date Next][Thread Prev][Thread Next][Date Index][Thread Index]

[linux-5.4 test] 184035: tolerable FAIL - PUSHED



flight 184035 linux-5.4 real [real]
flight 184039 linux-5.4 real-retest [real]
http://logs.test-lab.xenproject.org/osstest/logs/184035/
http://logs.test-lab.xenproject.org/osstest/logs/184039/

Failures :-/ but no regressions.

Tests which are failing intermittently (not blocking):
 test-amd64-amd64-libvirt-vhd 19 guest-start/debian.repeat fail pass in 
184039-retest
 test-armhf-armhf-xl    18 guest-start/debian.repeat fail pass in 184039-retest

Tests which did not succeed, but are not blocking:
 test-armhf-armhf-xl-credit1 18 guest-start/debian.repeat fail blocked in 183929
 test-armhf-armhf-libvirt     16 saverestore-support-check    fail  like 183907
 test-armhf-armhf-xl-rtds     18 guest-start/debian.repeat    fail  like 183907
 test-armhf-armhf-xl-multivcpu 14 guest-start                  fail like 183929
 test-amd64-i386-xl-qemut-win7-amd64 19 guest-stop             fail like 183929
 test-amd64-i386-xl-qemuu-win7-amd64 19 guest-stop             fail like 183929
 test-amd64-amd64-xl-qemuu-win7-amd64 19 guest-stop            fail like 183929
 test-amd64-amd64-xl-qemut-win7-amd64 19 guest-stop            fail like 183929
 test-armhf-armhf-xl-credit2  18 guest-start/debian.repeat    fail  like 183929
 test-amd64-amd64-xl-qemuu-ws16-amd64 19 guest-stop            fail like 183929
 test-amd64-amd64-xl-qemut-ws16-amd64 19 guest-stop            fail like 183929
 test-amd64-i386-xl-qemut-ws16-amd64 19 guest-stop             fail like 183929
 test-armhf-armhf-libvirt-qcow2 15 saverestore-support-check   fail like 183929
 test-amd64-i386-xl-qemuu-ws16-amd64 19 guest-stop             fail like 183929
 test-armhf-armhf-libvirt-raw 15 saverestore-support-check    fail  like 183929
 test-armhf-armhf-xl-vhd      17 guest-start/debian.repeat    fail  like 183929
 test-amd64-amd64-qemuu-nested-amd 20 debian-hvm-install/l1/l2 fail like 183929
 test-amd64-i386-libvirt-xsm  15 migrate-support-check        fail   never pass
 test-amd64-i386-xl-pvshim    14 guest-start                  fail   never pass
 test-amd64-amd64-libvirt     15 migrate-support-check        fail   never pass
 test-amd64-amd64-libvirt-xsm 15 migrate-support-check        fail   never pass
 test-amd64-i386-libvirt      15 migrate-support-check        fail   never pass
 test-arm64-arm64-xl          15 migrate-support-check        fail   never pass
 test-arm64-arm64-xl          16 saverestore-support-check    fail   never pass
 test-arm64-arm64-xl-credit2  15 migrate-support-check        fail   never pass
 test-arm64-arm64-xl-credit2  16 saverestore-support-check    fail   never pass
 test-arm64-arm64-xl-xsm      15 migrate-support-check        fail   never pass
 test-arm64-arm64-xl-xsm      16 saverestore-support-check    fail   never pass
 test-arm64-arm64-libvirt-xsm 15 migrate-support-check        fail   never pass
 test-arm64-arm64-xl-credit1  15 migrate-support-check        fail   never pass
 test-arm64-arm64-libvirt-xsm 16 saverestore-support-check    fail   never pass
 test-arm64-arm64-xl-credit1  16 saverestore-support-check    fail   never pass
 test-arm64-arm64-xl-thunderx 15 migrate-support-check        fail   never pass
 test-arm64-arm64-xl-thunderx 16 saverestore-support-check    fail   never pass
 test-armhf-armhf-xl-credit1  15 migrate-support-check        fail   never pass
 test-armhf-armhf-xl-credit1  16 saverestore-support-check    fail   never pass
 test-armhf-armhf-xl-rtds     15 migrate-support-check        fail   never pass
 test-armhf-armhf-xl-rtds     16 saverestore-support-check    fail   never pass
 test-amd64-i386-libvirt-qemuu-debianhvm-amd64-xsm 13 migrate-support-check 
fail never pass
 test-amd64-amd64-libvirt-vhd 14 migrate-support-check        fail   never pass
 test-amd64-amd64-libvirt-qemuu-debianhvm-amd64-xsm 13 migrate-support-check 
fail never pass
 test-armhf-armhf-libvirt     15 migrate-support-check        fail   never pass
 test-armhf-armhf-xl-credit2  15 migrate-support-check        fail   never pass
 test-armhf-armhf-xl-credit2  16 saverestore-support-check    fail   never pass
 test-armhf-armhf-xl-arndale  15 migrate-support-check        fail   never pass
 test-armhf-armhf-xl-arndale  16 saverestore-support-check    fail   never pass
 test-armhf-armhf-xl          15 migrate-support-check        fail   never pass
 test-armhf-armhf-xl          16 saverestore-support-check    fail   never pass
 test-amd64-i386-libvirt-raw  14 migrate-support-check        fail   never pass
 test-arm64-arm64-libvirt-raw 14 migrate-support-check        fail   never pass
 test-arm64-arm64-libvirt-raw 15 saverestore-support-check    fail   never pass
 test-arm64-arm64-xl-vhd      14 migrate-support-check        fail   never pass
 test-arm64-arm64-xl-vhd      15 saverestore-support-check    fail   never pass
 test-armhf-armhf-libvirt-qcow2 14 migrate-support-check        fail never pass
 test-armhf-armhf-xl-vhd      14 migrate-support-check        fail   never pass
 test-armhf-armhf-xl-vhd      15 saverestore-support-check    fail   never pass
 test-armhf-armhf-libvirt-raw 14 migrate-support-check        fail   never pass

version targeted for testing:
 linux                34244ed6219a9eab1ce2262dc3c2bf39a3789b8a
baseline version:
 linux                8e221b47173d59e1b2877f6d8dc91e8be2031746

Last test of basis   183929  2023-11-29 05:20:53 Z    9 days
Testing same since   184035  2023-12-08 08:13:05 Z    0 days    1 attempts

------------------------------------------------------------
People who touched revisions under test:
  "Rafael J. Wysocki" <rafael@xxxxxxxxxx>
  Adrian Hunter <adrian.hunter@xxxxxxxxx>
  Alexander Gordeev <agordeev@xxxxxxxxxxxxx>
  Amir Goldstein <amir73il@xxxxxxxxx>
  Andrea della Porta <andrea.porta@xxxxxxxx>
  Andrew Halaney <ahalaney@xxxxxxxxxx>
  Andrew Murray <andrew.murray@xxxxxxx>
  Asuna Yang <SpriteOvO@xxxxxxxxx>
  Baokun Li <libaokun1@xxxxxxxxxx>
  Bart Van Assche <bvanassche@xxxxxxx>
  Benjamin Tissoires <benjamin.tissoires@xxxxxxxxxx>
  Catalin Marinas <catalin.marinas@xxxxxxx>
  Chaitanya Kulkarni <chaitanya.kulkarni@xxxxxxx>
  Charles Yi <be286@xxxxxxx>
  Chen Ni <nichen@xxxxxxxxxxx>
  Christoph Hellwig <hch@xxxxxx>
  Christoph Niedermaier <cniedermaier@xxxxxxxxxxxxxxxxxx>
  Christopher Bednarz <christopher.n.bednarz@xxxxxxxxx>
  Christopher Obbard <chris.obbard@xxxxxxxxxxxxx>
  Claudiu Beznea <claudiu.beznea.uj@xxxxxxxxxxxxxx>
  Coly Li <colyli@xxxxxxx>
  Damien Le Moal <dlemoal@xxxxxxxxxx>
  David Howells <dhowells@xxxxxxxxxx>
  David S. Miller <davem@xxxxxxxxxxxxx>
  David Sterba <dsterba@xxxxxxxx>
  Dexuan Cui <decui@xxxxxxxxxxxxx>
  Diederik de Haas <didi.debian@xxxxxxxxx>
  Dmitry Torokhov <dmitry.torokhov@xxxxxxxxx>
  Eric Snowberg <eric.snowberg@xxxxxxxxxx>
  Filipe Manana <fdmanana@xxxxxxxx>
  Florian Fainelli <florian.fainelli@xxxxxxxxxxxx>
  Furong Xu <0x1207@xxxxxxxxx>
  Greg Kroah-Hartman <gregkh@xxxxxxxxxxxxxxxxxxx>
  Guenter Roeck <linux@xxxxxxxxxxxx>
  Haiyang Zhang <haiyangz@xxxxxxxxxxxxx>
  Hans de Goede <hdegoede@xxxxxxxxxx>
  Harshit Mogalapalli <harshit.m.mogalapalli@xxxxxxxxxx>
  Heiko Carstens <hca@xxxxxxxxxxxxx>
  Heiko Stuebner <heiko@xxxxxxxxx>
  Helge Deller <deller@xxxxxx>
  Herb Wei <weihao.bj@xxxxxxxxxxxxx>
  Himanshu Madhani <hmadhani@xxxxxxxxxxx>
  Huacai Chen <chenhuacai@xxxxxxxxxxx>
  Ivan Ivanov <ivan.ivanov@xxxxxxxx>
  Jakub Kicinski <kuba@xxxxxxxxxx>
  Jan Höppner <hoeppner@xxxxxxxxxxxxx>
  Jann Horn <jannh@xxxxxxxxxx>
  Jean-Philippe Brucker <jean-philippe@xxxxxxxxxx>
  Jens Axboe <axboe@xxxxxxxxx>
  Jiri Kosina <jkosina@xxxxxxx>
  Johan Hovold <johan+linaro@xxxxxxxxxx>
  Johan Hovold <johan@xxxxxxxxxx>
  Jon Hunter <jonathanh@xxxxxxxxxx>
  Jonas Karlman <jonas@xxxxxxxxx>
  Jose Ignacio Tornos Martinez <jtornosm@xxxxxxxxxx>
  Juergen Gross <jgross@xxxxxxxx>
  Kailang Yang <kailang@xxxxxxxxxxx>
  Keith Busch <kbusch@xxxxxxxxxx>
  Konstantin Khlebnikov <khlebnikov@xxxxxxxxxxxxxx>
  Kornel Dulęba <korneld@xxxxxxxxxxxx>
  Kunwu Chan <chentao@xxxxxxxxxx>
  Lech Perczak <lech.perczak@xxxxxxxxx>
  Leon Romanovsky <leon@xxxxxxxxxx>
  Linus Walleij <linus.walleij@xxxxxxxxxx>
  Linux Kernel Functional Testing <lkft@xxxxxxxxxx>
  Long Li <longli@xxxxxxxxxxxxx>
  Marek Vasut <marex@xxxxxxx>
  Maria Yu <quic_aiquny@xxxxxxxxxxx>
  Mark Rutland <mark.rutland@xxxxxxx>
  Markus Weippert <markus@xxxxxxxxxxxx>
  Martin K. Petersen <martin.petersen@xxxxxxxxxx>
  Max Nguyen <maxwell.nguyen@xxxxxx>
  Michael Ellerman <mpe@xxxxxxxxxxxxxx>
  Mike Snitzer <snitzer@xxxxxxxxxx>
  Miklos Szeredi <mszeredi@xxxxxxxxxx>
  Mikulas Patocka <mpatocka@xxxxxxxxxx>
  Mimi Zohar <zohar@xxxxxxxxxxxxx>
  Miquel Raynal <miquel.raynal@xxxxxxxxxxx>
  Nathan Chancellor <nathan@xxxxxxxxxx>
  Nilesh Javali <njavali@xxxxxxxxxxx>
  Oliver Neukum <oneukum@xxxxxxxx>
  Paolo Abeni <pabeni@xxxxxxxxxx>
  Puliang Lu <puliang.lu@xxxxxxxxxxx>
  Qu Wenruo <wqu@xxxxxxxx>
  Quinn Tran <qutran@xxxxxxxxxxx>
  Rafael J. Wysocki <rafael.j.wysocki@xxxxxxxxx>
  Raju Rangoju <Raju.Rangoju@xxxxxxx>
  Rand Deeb <rand.sec96@xxxxxxxxx>
  Raul E Rangel <rrangel@xxxxxxxxxxxx>
  Ricardo Ribalda <ribalda@xxxxxxxxxxxx>
  Samuel Holland <samuel.holland@xxxxxxxxxx>
  Saravana Kannan <saravanak@xxxxxxxxxx>
  Sasha Levin <sashal@xxxxxxxxxx>
  Shiraz Saleem <shiraz.saleem@xxxxxxxxx>
  Shuah Khan <skhan@xxxxxxxxxxxxxxxxxxx>
  Shyam Sundar S K <Shyam-sundar.S-k@xxxxxxx>
  Stefan Haberland <sth@xxxxxxxxxxxxx>
  Stefano Stabellini <sstabellini@xxxxxxxxxx>
  Stefano Stabellini <stefano.stabellini@xxxxxxx>
  Stephen Hemminger <stephen@xxxxxxxxxxxxxxxxxx>
  Steve French <stfrench@xxxxxxxxxxxxx>
  Sudeep Holla <sudeep.holla@xxxxxxx>
  Takashi Iwai <tiwai@xxxxxxx>
  Takashi Sakamoto <o-takashi@xxxxxxxxxxxxx>
  Theodore Ts'o <tytso@xxxxxxx>
  Thinh Nguyen <Thinh.Nguyen@xxxxxxxxxxxx>
  Thomas Bogendoerfer <tsbogend@xxxxxxxxxxxxxxxx>
  Timothy Pearson <tpearson@xxxxxxxxxxxxxxxxxxxxx>
  Ulf Hansson <ulf.hansson@xxxxxxxxxx>
  Uwe Kleine-König <u.kleine-koenig@xxxxxxxxxxxxxx>
  Vasily Gorbik <gor@xxxxxxxxxxxxx>
  Victor Fragoso <victorffs@xxxxxxxxxxx>
  Vignesh Raghavendra <vigneshr@xxxxxx>
  Viresh Kumar <viresh.kumar@xxxxxxxxxx>
  Will Deacon <will@xxxxxxxxxx>
  Wu Bo <bo.wu@xxxxxxxx>
  Yang Yingliang <yangyingliang@xxxxxxxxxx>
  Yangyu Chen <cyy@xxxxxxxxxxxx>
  Yoshihiro Shimoda <yoshihiro.shimoda.uh@xxxxxxxxxxx>
  Zenghui Yu <yuzenghui@xxxxxxxxxx>
  Zhang Yi <yi.zhang@xxxxxxxxxx>
  Zheng Yongjun <zhengyongjun3@xxxxxxxxxx>
  Zhengchao Shao <shaozhengchao@xxxxxxxxxx>

jobs:
 build-amd64-xsm                                              pass    
 build-arm64-xsm                                              pass    
 build-i386-xsm                                               pass    
 build-amd64                                                  pass    
 build-arm64                                                  pass    
 build-armhf                                                  pass    
 build-i386                                                   pass    
 build-amd64-libvirt                                          pass    
 build-arm64-libvirt                                          pass    
 build-armhf-libvirt                                          pass    
 build-i386-libvirt                                           pass    
 build-amd64-pvops                                            pass    
 build-arm64-pvops                                            pass    
 build-armhf-pvops                                            pass    
 build-i386-pvops                                             pass    
 test-amd64-amd64-xl                                          pass    
 test-amd64-coresched-amd64-xl                                pass    
 test-arm64-arm64-xl                                          pass    
 test-armhf-armhf-xl                                          fail    
 test-amd64-i386-xl                                           pass    
 test-amd64-coresched-i386-xl                                 pass    
 test-amd64-amd64-libvirt-qemuu-debianhvm-amd64-xsm           pass    
 test-amd64-i386-libvirt-qemuu-debianhvm-amd64-xsm            pass    
 test-amd64-amd64-xl-qemut-stubdom-debianhvm-amd64-xsm        pass    
 test-amd64-i386-xl-qemut-stubdom-debianhvm-amd64-xsm         pass    
 test-amd64-amd64-xl-qemut-debianhvm-i386-xsm                 pass    
 test-amd64-i386-xl-qemut-debianhvm-i386-xsm                  pass    
 test-amd64-amd64-xl-qemuu-debianhvm-i386-xsm                 pass    
 test-amd64-i386-xl-qemuu-debianhvm-i386-xsm                  pass    
 test-amd64-amd64-libvirt-xsm                                 pass    
 test-arm64-arm64-libvirt-xsm                                 pass    
 test-amd64-i386-libvirt-xsm                                  pass    
 test-amd64-amd64-xl-xsm                                      pass    
 test-arm64-arm64-xl-xsm                                      pass    
 test-amd64-i386-xl-xsm                                       pass    
 test-amd64-amd64-qemuu-nested-amd                            fail    
 test-amd64-amd64-xl-pvhv2-amd                                pass    
 test-amd64-i386-qemut-rhel6hvm-amd                           pass    
 test-amd64-i386-qemuu-rhel6hvm-amd                           pass    
 test-amd64-amd64-dom0pvh-xl-amd                              pass    
 test-amd64-amd64-xl-qemut-debianhvm-amd64                    pass    
 test-amd64-i386-xl-qemut-debianhvm-amd64                     pass    
 test-amd64-amd64-xl-qemuu-debianhvm-amd64                    pass    
 test-amd64-i386-xl-qemuu-debianhvm-amd64                     pass    
 test-amd64-i386-freebsd10-amd64                              pass    
 test-amd64-amd64-qemuu-freebsd11-amd64                       pass    
 test-amd64-amd64-qemuu-freebsd12-amd64                       pass    
 test-amd64-amd64-xl-qemuu-ovmf-amd64                         pass    
 test-amd64-i386-xl-qemuu-ovmf-amd64                          pass    
 test-amd64-amd64-xl-qemut-win7-amd64                         fail    
 test-amd64-i386-xl-qemut-win7-amd64                          fail    
 test-amd64-amd64-xl-qemuu-win7-amd64                         fail    
 test-amd64-i386-xl-qemuu-win7-amd64                          fail    
 test-amd64-amd64-xl-qemut-ws16-amd64                         fail    
 test-amd64-i386-xl-qemut-ws16-amd64                          fail    
 test-amd64-amd64-xl-qemuu-ws16-amd64                         fail    
 test-amd64-i386-xl-qemuu-ws16-amd64                          fail    
 test-armhf-armhf-xl-arndale                                  pass    
 test-amd64-amd64-examine-bios                                pass    
 test-amd64-i386-examine-bios                                 pass    
 test-amd64-amd64-xl-credit1                                  pass    
 test-arm64-arm64-xl-credit1                                  pass    
 test-armhf-armhf-xl-credit1                                  fail    
 test-amd64-amd64-xl-credit2                                  pass    
 test-arm64-arm64-xl-credit2                                  pass    
 test-armhf-armhf-xl-credit2                                  fail    
 test-amd64-amd64-xl-qemuu-dmrestrict-amd64-dmrestrict        pass    
 test-amd64-i386-xl-qemuu-dmrestrict-amd64-dmrestrict         pass    
 test-amd64-amd64-examine                                     pass    
 test-arm64-arm64-examine                                     pass    
 test-armhf-armhf-examine                                     pass    
 test-amd64-i386-examine                                      pass    
 test-amd64-i386-freebsd10-i386                               pass    
 test-amd64-amd64-qemuu-nested-intel                          pass    
 test-amd64-amd64-xl-pvhv2-intel                              pass    
 test-amd64-i386-qemut-rhel6hvm-intel                         pass    
 test-amd64-i386-qemuu-rhel6hvm-intel                         pass    
 test-amd64-amd64-dom0pvh-xl-intel                            pass    
 test-amd64-amd64-libvirt                                     pass    
 test-armhf-armhf-libvirt                                     pass    
 test-amd64-i386-libvirt                                      pass    
 test-amd64-amd64-xl-multivcpu                                pass    
 test-armhf-armhf-xl-multivcpu                                fail    
 test-amd64-amd64-pair                                        pass    
 test-amd64-i386-pair                                         pass    
 test-amd64-amd64-libvirt-pair                                pass    
 test-amd64-i386-libvirt-pair                                 pass    
 test-amd64-amd64-xl-pvshim                                   pass    
 test-amd64-i386-xl-pvshim                                    fail    
 test-amd64-amd64-pygrub                                      pass    
 test-armhf-armhf-libvirt-qcow2                               pass    
 test-amd64-amd64-xl-qcow2                                    pass    
 test-arm64-arm64-libvirt-raw                                 pass    
 test-armhf-armhf-libvirt-raw                                 pass    
 test-amd64-i386-libvirt-raw                                  pass    
 test-amd64-amd64-xl-rtds                                     pass    
 test-armhf-armhf-xl-rtds                                     fail    
 test-amd64-amd64-xl-qemuu-debianhvm-amd64-shadow             pass    
 test-amd64-i386-xl-qemuu-debianhvm-amd64-shadow              pass    
 test-amd64-amd64-xl-shadow                                   pass    
 test-amd64-i386-xl-shadow                                    pass    
 test-arm64-arm64-xl-thunderx                                 pass    
 test-amd64-amd64-examine-uefi                                pass    
 test-amd64-i386-examine-uefi                                 pass    
 test-amd64-amd64-libvirt-vhd                                 fail    
 test-arm64-arm64-xl-vhd                                      pass    
 test-armhf-armhf-xl-vhd                                      fail    
 test-amd64-i386-xl-vhd                                       pass    


------------------------------------------------------------
sg-report-flight on osstest.test-lab.xenproject.org
logs: /home/logs/logs
images: /home/logs/images

Logs, config files, etc. are available at
    http://logs.test-lab.xenproject.org/osstest/logs

Explanation of these reports, and of osstest in general, is at
    http://xenbits.xen.org/gitweb/?p=osstest.git;a=blob;f=README.email;hb=master
    http://xenbits.xen.org/gitweb/?p=osstest.git;a=blob;f=README;hb=master

Test harness code can be found at
    http://xenbits.xen.org/gitweb?p=osstest.git;a=summary


Pushing revision :

hint: The 'hooks/update' hook was ignored because it's not set as executable.
hint: You can disable this warning with `git config advice.ignoredHook false`.
hint: The 'hooks/post-receive' hook was ignored because it's not set as 
executable.
hint: You can disable this warning with `git config advice.ignoredHook false`.
hint: The 'hooks/post-update' hook was ignored because it's not set as 
executable.
hint: You can disable this warning with `git config advice.ignoredHook false`.
To xenbits.xen.org:/home/xen/git/linux-pvops.git
   8e221b47173d..34244ed6219a  34244ed6219a9eab1ce2262dc3c2bf39a3789b8a -> 
tested/linux-5.4



 


Rackspace

Lists.xenproject.org is hosted with RackSpace, monitoring our
servers 24x7x365 and backed by RackSpace's Fanatical Support®.