[Date Prev][Date Next][Thread Prev][Thread Next][Date Index][Thread Index]

[linux-linus test] 184037: regressions - FAIL



flight 184037 linux-linus real [real]
http://logs.test-lab.xenproject.org/osstest/logs/184037/

Regressions :-(

Tests which did not succeed and are blocking,
including tests which could not be run:
 build-i386-pvops              6 kernel-build             fail REGR. vs. 183973

Tests which are failing intermittently (not blocking):
 test-armhf-armhf-libvirt-qcow2  8 xen-boot                 fail pass in 184032

Tests which did not succeed, but are not blocking:
 test-armhf-armhf-libvirt-qcow2 15 saverestore-support-check fail in 184032 
like 183973
 test-armhf-armhf-libvirt-qcow2 14 migrate-support-check fail in 184032 never 
pass
 test-armhf-armhf-libvirt     16 saverestore-support-check    fail  like 183973
 test-amd64-amd64-xl-qemut-win7-amd64 19 guest-stop            fail like 183973
 test-amd64-amd64-xl-qemuu-win7-amd64 19 guest-stop            fail like 183973
 test-amd64-amd64-xl-qemuu-ws16-amd64 19 guest-stop            fail like 183973
 test-armhf-armhf-libvirt-raw 15 saverestore-support-check    fail  like 183973
 test-amd64-amd64-xl-qemut-ws16-amd64 19 guest-stop            fail like 183973
 test-amd64-amd64-qemuu-nested-amd 20 debian-hvm-install/l1/l2 fail like 183973
 test-amd64-amd64-libvirt-xsm 15 migrate-support-check        fail   never pass
 test-amd64-amd64-libvirt     15 migrate-support-check        fail   never pass
 test-arm64-arm64-xl-thunderx 15 migrate-support-check        fail   never pass
 test-arm64-arm64-xl          15 migrate-support-check        fail   never pass
 test-arm64-arm64-xl-thunderx 16 saverestore-support-check    fail   never pass
 test-arm64-arm64-xl          16 saverestore-support-check    fail   never pass
 test-arm64-arm64-libvirt-xsm 15 migrate-support-check        fail   never pass
 test-arm64-arm64-libvirt-xsm 16 saverestore-support-check    fail   never pass
 test-arm64-arm64-xl-credit2  15 migrate-support-check        fail   never pass
 test-arm64-arm64-xl-credit2  16 saverestore-support-check    fail   never pass
 test-arm64-arm64-xl-credit1  15 migrate-support-check        fail   never pass
 test-arm64-arm64-xl-credit1  16 saverestore-support-check    fail   never pass
 test-amd64-amd64-libvirt-qemuu-debianhvm-amd64-xsm 13 migrate-support-check 
fail never pass
 test-armhf-armhf-xl-multivcpu 15 migrate-support-check        fail  never pass
 test-armhf-armhf-xl-multivcpu 16 saverestore-support-check    fail  never pass
 test-armhf-armhf-libvirt     15 migrate-support-check        fail   never pass
 test-arm64-arm64-xl-xsm      15 migrate-support-check        fail   never pass
 test-arm64-arm64-xl-xsm      16 saverestore-support-check    fail   never pass
 test-armhf-armhf-xl-arndale  15 migrate-support-check        fail   never pass
 test-armhf-armhf-xl-arndale  16 saverestore-support-check    fail   never pass
 test-armhf-armhf-xl-rtds     15 migrate-support-check        fail   never pass
 test-armhf-armhf-xl-rtds     16 saverestore-support-check    fail   never pass
 test-amd64-amd64-libvirt-raw 14 migrate-support-check        fail   never pass
 test-armhf-armhf-xl          15 migrate-support-check        fail   never pass
 test-armhf-armhf-xl          16 saverestore-support-check    fail   never pass
 test-arm64-arm64-libvirt-raw 14 migrate-support-check        fail   never pass
 test-arm64-arm64-libvirt-raw 15 saverestore-support-check    fail   never pass
 test-arm64-arm64-xl-vhd      14 migrate-support-check        fail   never pass
 test-arm64-arm64-xl-vhd      15 saverestore-support-check    fail   never pass
 test-armhf-armhf-libvirt-raw 14 migrate-support-check        fail   never pass
 test-armhf-armhf-xl-vhd      14 migrate-support-check        fail   never pass
 test-armhf-armhf-xl-vhd      15 saverestore-support-check    fail   never pass
 test-amd64-amd64-libvirt-qcow2 14 migrate-support-check        fail never pass
 test-armhf-armhf-xl-credit2  15 migrate-support-check        fail   never pass
 test-armhf-armhf-xl-credit2  16 saverestore-support-check    fail   never pass
 test-armhf-armhf-xl-credit1  15 migrate-support-check        fail   never pass
 test-armhf-armhf-xl-credit1  16 saverestore-support-check    fail   never pass

version targeted for testing:
 linux                5e3f5b81de80c98338bcb47c233aebefee5a4801
baseline version:
 linux                815fb87b753055df2d9e50f6cd80eb10235fe3e9

Last test of basis   183973  2023-12-02 07:48:26 Z    6 days
Failing since        183977  2023-12-03 00:12:06 Z    6 days   12 attempts
Testing same since   184032  2023-12-08 01:43:20 Z    1 days    2 attempts

------------------------------------------------------------
People who touched revisions under test:
  "Luke D. Jones" <luke@xxxxxxxxxx>
  "Nícolas F. R. A. Prado" <nfraprado@xxxxxxxxxxxxx>
  Adam Ford <aford173@xxxxxxxxx>
  Alex Williamson <alex.williamson@xxxxxxxxxx>
  Alexis Belmonte <alexbelm48@xxxxxxxxx>
  Andrii Nakryiko <andrii@xxxxxxxxxx>
  Armin Wolf <W_Armin@xxxxxx>
  Brett Creeley <brett.creeley@xxxxxxx>
  ChunHao Lin <hau@xxxxxxxxxxx>
  Conor Dooley <conor.dooley@xxxxxxxxxxxxx>
  D. Wythe <alibuda@xxxxxxxxxxxxxxxxx>
  Dan Carpenter <dan.carpenter@xxxxxxxxxx>
  Daniel Borkmann <daniel@xxxxxxxxxxxxx>
  Daniel Xu <dxu@xxxxxxxxx>
  Daniil Maximov <daniil31415it@xxxxxxxxx>
  Dave Hansen <dave.hansen@xxxxxxxxxxxxxxx>
  David Howells <dhowells@xxxxxxxxxx>
  David S. Miller <davem@xxxxxxxxxxxxx>
  David Thompson <davthompson@xxxxxxxxxx>
  Dinghao Liu <dinghao.liu@xxxxxxxxxx>
  Dmitry Antipov <dmantipov@xxxxxxxxx>
  Dmitry Safonov <dima@xxxxxxxxxx>
  Douglas Anderson <dianders@xxxxxxxxxxxx>
  Eric Dumazet <edumazet@xxxxxxxxxx>
  Eugenio Pérez <eperezma@xxxxxxxxxx>
  Fabio Estevam <festevam@xxxxxxx>
  Florian Westphal <fw@xxxxxxxxx>
  Francesco Dolcini <francesco.dolcini@xxxxxxxxxxx>
  Geetha sowjanya <gakula@xxxxxxxxxxx>
  Geethasowjanya Akula <gakula@xxxxxxxxxxx>
  Grant Grundler <grundler@xxxxxxxxxxxx>
  Greg Kroah-Hartman <gregkh@xxxxxxxxxxxxxxxxxxx>
  Hans de Goede <hdegoede@xxxxxxxxxx>
  Hayes Wang <hayeswang@xxxxxxxxxxx>
  Heiner Kallweit <hkallweit1@xxxxxxxxx>
  Helge Deller <deller@xxxxxx>
  Hui Zhou <hui.zhou@xxxxxxxxxxxx>
  Ido Schimmel <idosch@xxxxxxxxxx>
  Ilpo Järvinen <ilpo.jarvinen@xxxxxxxxxxxxxxx>
  Ilya Leoshkevich <iii@xxxxxxxxxxxxx>
  Ivan Vecera <ivecera@xxxxxxxxxx>
  Jacob Keller <jacob.e.keller@xxxxxxxxx>
  Jakub Kicinski <kuba@xxxxxxxxxx>
  Jason Gunthorpe <jgg@xxxxxxxxxx>
  Jason Wang <jasowang@xxxxxxxxxx>
  Jens Axboe <axboe@xxxxxxxxx>
  Jianheng Zhang <Jianheng.Zhang@xxxxxxxxxxxx>
  Jijie Shao <shaojijie@xxxxxxxxxx>
  Jiri Olsa <jolsa@xxxxxxxxxx>
  Joao Martins <joao.m.martins@xxxxxxxxxx>
  John Fastabend <john.fastabend@xxxxxxxxx>
  JP Kobryn <inwardvessel@xxxxxxxxx>
  Juergen Gross <jgross@xxxxxxxx>
  Kelly Kane <kelly@xxxxxxxxxxxxxxxx>
  Kirill A. Shutemov <kirill.shutemov@xxxxxxxxxxxxxxx>
  Konrad Dybcio <konrad.dybcio@xxxxxxxxxx>
  Krzysztof Kozlowski <krzysztof.kozlowski@xxxxxxxxxx>
  Kunwu Chan <chentao@xxxxxxxxxx>
  Lee Jones <lee@xxxxxxxxxx>
  Linus Torvalds <torvalds@xxxxxxxxxxxxxxxxxxxx>
  Lorenzo Bianconi <lorenzo@xxxxxxxxxx>
  Louis Peens <louis.peens@xxxxxxxxxxxx>
  Luca Ceresoli <luca.ceresoli@xxxxxxxxxxx>
  Luke D. Jones <luke@xxxxxxxxxx>
  Magnus Karlsson <magnus.karlsson@xxxxxxxxx>
  Marcin Szycik <marcin.szycik@xxxxxxxxxxxxxxx>
  Mark Brown <broonie@xxxxxxxxxx>
  Mark Hasemeyer <markhas@xxxxxxxxxxxx>
  Masami Hiramatsu (Google) <mhiramat@xxxxxxxxxx>
  Matthias Reichl <hias@xxxxxxxxx>
  Michael Ellerman <mpe@xxxxxxxxxxxxxx>
  Michael S. Tsirkin <mst@xxxxxxxxxx>
  Michael Walle <mwalle@xxxxxxxxxx>
  Michal Smulski <michal.smulski@xxxxxxxx>
  Michal Swiatkowski <michal.swiatkowski@xxxxxxxxxxxxxxx>
  Namjae Jeon <linkinjeon@xxxxxxxxxx>
  Naveen Mamindlapalli <naveenm@xxxxxxxxxxx>
  Neal Cardwell <ncardwell@xxxxxxxxxx>
  Nicholas Piggin <npiggin@xxxxxxxxx>
  Nithin Dabilpuram <ndabilpuram@xxxxxxxxxxx>
  Nícolas F. R. A. Prado <nfraprado@xxxxxxxxxxxxx>
  Pablo Neira Ayuso <pablo@xxxxxxxxxxxxx>
  Paolo Abeni <pabeni@xxxxxxxxxx>
  Paulo Alcantara (SUSE) <pc@xxxxxxxxxxxxx>
  Paulo Alcantara <pc@xxxxxxxxxxxxx>
  Phil Sutter <phil@xxxxxx>
  Philip Mueller <philm@xxxxxxxxxxx>
  Rafal Romanowski <rafal.romanowski@xxxxxxxxx>
  Rahul Bhansali <rbhansali@xxxxxxxxxxx>
  Randy Dunlap <rdunlap@xxxxxxxxxxxxx>
  Rob Herring <robh@xxxxxxxxxx>
  Robin Murphy <robin.murphy@xxxxxxx>
  Sean Christopherson <seanjc@xxxxxxxxxx>
  Sean Nyekjaer <sean@xxxxxxxxxx>
  Shannon Nelson <shannon.nelson@xxxxxxx>
  Shawn Guo <shawn.guo@xxxxxxxxxx>
  Shigeru Yoshida <syoshida@xxxxxxxxxx>
  Simon Horman <horms@xxxxxxxxxx> # build-tested
  Stefano Garzarella <sgarzare@xxxxxxxxxx>
  Steve French <stfrench@xxxxxxxxxxxxx>
  Steve Sistare <steven.sistare@xxxxxxxxxx>
  Subbaraya Sundeep <sbhatta@xxxxxxxxxxx>
  Suman Ghosh <sumang@xxxxxxxxxxx>
  Sunil Goutham <sgoutham@xxxxxxxxxxx>
  Takashi Sakamoto <o-takashi@xxxxxxxxxxxxx>
  Tejun Heo <tj@xxxxxxxxxx>
  Thinh Tran <thinhtr@xxxxxxxxxxxxxxxxxx>
  Thomas Gleixner <tglx@xxxxxxxxxxxxx>
  Thomas Reichinger <thomas.reichinger@xxxxxxxxx>
  Tim Van Patten <timvp@xxxxxxxxxx>
  Timothy Pearson <tpearson@xxxxxxxxxxxxxxxxxxxxx>
  Tobias Waldekranz <tobias@xxxxxxxxxxxxxx>
  Tony Nguyen <anthony.l.nguyen@xxxxxxxxx>
  Venkata Sai Duggi <venkata.sai.duggi@xxxxxxx>
  Wen Gu <guwen@xxxxxxxxxxxxxxxxx>
  wuqiang.matt <wuqiang.matt@xxxxxxxxxxxxx>
  Yang Yingliang <yangyingliang@xxxxxxxxxx>
  Yewon Choi <woni9911@xxxxxxxxx>
  Yonghong Song <yonghong.song@xxxxxxxxx>
  Yonglong Liu <liuyonglong@xxxxxxxxxx>
  Zhipeng Lu <alexious@xxxxxxxxxx>

jobs:
 build-amd64-xsm                                              pass    
 build-arm64-xsm                                              pass    
 build-i386-xsm                                               pass    
 build-amd64                                                  pass    
 build-arm64                                                  pass    
 build-armhf                                                  pass    
 build-i386                                                   pass    
 build-amd64-libvirt                                          pass    
 build-arm64-libvirt                                          pass    
 build-armhf-libvirt                                          pass    
 build-i386-libvirt                                           pass    
 build-amd64-pvops                                            pass    
 build-arm64-pvops                                            pass    
 build-armhf-pvops                                            pass    
 build-i386-pvops                                             fail    
 test-amd64-amd64-xl                                          pass    
 test-amd64-coresched-amd64-xl                                pass    
 test-arm64-arm64-xl                                          pass    
 test-armhf-armhf-xl                                          pass    
 test-amd64-amd64-libvirt-qemuu-debianhvm-amd64-xsm           pass    
 test-amd64-amd64-xl-qemut-stubdom-debianhvm-amd64-xsm        pass    
 test-amd64-amd64-xl-qemut-debianhvm-i386-xsm                 pass    
 test-amd64-amd64-xl-qemuu-debianhvm-i386-xsm                 pass    
 test-amd64-amd64-libvirt-xsm                                 pass    
 test-arm64-arm64-libvirt-xsm                                 pass    
 test-amd64-amd64-xl-xsm                                      pass    
 test-arm64-arm64-xl-xsm                                      pass    
 test-amd64-amd64-qemuu-nested-amd                            fail    
 test-amd64-amd64-xl-pvhv2-amd                                pass    
 test-amd64-amd64-dom0pvh-xl-amd                              pass    
 test-amd64-amd64-xl-qemut-debianhvm-amd64                    pass    
 test-amd64-amd64-xl-qemuu-debianhvm-amd64                    pass    
 test-amd64-amd64-freebsd11-amd64                             pass    
 test-amd64-amd64-freebsd12-amd64                             pass    
 test-amd64-amd64-xl-qemuu-ovmf-amd64                         pass    
 test-amd64-amd64-xl-qemut-win7-amd64                         fail    
 test-amd64-amd64-xl-qemuu-win7-amd64                         fail    
 test-amd64-amd64-xl-qemut-ws16-amd64                         fail    
 test-amd64-amd64-xl-qemuu-ws16-amd64                         fail    
 test-armhf-armhf-xl-arndale                                  pass    
 test-amd64-amd64-examine-bios                                pass    
 test-amd64-amd64-xl-credit1                                  pass    
 test-arm64-arm64-xl-credit1                                  pass    
 test-armhf-armhf-xl-credit1                                  pass    
 test-amd64-amd64-xl-credit2                                  pass    
 test-arm64-arm64-xl-credit2                                  pass    
 test-armhf-armhf-xl-credit2                                  pass    
 test-amd64-amd64-xl-qemuu-dmrestrict-amd64-dmrestrict        pass    
 test-amd64-amd64-examine                                     pass    
 test-arm64-arm64-examine                                     pass    
 test-armhf-armhf-examine                                     pass    
 test-amd64-amd64-qemuu-nested-intel                          pass    
 test-amd64-amd64-xl-pvhv2-intel                              pass    
 test-amd64-amd64-dom0pvh-xl-intel                            pass    
 test-amd64-amd64-libvirt                                     pass    
 test-armhf-armhf-libvirt                                     pass    
 test-amd64-amd64-xl-multivcpu                                pass    
 test-armhf-armhf-xl-multivcpu                                pass    
 test-amd64-amd64-pair                                        pass    
 test-amd64-amd64-libvirt-pair                                pass    
 test-amd64-amd64-xl-pvshim                                   pass    
 test-amd64-amd64-pygrub                                      pass    
 test-amd64-amd64-libvirt-qcow2                               pass    
 test-armhf-armhf-libvirt-qcow2                               fail    
 test-amd64-amd64-libvirt-raw                                 pass    
 test-arm64-arm64-libvirt-raw                                 pass    
 test-armhf-armhf-libvirt-raw                                 pass    
 test-amd64-amd64-xl-rtds                                     pass    
 test-armhf-armhf-xl-rtds                                     pass    
 test-amd64-amd64-xl-qemuu-debianhvm-amd64-shadow             pass    
 test-amd64-amd64-xl-shadow                                   pass    
 test-arm64-arm64-xl-thunderx                                 pass    
 test-amd64-amd64-examine-uefi                                pass    
 test-amd64-amd64-xl-vhd                                      pass    
 test-arm64-arm64-xl-vhd                                      pass    
 test-armhf-armhf-xl-vhd                                      pass    


------------------------------------------------------------
sg-report-flight on osstest.test-lab.xenproject.org
logs: /home/logs/logs
images: /home/logs/images

Logs, config files, etc. are available at
    http://logs.test-lab.xenproject.org/osstest/logs

Explanation of these reports, and of osstest in general, is at
    http://xenbits.xen.org/gitweb/?p=osstest.git;a=blob;f=README.email;hb=master
    http://xenbits.xen.org/gitweb/?p=osstest.git;a=blob;f=README;hb=master

Test harness code can be found at
    http://xenbits.xen.org/gitweb?p=osstest.git;a=summary


Not pushing.

(No revision log; it would be 3856 lines long.)



 


Rackspace

Lists.xenproject.org is hosted with RackSpace, monitoring our
servers 24x7x365 and backed by RackSpace's Fanatical Support®.