[Date Prev][Date Next][Thread Prev][Thread Next][Date Index][Thread Index]

[linux-linus test] 184576: tolerable FAIL - PUSHED



flight 184576 linux-linus real [real]
flight 184582 linux-linus real-retest [real]
http://logs.test-lab.xenproject.org/osstest/logs/184576/
http://logs.test-lab.xenproject.org/osstest/logs/184582/

Failures :-/ but no regressions.

Tests which are failing intermittently (not blocking):
 test-armhf-armhf-xl-vhd      13 guest-start         fail pass in 184582-retest

Tests which did not succeed, but are not blocking:
 test-armhf-armhf-xl-vhd     14 migrate-support-check fail in 184582 never pass
 test-armhf-armhf-xl-vhd 15 saverestore-support-check fail in 184582 never pass
 test-amd64-amd64-xl-qemut-win7-amd64 19 guest-stop            fail like 184566
 test-amd64-amd64-xl-qemuu-win7-amd64 19 guest-stop            fail like 184566
 test-amd64-amd64-xl-qemuu-ws16-amd64 19 guest-stop            fail like 184566
 test-armhf-armhf-libvirt-qcow2 15 saverestore-support-check   fail like 184566
 test-armhf-armhf-libvirt-raw 15 saverestore-support-check    fail  like 184566
 test-armhf-armhf-libvirt     16 saverestore-support-check    fail  like 184566
 test-amd64-amd64-xl-qemut-ws16-amd64 19 guest-stop            fail like 184566
 test-amd64-amd64-qemuu-nested-amd 20 debian-hvm-install/l1/l2 fail like 184566
 test-amd64-amd64-libvirt-xsm 15 migrate-support-check        fail   never pass
 test-amd64-amd64-libvirt     15 migrate-support-check        fail   never pass
 test-arm64-arm64-xl          15 migrate-support-check        fail   never pass
 test-arm64-arm64-xl          16 saverestore-support-check    fail   never pass
 test-arm64-arm64-xl-thunderx 15 migrate-support-check        fail   never pass
 test-arm64-arm64-xl-thunderx 16 saverestore-support-check    fail   never pass
 test-arm64-arm64-xl-credit2  15 migrate-support-check        fail   never pass
 test-arm64-arm64-xl-credit2  16 saverestore-support-check    fail   never pass
 test-arm64-arm64-libvirt-xsm 15 migrate-support-check        fail   never pass
 test-arm64-arm64-libvirt-xsm 16 saverestore-support-check    fail   never pass
 test-arm64-arm64-xl-xsm      15 migrate-support-check        fail   never pass
 test-arm64-arm64-xl-xsm      16 saverestore-support-check    fail   never pass
 test-arm64-arm64-xl-credit1  15 migrate-support-check        fail   never pass
 test-arm64-arm64-xl-credit1  16 saverestore-support-check    fail   never pass
 test-amd64-amd64-libvirt-qemuu-debianhvm-amd64-xsm 13 migrate-support-check 
fail never pass
 test-armhf-armhf-xl-arndale  15 migrate-support-check        fail   never pass
 test-armhf-armhf-xl-arndale  16 saverestore-support-check    fail   never pass
 test-armhf-armhf-xl-multivcpu 15 migrate-support-check        fail  never pass
 test-armhf-armhf-xl-multivcpu 16 saverestore-support-check    fail  never pass
 test-armhf-armhf-xl          15 migrate-support-check        fail   never pass
 test-armhf-armhf-xl          16 saverestore-support-check    fail   never pass
 test-armhf-armhf-xl-credit2  15 migrate-support-check        fail   never pass
 test-armhf-armhf-xl-credit2  16 saverestore-support-check    fail   never pass
 test-amd64-amd64-libvirt-qcow2 14 migrate-support-check        fail never pass
 test-arm64-arm64-libvirt-raw 14 migrate-support-check        fail   never pass
 test-arm64-arm64-libvirt-raw 15 saverestore-support-check    fail   never pass
 test-arm64-arm64-xl-vhd      14 migrate-support-check        fail   never pass
 test-arm64-arm64-xl-vhd      15 saverestore-support-check    fail   never pass
 test-amd64-amd64-libvirt-raw 14 migrate-support-check        fail   never pass
 test-armhf-armhf-libvirt-qcow2 14 migrate-support-check        fail never pass
 test-armhf-armhf-libvirt-raw 14 migrate-support-check        fail   never pass
 test-armhf-armhf-xl-credit1  15 migrate-support-check        fail   never pass
 test-armhf-armhf-xl-credit1  16 saverestore-support-check    fail   never pass
 test-armhf-armhf-xl-rtds     15 migrate-support-check        fail   never pass
 test-armhf-armhf-xl-rtds     16 saverestore-support-check    fail   never pass
 test-armhf-armhf-libvirt     15 migrate-support-check        fail   never pass

version targeted for testing:
 linux                56897d51886fa7e9f034ff26128eb09f1b811594
baseline version:
 linux                021533194476035883300d60fbb3136426ac8ea5

Last test of basis   184566  2024-02-02 15:26:30 Z    1 days
Testing same since   184576  2024-02-03 12:02:13 Z    0 days    1 attempts

------------------------------------------------------------
People who touched revisions under test:
  Alan Adamson <alan.adamson@xxxxxxxxxx>
  Alex Deucher <alexander.deucher@xxxxxxx>
  Alexander Tsoy <alexander@xxxxxxx>
  Andreas Gruenbacher <agruenba@xxxxxxxxxx>
  Andy Chi <andy.chi@xxxxxxxxxxxxx>
  Ard Biesheuvel <ardb@xxxxxxxxxx>
  Badal Nilawar <badal.nilawar@xxxxxxxxx>
  Bagas Sanjaya <bagasdotme@xxxxxxxxx>
  Bjorn Helgaas <bhelgaas@xxxxxxxxxx>
  Brenton Simpson <appsforartists@xxxxxxxxxx>
  Caleb Sander <csander@xxxxxxxxxxxxxxx>
  Chaitanya Kulkarni <kch@xxxxxxxxxx>
  Charlene Liu <charlene.liu@xxxxxxx>
  Chen-Yu Tsai <wens@xxxxxxxx>
  Chhayly Leang <clw.leang@xxxxxxxxx>
  Christian König <christian.koenig@xxxxxxx>
  Conor Dooley <conor.dooley@xxxxxxxxxxxxx>
  Daniel Bristot de Oliveira <bristot@xxxxxxxxxx>
  Daniel Miess <daniel.miess@xxxxxxx>
  Daniel Wagner <dwagner@xxxxxxx>
  Daniel Wheeler <daniel.wheeler@xxxxxxx>
  Dave Airlie <airlied@xxxxxxxxxx>
  David McFarland <corngood@xxxxxxxxx>
  David Senoner <seda18@xxxxxxxxxxx>
  diogo.ivo@xxxxxxxxxxxxxxxxxx
  Dmitry Osipenko <dmitry.osipenko@xxxxxxxxxxxxx>
  Dmitry Torokhov <dmitry.torokhov@xxxxxxxxx>
  Dmytro Laktyushkin <dmytro.laktyushkin@xxxxxxx>
  Edson Juliano Drosdeck <edson.drosdeck@xxxxxxxxx>
  Fangzhi Zuo <jerry.zuo@xxxxxxx>
  Fei Shao <fshao@xxxxxxxxxxxx>
  Friedrich Vock <friedrich.vock@xxxxxx>
  Guenter Roeck <linux@xxxxxxxxxxxx>
  Guixin Liu <kanie@xxxxxxxxxxxxxxxxx>
  Hannes Reinecke <hare@xxxxxxx>
  Hans de Goede <hdegoede@xxxxxxxxxx>
  Harshit Mogalapalli <harshit.m.mogalapalli@xxxxxxxxxx>
  Hongyu Jin <hongyu.jin@xxxxxxxxxx>
  Israel Rukshin <israelr@xxxxxxxxxx>
  Ivan Orlov <ivan.orlov0322@xxxxxxxxx>
  Jacob Siverskog <jacob@teenage.engineering>
  Jani Nikula <jani.nikula@xxxxxxxxx>
  Jason Gunthorpe <jgg@xxxxxxxxxx>
  Javier Carrasco <javier.carrasco.cruz@xxxxxxxxx>
  Jay Cornwall <jay.cornwall@xxxxxxx>
  Jens Axboe <axboe@xxxxxxxxx>
  Joerg Roedel <jroedel@xxxxxxx>
  Johan Hovold <johan+linaro@xxxxxxxxxx>
  José Relvas <josemonsantorelvas@xxxxxxxxx>
  José Roberto de Souza <jose.souza@xxxxxxxxx>
  Julian Sikorski <belegdol+github@xxxxxxxxx>
  Kailang Yang <kailang@xxxxxxxxxxx>
  Keith Busch <kbusch@xxxxxxxxxx>
  Kenzo Gomez <kenzo.sgomez@xxxxxxxxx>
  Kevin Brodsky <kevin.brodsky@xxxxxxx>
  Konstantin Aladyshev <aladyshev22@xxxxxxxxx>
  Krzysztof Kozlowski <krzysztof.kozlowski@xxxxxxxxxx>
  Lang Yu <Lang.Yu@xxxxxxx>
  Le Ma <le.ma@xxxxxxx>
  Lennert Buytenhek <kernel@xxxxxxxxxxxxxx>
  Li RongQing <lirongqing@xxxxxxxxx>
  Linus Torvalds <torvalds@xxxxxxxxxxxxxxxxxxxx>
  Lorenzo Pieralisi <lpieralisi@xxxxxxxxxx>
  Lucas De Marchi <lucas.demarchi@xxxxxxxxx>
  Luka Guzenko <l.guzenko@xxxxxx>
  Ma Jun <Jun.Ma2@xxxxxxx>
  Maarten van der Schrieck
  Manivannan Sadhasivam <manivannan.sadhasivam@xxxxxxxxxx>
  Marian Postevca <posteuca@xxxxxxxxx>
  Mario Limonciello <mario.limonciello@xxxxxxx>
  Mark Brown <broonie@xxxxxxxxxx>
  Matt Roper <matthew.d.roper@xxxxxxxxx>
  Matthew Brost <matthew.brost@xxxxxxxxx>
  Max Gurtovoy <mgurtovoy@xxxxxxxxxx>
  Maxime Ripard <mripard@xxxxxxxxxx>
  Mike Snitzer <snitzer@xxxxxxxxxx>
  Mikulas Patocka <mpatocka@xxxxxxxxxx>
  Mukul Joshi <mukul.joshi@xxxxxxx>
  Nicholas Susanto <nicholas.susanto@xxxxxxx>
  Niklas Cassel <cassel@xxxxxxxxxx>
  Nitin U. Yewale <nyewale@xxxxxxxxxx>
  Ovidiu Panait <ovidiu.panait@xxxxxxxxxxxxx>
  Paul Menzel <pmenzel@xxxxxxxxxxxxx>
  Philip Yang <Philip.Yang@xxxxxxx>
  Richard Fitzgerald <rf@xxxxxxxxxxxxxxxxxxxxx>
  Rodrigo Vivi <rodrigo.vivi@xxxxxxxxx>
  Rui Salvaterra <rsalvaterra@xxxxxxxxx>
  Saleemkhan Jamadar <saleemkhan.jamadar@xxxxxxx>
  Sami Tolvanen <samitolvanen@xxxxxxxxxx>
  Sean Young <sean@xxxxxxxx>
  Sebastian Ott <sebott@xxxxxxxxxx>
  Sebastian Reichel <sebastian.reichel@xxxxxxxxxxxxx>
  Shivaprasad G Bhat <sbhat@xxxxxxxxxxxxx>
  Sohaib Nadeem <sohaib.nadeem@xxxxxxx>
  Srinivasan Shanmugam <srinivasan.shanmugam@xxxxxxx>
  Steven Rostedt (Google) <rostedt@xxxxxxxxxxx>
  Sumit Semwal <sumit.semwal@xxxxxxxxxx>
  Szilard Fabian <szfabian@xxxxxxxxxxxxx>
  T.J. Mercier <tjmercier@xxxxxxxxxx>
  Takashi Iwai <tiwai@xxxxxxx>
  Techno Mooney <techno.mooney@xxxxxxxxx>
  Thomas Hellstrom <thomas.hellstrom@xxxxxxxxxxxxxxx>
  Thomas Hellström <thomas.hellstrom@xxxxxxxxxxxxxxx>
  Tom Chung <chiahsuan.chung@xxxxxxx>
  Venkata Prasad Potturu <venkataprasad.potturu@xxxxxxx>
  Vincent Donnefort <vdonnefort@xxxxxxxxxx>
  Vitaly Prosyak <vitaly.prosyak@xxxxxxx>
  Vitaly Rodionov <vitalyr@xxxxxxxxxxxxxxxxxxxxx>
  Vivek Kasireddy <vivek.kasireddy@xxxxxxxxx>
  Wenjing Liu <wenjing.liu@xxxxxxx>
  Werner Sembach <wse@xxxxxxxxxxxxxxxxxxx>
  Will Deacon <will@xxxxxxxxxx>
  Yibin Ding <yibin.ding@xxxxxxxxxx>
  Yifan Zhang <yifan1.zhang@xxxxxxx>
  Zhenyu Zhang <zhenyzha@xxxxxxxxxx>
  Zhu Ning <zhuning0077@xxxxxxxxx>

jobs:
 build-amd64-xsm                                              pass    
 build-arm64-xsm                                              pass    
 build-i386-xsm                                               pass    
 build-amd64                                                  pass    
 build-arm64                                                  pass    
 build-armhf                                                  pass    
 build-i386                                                   pass    
 build-amd64-libvirt                                          pass    
 build-arm64-libvirt                                          pass    
 build-armhf-libvirt                                          pass    
 build-i386-libvirt                                           pass    
 build-amd64-pvops                                            pass    
 build-arm64-pvops                                            pass    
 build-armhf-pvops                                            pass    
 build-i386-pvops                                             pass    
 test-amd64-amd64-xl                                          pass    
 test-amd64-coresched-amd64-xl                                pass    
 test-arm64-arm64-xl                                          pass    
 test-armhf-armhf-xl                                          pass    
 test-amd64-amd64-libvirt-qemuu-debianhvm-amd64-xsm           pass    
 test-amd64-amd64-xl-qemut-stubdom-debianhvm-amd64-xsm        pass    
 test-amd64-amd64-xl-qemut-debianhvm-i386-xsm                 pass    
 test-amd64-amd64-xl-qemuu-debianhvm-i386-xsm                 pass    
 test-amd64-amd64-libvirt-xsm                                 pass    
 test-arm64-arm64-libvirt-xsm                                 pass    
 test-amd64-amd64-xl-xsm                                      pass    
 test-arm64-arm64-xl-xsm                                      pass    
 test-amd64-amd64-qemuu-nested-amd                            fail    
 test-amd64-amd64-xl-pvhv2-amd                                pass    
 test-amd64-amd64-dom0pvh-xl-amd                              pass    
 test-amd64-amd64-xl-qemut-debianhvm-amd64                    pass    
 test-amd64-amd64-xl-qemuu-debianhvm-amd64                    pass    
 test-amd64-amd64-freebsd11-amd64                             pass    
 test-amd64-amd64-freebsd12-amd64                             pass    
 test-amd64-amd64-xl-qemuu-ovmf-amd64                         pass    
 test-amd64-amd64-xl-qemut-win7-amd64                         fail    
 test-amd64-amd64-xl-qemuu-win7-amd64                         fail    
 test-amd64-amd64-xl-qemut-ws16-amd64                         fail    
 test-amd64-amd64-xl-qemuu-ws16-amd64                         fail    
 test-armhf-armhf-xl-arndale                                  pass    
 test-amd64-amd64-examine-bios                                pass    
 test-amd64-amd64-xl-credit1                                  pass    
 test-arm64-arm64-xl-credit1                                  pass    
 test-armhf-armhf-xl-credit1                                  pass    
 test-amd64-amd64-xl-credit2                                  pass    
 test-arm64-arm64-xl-credit2                                  pass    
 test-armhf-armhf-xl-credit2                                  pass    
 test-amd64-amd64-xl-qemuu-dmrestrict-amd64-dmrestrict        pass    
 test-amd64-amd64-examine                                     pass    
 test-arm64-arm64-examine                                     pass    
 test-armhf-armhf-examine                                     pass    
 test-amd64-amd64-qemuu-nested-intel                          pass    
 test-amd64-amd64-xl-pvhv2-intel                              pass    
 test-amd64-amd64-dom0pvh-xl-intel                            pass    
 test-amd64-amd64-libvirt                                     pass    
 test-armhf-armhf-libvirt                                     pass    
 test-amd64-amd64-xl-multivcpu                                pass    
 test-armhf-armhf-xl-multivcpu                                pass    
 test-amd64-amd64-pair                                        pass    
 test-amd64-amd64-libvirt-pair                                pass    
 test-amd64-amd64-xl-pvshim                                   pass    
 test-amd64-amd64-pygrub                                      pass    
 test-amd64-amd64-libvirt-qcow2                               pass    
 test-armhf-armhf-libvirt-qcow2                               pass    
 test-amd64-amd64-libvirt-raw                                 pass    
 test-arm64-arm64-libvirt-raw                                 pass    
 test-armhf-armhf-libvirt-raw                                 pass    
 test-amd64-amd64-xl-rtds                                     pass    
 test-armhf-armhf-xl-rtds                                     pass    
 test-amd64-amd64-xl-qemuu-debianhvm-amd64-shadow             pass    
 test-amd64-amd64-xl-shadow                                   pass    
 test-arm64-arm64-xl-thunderx                                 pass    
 test-amd64-amd64-examine-uefi                                pass    
 test-amd64-amd64-xl-vhd                                      pass    
 test-arm64-arm64-xl-vhd                                      pass    
 test-armhf-armhf-xl-vhd                                      fail    


------------------------------------------------------------
sg-report-flight on osstest.test-lab.xenproject.org
logs: /home/logs/logs
images: /home/logs/images

Logs, config files, etc. are available at
    http://logs.test-lab.xenproject.org/osstest/logs

Explanation of these reports, and of osstest in general, is at
    http://xenbits.xen.org/gitweb/?p=osstest.git;a=blob;f=README.email;hb=master
    http://xenbits.xen.org/gitweb/?p=osstest.git;a=blob;f=README;hb=master

Test harness code can be found at
    http://xenbits.xen.org/gitweb?p=osstest.git;a=summary


Pushing revision :

hint: The 'hooks/update' hook was ignored because it's not set as executable.
hint: You can disable this warning with `git config advice.ignoredHook false`.
hint: The 'hooks/post-receive' hook was ignored because it's not set as 
executable.
hint: You can disable this warning with `git config advice.ignoredHook false`.
hint: The 'hooks/post-update' hook was ignored because it's not set as 
executable.
hint: You can disable this warning with `git config advice.ignoredHook false`.
To xenbits.xen.org:/home/xen/git/linux-pvops.git
   021533194476..56897d51886f  56897d51886fa7e9f034ff26128eb09f1b811594 -> 
tested/linux-linus



 


Rackspace

Lists.xenproject.org is hosted with RackSpace, monitoring our
servers 24x7x365 and backed by RackSpace's Fanatical Support®.