[Date Prev][Date Next][Thread Prev][Thread Next][Date Index][Thread Index] [linux-linus test] 184638: tolerable FAIL - PUSHED
flight 184638 linux-linus real [real] http://logs.test-lab.xenproject.org/osstest/logs/184638/ Failures :-/ but no regressions. Tests which did not succeed, but are not blocking: test-amd64-amd64-xl-qemut-win7-amd64 19 guest-stop fail like 184633 test-amd64-amd64-xl-qemuu-win7-amd64 19 guest-stop fail like 184633 test-amd64-amd64-xl-qemuu-ws16-amd64 19 guest-stop fail like 184633 test-armhf-armhf-libvirt-qcow2 15 saverestore-support-check fail like 184633 test-armhf-armhf-libvirt-raw 15 saverestore-support-check fail like 184633 test-armhf-armhf-libvirt 16 saverestore-support-check fail like 184633 test-amd64-amd64-xl-qemut-ws16-amd64 19 guest-stop fail like 184633 test-amd64-amd64-qemuu-nested-amd 20 debian-hvm-install/l1/l2 fail like 184633 test-amd64-amd64-libvirt-xsm 15 migrate-support-check fail never pass test-amd64-amd64-libvirt 15 migrate-support-check fail never pass test-arm64-arm64-xl-thunderx 15 migrate-support-check fail never pass test-arm64-arm64-xl-thunderx 16 saverestore-support-check fail never pass test-arm64-arm64-xl 15 migrate-support-check fail never pass test-arm64-arm64-xl 16 saverestore-support-check fail never pass test-arm64-arm64-xl-xsm 15 migrate-support-check fail never pass test-arm64-arm64-xl-xsm 16 saverestore-support-check fail never pass test-arm64-arm64-xl-credit2 15 migrate-support-check fail never pass test-arm64-arm64-xl-credit2 16 saverestore-support-check fail never pass test-arm64-arm64-xl-credit1 15 migrate-support-check fail never pass test-arm64-arm64-xl-credit1 16 saverestore-support-check fail never pass test-arm64-arm64-libvirt-xsm 15 migrate-support-check fail never pass test-arm64-arm64-libvirt-xsm 16 saverestore-support-check fail never pass test-armhf-armhf-xl-multivcpu 15 migrate-support-check fail never pass test-armhf-armhf-xl-multivcpu 16 saverestore-support-check fail never pass test-armhf-armhf-xl 15 migrate-support-check fail never pass test-armhf-armhf-xl 16 saverestore-support-check fail never pass test-armhf-armhf-xl-credit2 15 migrate-support-check fail never pass test-armhf-armhf-xl-credit2 16 saverestore-support-check fail never pass test-armhf-armhf-xl-credit1 15 migrate-support-check fail never pass test-armhf-armhf-xl-credit1 16 saverestore-support-check fail never pass test-amd64-amd64-libvirt-qcow2 14 migrate-support-check fail never pass test-armhf-armhf-xl-arndale 15 migrate-support-check fail never pass test-armhf-armhf-xl-arndale 16 saverestore-support-check fail never pass test-arm64-arm64-libvirt-raw 14 migrate-support-check fail never pass test-arm64-arm64-libvirt-raw 15 saverestore-support-check fail never pass test-arm64-arm64-xl-vhd 14 migrate-support-check fail never pass test-arm64-arm64-xl-vhd 15 saverestore-support-check fail never pass test-amd64-amd64-libvirt-raw 14 migrate-support-check fail never pass test-armhf-armhf-libvirt-qcow2 14 migrate-support-check fail never pass test-amd64-amd64-libvirt-qemuu-debianhvm-amd64-xsm 13 migrate-support-check fail never pass test-armhf-armhf-libvirt-raw 14 migrate-support-check fail never pass test-armhf-armhf-xl-rtds 15 migrate-support-check fail never pass test-armhf-armhf-xl-rtds 16 saverestore-support-check fail never pass test-armhf-armhf-libvirt 15 migrate-support-check fail never pass test-armhf-armhf-xl-vhd 14 migrate-support-check fail never pass test-armhf-armhf-xl-vhd 15 saverestore-support-check fail never pass version targeted for testing: linux 9ed18b0b7765ec3aa5f10843d1c3daaa1a225337 baseline version: linux 1f719a2f3fa67665578c759ac34fd3d3690c1a20 Last test of basis 184633 2024-02-09 05:12:11 Z 1 days Testing same since 184638 2024-02-09 20:12:33 Z 0 days 1 attempts ------------------------------------------------------------ People who touched revisions under test: Abhinav Kumar <quic_abhinavk@xxxxxxxxxxx> Alex Deucher <alexander.deucher@xxxxxxx> Alexander Hansen <alexander.hansen@xxxxxxxxxxxxx> Alexander Stein <alexander.stein@xxxxxxxxxxxxxxx> Alexandre Ghiti <alexghiti@xxxxxxxxxxxx> Alvin Lee <alvin.lee2@xxxxxxx> Andrew Bresticker <abrestic@xxxxxxxxxxxx> Ard Biesheuvel <ardb@xxxxxxxxxx> Arnd Bergmann <arnd@xxxxxxxx> Bartosz Golaszewski <bartosz.golaszewski@xxxxxxxxxx> Ben Dooks <ben.dooks@xxxxxxxxxxxxxxx> Bjorn Helgaas <bhelgaas@xxxxxxxxxx> Brian Welty <brian.welty@xxxxxxxxx> Dan Carpenter <dan.carpenter@xxxxxxxxxx> Danilo Krummrich <dakr@xxxxxxxxxx> Dave Airlie <airlied@xxxxxxxxxx> Dmitry Baryshkov <dmitry.baryshkov@xxxxxxxxxx> Eugen Hristev <eugen.hristev@xxxxxxxxxxxxx> Fangzhi Zuo <jerry.zuo@xxxxxxx> Fred Ai <fred.ai@xxxxxxxxxxxxxx> Geert Uytterhoeven <geert+renesas@xxxxxxxxx> Grzegorz Trzebiatowski <grzegorz.trzebiatowski@xxxxxxxxx> Guenter Roeck <linux@xxxxxxxxxxxx> Hamza Mahfooz <hamza.mahfooz@xxxxxxx> Ira Weiny <ira.weiny@xxxxxxxxx> Jacek Lawrynowicz <jacek.lawrynowicz@xxxxxxxxxxxxxxx> Jan Kiszka <jan.kiszka@xxxxxxxxxxx> Jani Nikula <jani.nikula@xxxxxxxxx> Jiri Olsa <jolsa@xxxxxxxxxx> Joonas Lahtinen <joonas.lahtinen@xxxxxxxxxxxxxxx> Konrad Dybcio <konrad.dybcio@xxxxxxxxxx> Krystian Pradzynski <krystian.pradzynski@xxxxxxxxx> Kuogee Hsieh <quic_khsieh@xxxxxxxxxxx> Li Ma <li.ma@xxxxxxx> Li zeming <zeming@xxxxxxxxxxxx> Lijo Lazar <lijo.lazar@xxxxxxx> Linus Torvalds <torvalds@xxxxxxxxxxxxxxxxxxxx> Loic Prylli <lprylli@xxxxxxxxxxx> Lucas De Marchi <lucas.demarchi@xxxxxxxxx> Mario Limonciello <mario.limonciello@xxxxxxx> Mark Rutland <mark.rutland@xxxxxxx> [arm64] Masami Hiramatsu (Google) <mhiramat@xxxxxxxxxx> Matthew Auld <matthew.auld@xxxxxxxxx> Matthew Brost <matthew.brost@xxxxxxxxx> Maxime Ripard <mripard@xxxxxxxxxx> Maxime Ripard <mripard@xxxxxxxxxx> Nathan Chancellor <nathan@xxxxxxxxxx> Nicholas Kazlauskas <nicholas.kazlauskas@xxxxxxx> Palmer Dabbelt <palmer@xxxxxxxxxxxx> Prike Liang <Prike.Liang@xxxxxxx> Randy Dunlap <rdunlap@xxxxxxxxxxxxx> Richard Acayan <mailingradian@xxxxxxxxx> Rob Clark <robdclark@xxxxxxxxx> Rodrigo Siqueira <Rodrigo.Siqueira@xxxxxxx> Saleemkhan Jamadar <saleemkhan.jamadar@xxxxxxx> Srinivasan Shanmugam <srinivasan.shanmugam@xxxxxxx> Stanley.Yang <Stanley.Yang@xxxxxxx> Steven Rostedt (Google) <rostedt@xxxxxxxxxxx> Thomas Hellstrom <thomas.hellstrom@xxxxxxxxxxxxxxx> Thomas Hellström <thomas.hellstrom@xxxxxxxxxxxxxxx> Timur Tabi <ttabi@xxxxxxxxxx> Ulf Hansson <ulf.hansson@xxxxxxxxxx> Vincent Chen <vincent.chen@xxxxxxxxxx> Wachowski, Karol <karol.wachowski@xxxxxxxxx> Wenjing Liu <wenjing.liu@xxxxxxx> Xiaoming Wang <xiaoming.wang@xxxxxxxxx> Yang Li <yang.lee@xxxxxxxxxxxxxxxxx> Zhang Rui <rui.zhang@xxxxxxxxx> Zhenyu Wang <zhenyuw@xxxxxxxxxxxxxxx> Zhi Wang <zhi.wang.linux@xxxxxxxxx> jobs: build-amd64-xsm pass build-arm64-xsm pass build-i386-xsm pass build-amd64 pass build-arm64 pass build-armhf pass build-i386 pass build-amd64-libvirt pass build-arm64-libvirt pass build-armhf-libvirt pass build-i386-libvirt pass build-amd64-pvops pass build-arm64-pvops pass build-armhf-pvops pass build-i386-pvops pass test-amd64-amd64-xl pass test-amd64-coresched-amd64-xl pass test-arm64-arm64-xl pass test-armhf-armhf-xl pass test-amd64-amd64-libvirt-qemuu-debianhvm-amd64-xsm pass test-amd64-amd64-xl-qemut-stubdom-debianhvm-amd64-xsm pass test-amd64-amd64-xl-qemut-debianhvm-i386-xsm pass test-amd64-amd64-xl-qemuu-debianhvm-i386-xsm pass test-amd64-amd64-libvirt-xsm pass test-arm64-arm64-libvirt-xsm pass test-amd64-amd64-xl-xsm pass test-arm64-arm64-xl-xsm pass test-amd64-amd64-qemuu-nested-amd fail test-amd64-amd64-xl-pvhv2-amd pass test-amd64-amd64-dom0pvh-xl-amd pass test-amd64-amd64-xl-qemut-debianhvm-amd64 pass test-amd64-amd64-xl-qemuu-debianhvm-amd64 pass test-amd64-amd64-freebsd11-amd64 pass test-amd64-amd64-freebsd12-amd64 pass test-amd64-amd64-xl-qemuu-ovmf-amd64 pass test-amd64-amd64-xl-qemut-win7-amd64 fail test-amd64-amd64-xl-qemuu-win7-amd64 fail test-amd64-amd64-xl-qemut-ws16-amd64 fail test-amd64-amd64-xl-qemuu-ws16-amd64 fail test-armhf-armhf-xl-arndale pass test-amd64-amd64-examine-bios pass test-amd64-amd64-xl-credit1 pass test-arm64-arm64-xl-credit1 pass test-armhf-armhf-xl-credit1 pass test-amd64-amd64-xl-credit2 pass test-arm64-arm64-xl-credit2 pass test-armhf-armhf-xl-credit2 pass test-amd64-amd64-xl-qemuu-dmrestrict-amd64-dmrestrict pass test-amd64-amd64-examine pass test-arm64-arm64-examine pass test-armhf-armhf-examine pass test-amd64-amd64-qemuu-nested-intel pass test-amd64-amd64-xl-pvhv2-intel pass test-amd64-amd64-dom0pvh-xl-intel pass test-amd64-amd64-libvirt pass test-armhf-armhf-libvirt pass test-amd64-amd64-xl-multivcpu pass test-armhf-armhf-xl-multivcpu pass test-amd64-amd64-pair pass test-amd64-amd64-libvirt-pair pass test-amd64-amd64-xl-pvshim pass test-amd64-amd64-pygrub pass test-amd64-amd64-libvirt-qcow2 pass test-armhf-armhf-libvirt-qcow2 pass test-amd64-amd64-libvirt-raw pass test-arm64-arm64-libvirt-raw pass test-armhf-armhf-libvirt-raw pass test-amd64-amd64-xl-rtds pass test-armhf-armhf-xl-rtds pass test-amd64-amd64-xl-qemuu-debianhvm-amd64-shadow pass test-amd64-amd64-xl-shadow pass test-arm64-arm64-xl-thunderx pass test-amd64-amd64-examine-uefi pass test-amd64-amd64-xl-vhd pass test-arm64-arm64-xl-vhd pass test-armhf-armhf-xl-vhd pass ------------------------------------------------------------ sg-report-flight on osstest.test-lab.xenproject.org logs: /home/logs/logs images: /home/logs/images Logs, config files, etc. are available at http://logs.test-lab.xenproject.org/osstest/logs Explanation of these reports, and of osstest in general, is at http://xenbits.xen.org/gitweb/?p=osstest.git;a=blob;f=README.email;hb=master http://xenbits.xen.org/gitweb/?p=osstest.git;a=blob;f=README;hb=master Test harness code can be found at http://xenbits.xen.org/gitweb?p=osstest.git;a=summary Pushing revision : hint: The 'hooks/update' hook was ignored because it's not set as executable. hint: You can disable this warning with `git config advice.ignoredHook false`. hint: The 'hooks/post-receive' hook was ignored because it's not set as executable. hint: You can disable this warning with `git config advice.ignoredHook false`. hint: The 'hooks/post-update' hook was ignored because it's not set as executable. hint: You can disable this warning with `git config advice.ignoredHook false`. To xenbits.xen.org:/home/xen/git/linux-pvops.git 1f719a2f3fa6..9ed18b0b7765 9ed18b0b7765ec3aa5f10843d1c3daaa1a225337 -> tested/linux-linus
|
Lists.xenproject.org is hosted with RackSpace, monitoring our |