[Date Prev][Date Next][Thread Prev][Thread Next][Date Index][Thread Index] [linux-5.4 test] 184733: tolerable FAIL - PUSHED
flight 184733 linux-5.4 real [real] http://logs.test-lab.xenproject.org/osstest/logs/184733/ Failures :-/ but no regressions. Tests which did not succeed, but are not blocking: test-armhf-armhf-xl-credit1 18 guest-start/debian.repeat fail like 184511 test-amd64-amd64-xl-qemut-win7-amd64 19 guest-stop fail like 184523 test-armhf-armhf-xl-credit2 14 guest-start fail like 184523 test-armhf-armhf-libvirt 16 saverestore-support-check fail like 184523 test-amd64-amd64-xl-qemuu-win7-amd64 19 guest-stop fail like 184523 test-amd64-i386-xl-qemut-win7-amd64 19 guest-stop fail like 184523 test-amd64-i386-xl-qemuu-win7-amd64 19 guest-stop fail like 184523 test-armhf-armhf-libvirt-qcow2 15 saverestore-support-check fail like 184523 test-amd64-amd64-xl-qemuu-ws16-amd64 19 guest-stop fail like 184523 test-amd64-amd64-xl-qemut-ws16-amd64 19 guest-stop fail like 184523 test-armhf-armhf-libvirt-raw 15 saverestore-support-check fail like 184523 test-amd64-i386-xl-qemut-ws16-amd64 19 guest-stop fail like 184523 test-amd64-amd64-qemuu-nested-amd 20 debian-hvm-install/l1/l2 fail like 184523 test-amd64-i386-xl-qemuu-ws16-amd64 19 guest-stop fail like 184523 test-arm64-arm64-xl 15 migrate-support-check fail never pass test-arm64-arm64-xl 16 saverestore-support-check fail never pass test-amd64-i386-xl-pvshim 14 guest-start fail never pass test-amd64-amd64-libvirt 15 migrate-support-check fail never pass test-amd64-amd64-libvirt-xsm 15 migrate-support-check fail never pass test-amd64-i386-libvirt 15 migrate-support-check fail never pass test-amd64-i386-libvirt-xsm 15 migrate-support-check fail never pass test-amd64-amd64-libvirt-qemuu-debianhvm-amd64-xsm 13 migrate-support-check fail never pass test-amd64-i386-libvirt-qemuu-debianhvm-amd64-xsm 13 migrate-support-check fail never pass test-arm64-arm64-xl-credit1 15 migrate-support-check fail never pass test-arm64-arm64-xl-credit1 16 saverestore-support-check fail never pass test-arm64-arm64-xl-xsm 15 migrate-support-check fail never pass test-arm64-arm64-xl-xsm 16 saverestore-support-check fail never pass test-arm64-arm64-libvirt-xsm 15 migrate-support-check fail never pass test-arm64-arm64-libvirt-xsm 16 saverestore-support-check fail never pass test-arm64-arm64-xl-thunderx 15 migrate-support-check fail never pass test-arm64-arm64-xl-thunderx 16 saverestore-support-check fail never pass test-arm64-arm64-xl-credit2 15 migrate-support-check fail never pass test-arm64-arm64-xl-credit2 16 saverestore-support-check fail never pass test-armhf-armhf-xl-vhd 14 migrate-support-check fail never pass test-armhf-armhf-xl-vhd 15 saverestore-support-check fail never pass test-armhf-armhf-xl 15 migrate-support-check fail never pass test-armhf-armhf-xl-credit1 15 migrate-support-check fail never pass test-armhf-armhf-xl-arndale 15 migrate-support-check fail never pass test-armhf-armhf-xl 16 saverestore-support-check fail never pass test-armhf-armhf-xl-credit1 16 saverestore-support-check fail never pass test-armhf-armhf-xl-arndale 16 saverestore-support-check fail never pass test-armhf-armhf-xl-multivcpu 15 migrate-support-check fail never pass test-armhf-armhf-xl-multivcpu 16 saverestore-support-check fail never pass test-armhf-armhf-xl-rtds 15 migrate-support-check fail never pass test-armhf-armhf-xl-rtds 16 saverestore-support-check fail never pass test-amd64-amd64-libvirt-vhd 14 migrate-support-check fail never pass test-armhf-armhf-libvirt 15 migrate-support-check fail never pass test-amd64-i386-libvirt-raw 14 migrate-support-check fail never pass test-arm64-arm64-libvirt-raw 14 migrate-support-check fail never pass test-arm64-arm64-libvirt-raw 15 saverestore-support-check fail never pass test-arm64-arm64-xl-vhd 14 migrate-support-check fail never pass test-arm64-arm64-xl-vhd 15 saverestore-support-check fail never pass test-armhf-armhf-libvirt-qcow2 14 migrate-support-check fail never pass test-armhf-armhf-libvirt-raw 14 migrate-support-check fail never pass version targeted for testing: linux 6e1f54a4985b63bc1b55a09e5e75a974c5d6719b baseline version: linux f0602893f43a54097fcf22bd8c2f7b8e75ca643e Last test of basis 184523 2024-01-29 23:43:48 Z 24 days Testing same since 184733 2024-02-23 07:45:41 Z 0 days 1 attempts ------------------------------------------------------------ People who touched revisions under test: "Guilherme G. Piccoli" <gpiccoli@xxxxxxxxxx> Adrian Hunter <adrian.hunter@xxxxxxxxx> Ajay Kaher <ajay.kaher@xxxxxxxxxxxx> Akinobu Mita <akinobu.mita@xxxxxxxxx> Al Viro <viro@xxxxxxxxxxxxxxxxxx> Alan Maguire <alan.maguire@xxxxxxxxxx> Aleksander Mazur <deweloper@xxxxx> Alex Deucher <alexander.deucher@xxxxxxx> Alex Henrie <alexhenrie24@xxxxxxxxx> Alex Lyakas <alex.lyakas@xxxxxxxxxx> Alexander Gordeev <agordeev@xxxxxxxxxxxxx> Alexander Hansen <alexander.hansen@xxxxxxxxxxxxx> Alexander Stein <alexander.stein@xxxxxxxxxxxxxxx> Alexandre Belloni <alexandre.belloni@xxxxxxxxxxx> Alexei Starovoitov <ast@xxxxxxxxxx> Alexey Khoroshilov <khoroshilov@xxxxxxxxx> Alfred Piccioni <alpic@xxxxxxxxxx> Amir Goldstein <amir73il@xxxxxxxxx> Amit Pundir <amit.pundir@xxxxxxxxxx> Andi Shyti <andi.shyti@xxxxxxxxxx> Andrew Morton <akpm@xxxxxxxxxxxxxxxxxxxx> Andrii Nakryiko <andrii@xxxxxxxxxx> Anna Schumaker <Anna.Schumaker@xxxxxxxxxx> Anton Ivanov <anton.ivanov@xxxxxxxxxxxxxxxxxx> Arnaldo Carvalho de Melo <acme@xxxxxxxxxx> Arnd Bergmann <arnd@xxxxxxxx> Avri Altman <avri.altman@xxxxxxx> Baokun Li <libaokun1@xxxxxxxxxx> Bartosz Golaszewski <bartosz.golaszewski@xxxxxxxxxx> Benjamin Berg <bberg@xxxxxxxxxx> Benjamin Berg <benjamin.berg@xxxxxxxxx> Benjamin Berg <benjamin@xxxxxxxxxxxxxxxx> Bjorn Andersson <andersson@xxxxxxxxxx> Bjorn Helgaas <bhelgaas@xxxxxxxxxx> bo liu <bo.liu@xxxxxxxxxxxxxx> Boris Burkov <boris@xxxxxx> Borislav Petkov (AMD) <bp@xxxxxxxxx> Borislav Petkov <bp@xxxxxxxxx> Brad Spengler <spender@xxxxxxxxxxxxxx> Breno Leitao <leitao@xxxxxxxxxx> Carlos Llamas <cmllamas@xxxxxxxxxx> Celeste Liu <CoelacanthusHex@xxxxxxxxx> Chao Yu <chao@xxxxxxxxxx> Chris Riches <chris.riches@xxxxxxxxxxx> Christian A. Ehrhardt <lk@xxxxxxx> Christian Brauner (Microsoft) <brauner@xxxxxxxxxx> Christoph Hellwig <hch@xxxxxx> Christophe JAILLET <christophe.jaillet@xxxxxxxxxx> Chung-Chiang Cheng <cccheng@xxxxxxxxxxxx> Chunyan Zhang <zhang.lyra@xxxxxxxxx> Cristian Ciocaltea <cristian.ciocaltea@xxxxxxxxxxxxx> Dan Carpenter <dan.carpenter@xxxxxxxxxx> Daniel Basilio <daniel.basilio@xxxxxxxxxxxx> Daniel de Villiers <daniel.devilliers@xxxxxxxxxxxx> Daniel Lezcano <daniel.lezcano@xxxxxxxxxx> Daniel Stodden <dns@xxxxxxxxxx> Daniel Vacek <neelx@xxxxxxxxxx> Dave Airlie <airlied@xxxxxxxxxx> Dave Hansen <dave.hansen@xxxxxxxxxxxxxxx> Dave Kleikamp <dave.kleikamp@xxxxxxxxxx> Dave Switzer <david.switzer@xxxxxxxxx> David Howells <dhowells@xxxxxxxxxx> David S. Miller <davem@xxxxxxxxxxxxx> David Schiller <david.schiller@xxxxxx> David Sterba <dsterba@xxxxxxxx> David Wang <00107082@xxxxxxx> Denis Efremov <efremov@xxxxxxxxx> Dmitry Antipov <dmantipov@xxxxxxxxx> Dmitry Baryshkov <dmitry.baryshkov@xxxxxxxxxx> Dmitry Torokhov <dmitry.torokhov@xxxxxxxxx> Doug Berger <opendmb@xxxxxxxxx> Douglas Anderson <dianders@xxxxxxxxxxxx> Edson Juliano Drosdeck <edson.drosdeck@xxxxxxxxx> Edward Adam Davis <eadavis@xxxxxx> Ekansh Gupta <quic_ekangupt@xxxxxxxxxxx> Eric Biggers <ebiggers@xxxxxxxxxx> Eric Dumazet <edumazet@xxxxxxxxxx> Fabio Estevam <festevam@xxxxxxx> Fedor Pchelkin <pchelkin@xxxxxxxxx> Felix Kuehling <Felix.Kuehling@xxxxxxx> Florian Fainelli <florian.fainelli@xxxxxxxxxxxx> Florian Westphal <fw@xxxxxxxxx> Frank Li <Frank.Li@xxxxxxx> Frank Rowand <frank.rowand@xxxxxxxx> Frederic Weisbecker <frederic@xxxxxxxxxx> free5lot <mail@xxxxxxxxxxxx> Furong Xu <0x1207@xxxxxxxxx> Gabriel Krisman Bertazi <krisman@xxxxxxx> Ghanshyam Agrawal <ghanshyam1898@xxxxxxxxx> Greg KH <gregkh@xxxxxxxxxxxxxxxxxxx> Greg Kroah-Hartman <gregkh@xxxxxxxxxxxxxxxxxxx> Gregory CLEMENT <gregory.clement@xxxxxxxxxxx> Guenter Roeck <linux@xxxxxxxxxxxx> Guilherme G. Piccoli <gpiccoli@xxxxxxxxxx> H. Nikolaus Schaller <hns@xxxxxxxxxxxxx> H. Peter Anvin <hpa@xxxxxxxxx> Hannes Reinecke <hare@xxxxxxx> Hans de Goede <hdegoede@xxxxxxxxxx> Hans Verkuil <hverkuil-cisco@xxxxxxxxx> Hardik Gajjar <hgajjar@xxxxxxxxxxxxxx> Harshit Mogalapalli <harshit.m.mogalapalli@xxxxxxxxxx> Harshit Shah <harshitshah.opendev@xxxxxxxxx> Heiko Carstens <hca@xxxxxxxxxxxxx> Heiko Stuebner <heiko@xxxxxxxxx> Heiner Kallweit <hkallweit1@xxxxxxxxx> Helge Deller <deller@xxxxxx> Helge Deller <deller@xxxxxxxxxx> Herbert Xu <herbert@xxxxxxxxxxxxxxxxxxx> Hongchen Zhang <zhanghongchen@xxxxxxxxxxx> Hou Tao <houtao1@xxxxxxxxxx> Hugo Villeneuve <hvilleneuve@xxxxxxxxxxxx> Ian Rogers <irogers@xxxxxxxxxx> Ido Schimmel <idosch@xxxxxxxxxx> Ilya Dryomov <idryomov@xxxxxxxxx> Inki Dae <inki.dae@xxxxxxxxxxx> Ivan Vecera <ivecera@xxxxxxxxxx> Jack Wang <jinpu.wang@xxxxxxxxx> JackBB Wu <wojackbb@xxxxxxxxx> Jaegeuk Kim <jaegeuk@xxxxxxxxxx> JaimeLiao <jaimeliao@xxxxxxxxxxx> Jakub Kicinski <kuba@xxxxxxxxxx> Jan Beulich <jbeulich@xxxxxxxx> Jason Gerecke <jason.gerecke@xxxxxxxxx> Jason Gerecke <killertofu@xxxxxxxxx> Javier Martinez Canillas <javierm@xxxxxxxxxx> Jay Vosburgh <jay.vosburgh@xxxxxxxxxxxxx> Jean Delvare <jdelvare@xxxxxxx> Jedrzej Jagielski <jedrzej.jagielski@xxxxxxxxx> Jens Axboe <axboe@xxxxxxxxx> Jianjun Wang <jianjun.wang@xxxxxxxxxxxx> Jiri Kosina <jkosina@xxxxxxxx> Jiri Kosina <jkosina@xxxxxxx> Johan Hovold <johan+linaro@xxxxxxxxxx> Johan Hovold <johan@xxxxxxxxxx> Johan Jonker <jbx6244@xxxxxxxxx> Johannes Berg <johannes.berg@xxxxxxxxx> Jon Hunter <jonathanh@xxxxxxxxxx> Jonathan Cameron <Jonathan.Cameron@xxxxxxxxxx> Jozsef Kadlecsik <kadlec@xxxxxxxxxxxxx> Julian Wiedmann <jwi@xxxxxxxxxxxxx> Junxiao Bi <junxiao.bi@xxxxxxxxxx> Justin Tee <justin.tee@xxxxxxxxxxxx> Kalle Valo <kvalo@xxxxxxxxxx> Kalle Valo <quic_kvalo@xxxxxxxxxxx> Kamal Dasu <kamal.dasu@xxxxxxxxxxxx> Karsten Graul <kgraul@xxxxxxxxxxxxx> Kees Cook <keescook@xxxxxxxxxxxx> kernelci.org bot <bot@xxxxxxxxxxxx> Konrad Dybcio <konrad.dybcio@xxxxxxxxxx> Krzysztof Wilczyński <kwilczynski@xxxxxxxxxx> Kuan-Wei Chiu <visitorckw@xxxxxxxxx> Kuniyuki Iwashima <kuniyu@xxxxxxxxxx> Kunwu Chan <chentao@xxxxxxxxxx> Lee Duncan <lduncan@xxxxxxxx> Lee Jones <lee@xxxxxxxxxx> Leon Romanovsky <leon@xxxxxxxxxx> Leonard Dallmayr <leonard.dallmayr@xxxxxxxxxxx> Lin Ma <linma@xxxxxxxxxx> Linus Torvalds <torvalds@xxxxxxxxxxxxxxxxxxxx> Linus Torvalds <torvalds@xxxxxxxxxxxxxxxxxxx> Loic Prylli <lprylli@xxxxxxxxxxx> Louis Peens <louis.peens@xxxxxxxxxxxx> Maciej S. Szmigiero <maciej.szmigiero@xxxxxxxxxx> Mahmoud Adam <mngyadam@xxxxxxxxxx> Manas Ghandat <ghandatmanas@xxxxxxxxx> Mao Jinlong <quic_jinlmao@xxxxxxxxxxx> Marc Kleine-Budde <mkl@xxxxxxxxxxxxxx> Marc Zyngier <maz@xxxxxxxxxx> Marek Szyprowski <m.szyprowski@xxxxxxxxxxx> Mario Limonciello <mario.limonciello@xxxxxxx> Mark Brown <broonie@xxxxxxxxxx> Martin K. Petersen <martin.petersen@xxxxxxxxxx> Masahiro Yamada <masahiroy@xxxxxxxxxx> Masami Hiramatsu (Google) <mhiramat@xxxxxxxxxx> Mathieu Poirier <mathieu.poirier@xxxxxxxxxx> Matthew Wilcox (Oracle) <willy@xxxxxxxxxxxxx> Max Kellermann <max.kellermann@xxxxxxxxx> Max Krummenacher <max.krummenacher@xxxxxxxxxxx> Maxime Ripard <mripard@xxxxxxxxxx> Michael Ellerman <mpe@xxxxxxxxxxxxxx> Michael S. Tsirkin <mst@xxxxxxxxxx> Michael Tretter <m.tretter@xxxxxxxxxxxxxx> Mike Rapoport <rppt@xxxxxxxxxxxxx> Ming Lei <ming.lei@xxxxxxxxxx> Minsuk Kang <linuxlovemin@xxxxxxxxxxxx> Miquel Raynal <miquel.raynal@xxxxxxxxxxx> Miri Korenblit <miriam.rachel.korenblit@xxxxxxxxx> Nathan Chancellor <nathan@xxxxxxxxxx> Naveen N Rao <naveen@xxxxxxxxxx> Nikolay Borisov <nik.borisov@xxxxxxxx> Oleg Nesterov <oleg@xxxxxxxxxx> Oleksij Rempel <o.rempel@xxxxxxxxxxxxxx> Oliver Neukum <oneukum@xxxxxxxx> Oliver Upton <oliver.upton@xxxxxxxxx> Osama Muhammad <osmtendev@xxxxxxxxx> Pablo Neira Ayuso <pablo@xxxxxxxxxxxxx> Paolo Abeni <pabeni@xxxxxxxxxx> Paul E. McKenney <paulmck@xxxxxxxxxx> Paul Menzel <pmenzel@xxxxxxxxxxxxx> Paul Moore <paul@xxxxxxxxxxxxxx> Peter Robinson <pbrobinson@xxxxxxxxx> Peter Zijlstra (Intel) <peterz@xxxxxxxxxxxxx> Peter Zijlstra <peterz@xxxxxxxxxxxxx> Petr Machata <petrm@xxxxxxxxxx> Petr Pavlu <petr.pavlu@xxxxxxxx> Pierre-Louis Bossart <pierre-louis.bossart@xxxxxxxxxxxxxxx> Piotr Skajewski <piotrx.skajewski@xxxxxxxxx> Prarit Bhargava <prarit@xxxxxxxxxx> Prathu Baronia <prathubaronia2011@xxxxxxxxx> Pucha Himasekhar Reddy <himasekharx.reddy.pucha@xxxxxxxxx> (A Contingent worker at Intel) Puliang Lu <puliang.lu@xxxxxxxxxxx> qizhong cheng <qizhong.cheng@xxxxxxxxxxxx> Qu Wenruo <wqu@xxxxxxxx> Rafael J. Wysocki <rafael.j.wysocki@xxxxxxxxx> Rafael J. Wysocki <rafael@xxxxxxxxxx> Richard Palethorpe <rpalethorpe@xxxxxxxx> Richard Weinberger <richard@xxxxxx> Rob Clark <robdclark@xxxxxxxxxxxx> Rob Herring <robh@xxxxxxxxxx> Robert Foss <rfoss@xxxxxxxxxx> Rui Zhang <zr.zhang@xxxxxxxx> Ryusuke Konishi <konishi.ryusuke@xxxxxxxxx> Saeed Mahameed <saeedm@xxxxxxxxxxxx> Saeed Mahameed <saeedm@xxxxxxxxxx> Salvatore Dipietro <dipiets@xxxxxxxxxx> Sasha Levin <sashal@xxxxxxxxxx> Serge Semin <fancer.lancer@xxxxxxxxx> Sharath Srinivasan <sharath.srinivasan@xxxxxxxxxx> Shawn Guo <shawnguo@xxxxxxxxxx> Shenwei Wang <shenwei.wang@xxxxxxx> Shigeru Yoshida <syoshida@xxxxxxxxxx> Shiji Yang <yangshiji66@xxxxxxxxxxx> Shuah Khan <skhan@xxxxxxxxxxxxxxxxxxx> Simon Horman <horms@xxxxxxxxxx> Sjoerd Simons <sjoerd@xxxxxxxxxxxxx> Song Liu <song@xxxxxxxxxx> Srinivasan Shanmugam <srinivasan.shanmugam@xxxxxxx> Stanislaw Gruszka <stf_xl@xxxxx> Stephen Boyd <sboyd@xxxxxxxxxx> Stephen Rothwell <sfr@xxxxxxxxxxxxxxxx> Steve Wahl <steve.wahl@xxxxxxx> Steven Rostedt (Google) <rostedt@xxxxxxxxxxx> Su Hui <suhui@xxxxxxxxxxxx> Sunitha Mekala <sunithax.d.mekala@xxxxxxxxx> (A Contingent worker at Intel) Suraj Jitindar Singh <surajjs@xxxxxxxxxx> Takashi Iwai <tiwai@xxxxxxx> Takashi Sakamoto <o-takashi@xxxxxxxxxxxxx> Tatsunosuke Tobita <tatsunosuke.tobita@xxxxxxxxx> Tejun Heo <tj@xxxxxxxxxx> Theodore Ts'o <tytso@xxxxxxx> Thomas Bogendoerfer <tsbogend@xxxxxxxxxxxxxxxx> Thomas Bourgoin <thomas.bourgoin@xxxxxxxxxxx> Thomas Gleixner <tglx@xxxxxxxxxxxxx> Thomas Richter <tmricht@xxxxxxxxxxxxx> Tim Chen <tim.c.chen@xxxxxxxxxxxxxxx> Toke Høiland-Jørgensen <toke@xxxxxxx> Tom Rix <trix@xxxxxxxxxx> Tom Zanussi <tom.zanussi@xxxxxxxxxxxxxxx> Tomi Valkeinen <tomi.valkeinen@xxxxxxxxxxxxxxxx> Tony Lindgren <tony@xxxxxxxxxxx> Tony Nguyen <anthony.l.nguyen@xxxxxxxxx> Ulf Hansson <ulf.hansson@xxxxxxxxxx> Uwe Kleine-König <u.kleine-koenig@xxxxxxxxxxxxxx> Ville Syrjälä <ville.syrjala@xxxxxxxxxxxxxxx> Vincent Donnefort <vdonnefort@xxxxxxxxxx> Vinod Koul <vkoul@xxxxxxxxxx> Weichen Chen <weichen.chen@xxxxxxxxxxxx> Weihao Li <liweihao@xxxxxxxxxxx> Wen Gu <guwen@xxxxxxxxxxxxxxxxx> Wenhua Lin <Wenhua.Lin@xxxxxxxxxx> Wolfram Sang <wsa@xxxxxxxxxx> Xi Ruoyao <xry111@xxxxxxxxxxx> Xiaolei Wang <xiaolei.wang@xxxxxxxxxxxxx> Xiubo Li <xiubli@xxxxxxxxxx> Yang Xu <xuyang2018.jy@xxxxxxxxxxx> Ye Bin <yebin10@xxxxxxxxxx> Yevgeny Kliteynik <kliteyn@xxxxxxxxxx> Yonghong Song <yonghong.song@xxxxxxxxx> Yoshihiro Shimoda <yoshihiro.shimoda.uh@xxxxxxxxxxx> Youquan Song <youquan.song@xxxxxxxxx> yuan linyu <yuanlinyu@xxxxxxxxxxx> Yuluo Qiu <qyl27@xxxxxxxxxxx> Zach O'Keefe <zokeefe@xxxxxxxxxx> Zakhar Semenov <mail@xxxxxxxxxxxx> Zenm Chen <zenmchen@xxxxxxxxx> Zhang Rui <rui.zhang@xxxxxxxxx> Zhengchao Shao <shaozhengchao@xxxxxxxxxx> Zhihao Cheng <chengzhihao1@xxxxxxxxxx> zhili.liu <zhili.liu@xxxxxxxxxxx> Zhipeng Lu <alexious@xxxxxxxxxx> Zhiquan Li <zhiquan1.li@xxxxxxxxx> Zhu Yanjun <yanjun.zhu@xxxxxxxxx> Стас Ничипорович <stasn77@xxxxxxxxx> jobs: build-amd64-xsm pass build-arm64-xsm pass build-i386-xsm pass build-amd64 pass build-arm64 pass build-armhf pass build-i386 pass build-amd64-libvirt pass build-arm64-libvirt pass build-armhf-libvirt pass build-i386-libvirt pass build-amd64-pvops pass build-arm64-pvops pass build-armhf-pvops pass build-i386-pvops pass test-amd64-amd64-xl pass test-amd64-coresched-amd64-xl pass test-arm64-arm64-xl pass test-armhf-armhf-xl pass test-amd64-i386-xl pass test-amd64-coresched-i386-xl pass test-amd64-amd64-libvirt-qemuu-debianhvm-amd64-xsm pass test-amd64-i386-libvirt-qemuu-debianhvm-amd64-xsm pass test-amd64-amd64-xl-qemut-stubdom-debianhvm-amd64-xsm pass test-amd64-i386-xl-qemut-stubdom-debianhvm-amd64-xsm pass test-amd64-amd64-xl-qemut-debianhvm-i386-xsm pass test-amd64-i386-xl-qemut-debianhvm-i386-xsm pass test-amd64-amd64-xl-qemuu-debianhvm-i386-xsm pass test-amd64-i386-xl-qemuu-debianhvm-i386-xsm pass test-amd64-amd64-libvirt-xsm pass test-arm64-arm64-libvirt-xsm pass test-amd64-i386-libvirt-xsm pass test-amd64-amd64-xl-xsm pass test-arm64-arm64-xl-xsm pass test-amd64-i386-xl-xsm pass test-amd64-amd64-qemuu-nested-amd fail test-amd64-amd64-xl-pvhv2-amd pass test-amd64-i386-qemut-rhel6hvm-amd pass test-amd64-i386-qemuu-rhel6hvm-amd pass test-amd64-amd64-dom0pvh-xl-amd pass test-amd64-amd64-xl-qemut-debianhvm-amd64 pass test-amd64-i386-xl-qemut-debianhvm-amd64 pass test-amd64-amd64-xl-qemuu-debianhvm-amd64 pass test-amd64-i386-xl-qemuu-debianhvm-amd64 pass test-amd64-i386-freebsd10-amd64 pass test-amd64-amd64-qemuu-freebsd11-amd64 pass test-amd64-amd64-qemuu-freebsd12-amd64 pass test-amd64-amd64-xl-qemuu-ovmf-amd64 pass test-amd64-i386-xl-qemuu-ovmf-amd64 pass test-amd64-amd64-xl-qemut-win7-amd64 fail test-amd64-i386-xl-qemut-win7-amd64 fail test-amd64-amd64-xl-qemuu-win7-amd64 fail test-amd64-i386-xl-qemuu-win7-amd64 fail test-amd64-amd64-xl-qemut-ws16-amd64 fail test-amd64-i386-xl-qemut-ws16-amd64 fail test-amd64-amd64-xl-qemuu-ws16-amd64 fail test-amd64-i386-xl-qemuu-ws16-amd64 fail test-armhf-armhf-xl-arndale pass test-amd64-amd64-examine-bios pass test-amd64-i386-examine-bios pass test-amd64-amd64-xl-credit1 pass test-arm64-arm64-xl-credit1 pass test-armhf-armhf-xl-credit1 fail test-amd64-amd64-xl-credit2 pass test-arm64-arm64-xl-credit2 pass test-armhf-armhf-xl-credit2 fail test-amd64-amd64-xl-qemuu-dmrestrict-amd64-dmrestrict pass test-amd64-i386-xl-qemuu-dmrestrict-amd64-dmrestrict pass test-amd64-amd64-examine pass test-arm64-arm64-examine pass test-armhf-armhf-examine pass test-amd64-i386-examine pass test-amd64-i386-freebsd10-i386 pass test-amd64-amd64-qemuu-nested-intel pass test-amd64-amd64-xl-pvhv2-intel pass test-amd64-i386-qemut-rhel6hvm-intel pass test-amd64-i386-qemuu-rhel6hvm-intel pass test-amd64-amd64-dom0pvh-xl-intel pass test-amd64-amd64-libvirt pass test-armhf-armhf-libvirt pass test-amd64-i386-libvirt pass test-amd64-amd64-xl-multivcpu pass test-armhf-armhf-xl-multivcpu pass test-amd64-amd64-pair pass test-amd64-i386-pair pass test-amd64-amd64-libvirt-pair pass test-amd64-i386-libvirt-pair pass test-amd64-amd64-xl-pvshim pass test-amd64-i386-xl-pvshim fail test-amd64-amd64-pygrub pass test-armhf-armhf-libvirt-qcow2 pass test-amd64-amd64-xl-qcow2 pass test-arm64-arm64-libvirt-raw pass test-armhf-armhf-libvirt-raw pass test-amd64-i386-libvirt-raw pass test-amd64-amd64-xl-rtds pass test-armhf-armhf-xl-rtds pass test-amd64-amd64-xl-qemuu-debianhvm-amd64-shadow pass test-amd64-i386-xl-qemuu-debianhvm-amd64-shadow pass test-amd64-amd64-xl-shadow pass test-amd64-i386-xl-shadow pass test-arm64-arm64-xl-thunderx pass test-amd64-amd64-examine-uefi pass test-amd64-i386-examine-uefi pass test-amd64-amd64-libvirt-vhd pass test-arm64-arm64-xl-vhd pass test-armhf-armhf-xl-vhd pass test-amd64-i386-xl-vhd pass ------------------------------------------------------------ sg-report-flight on osstest.test-lab.xenproject.org logs: /home/logs/logs images: /home/logs/images Logs, config files, etc. are available at http://logs.test-lab.xenproject.org/osstest/logs Explanation of these reports, and of osstest in general, is at http://xenbits.xen.org/gitweb/?p=osstest.git;a=blob;f=README.email;hb=master http://xenbits.xen.org/gitweb/?p=osstest.git;a=blob;f=README;hb=master Test harness code can be found at http://xenbits.xen.org/gitweb?p=osstest.git;a=summary Pushing revision : hint: The 'hooks/update' hook was ignored because it's not set as executable. hint: You can disable this warning with `git config advice.ignoredHook false`. hint: The 'hooks/post-receive' hook was ignored because it's not set as executable. hint: You can disable this warning with `git config advice.ignoredHook false`. hint: The 'hooks/post-update' hook was ignored because it's not set as executable. hint: You can disable this warning with `git config advice.ignoredHook false`. To xenbits.xen.org:/home/xen/git/linux-pvops.git f0602893f43a5..6e1f54a4985b6 6e1f54a4985b63bc1b55a09e5e75a974c5d6719b -> tested/linux-5.4
|
Lists.xenproject.org is hosted with RackSpace, monitoring our |