[Date Prev][Date Next][Thread Prev][Thread Next][Date Index][Thread Index]

[linux-6.1 test] 184831: regressions - FAIL



flight 184831 linux-6.1 real [real]
flight 184840 linux-6.1 real-retest [real]
http://logs.test-lab.xenproject.org/osstest/logs/184831/
http://logs.test-lab.xenproject.org/osstest/logs/184840/

Regressions :-(

Tests which did not succeed and are blocking,
including tests which could not be run:
 test-amd64-amd64-libvirt-xsm  8 xen-boot                 fail REGR. vs. 184734
 test-amd64-amd64-xl-qemut-debianhvm-amd64  8 xen-boot    fail REGR. vs. 184734
 test-amd64-amd64-xl-credit2   8 xen-boot                 fail REGR. vs. 184734
 test-amd64-coresched-amd64-xl  8 xen-boot                fail REGR. vs. 184734

Tests which did not succeed, but are not blocking:
 test-armhf-armhf-libvirt     16 saverestore-support-check    fail  like 184734
 test-amd64-amd64-xl-qemut-win7-amd64 19 guest-stop            fail like 184734
 test-amd64-amd64-xl-qemuu-win7-amd64 19 guest-stop            fail like 184734
 test-armhf-armhf-libvirt-qcow2 15 saverestore-support-check   fail like 184734
 test-armhf-armhf-libvirt-raw 15 saverestore-support-check    fail  like 184734
 test-amd64-amd64-xl-qemut-ws16-amd64 19 guest-stop            fail like 184734
 test-amd64-amd64-xl-qemuu-ws16-amd64 19 guest-stop            fail like 184734
 test-amd64-amd64-qemuu-nested-amd 20 debian-hvm-install/l1/l2 fail like 184734
 test-amd64-amd64-libvirt     15 migrate-support-check        fail   never pass
 test-amd64-amd64-libvirt-qemuu-debianhvm-amd64-xsm 13 migrate-support-check 
fail never pass
 test-amd64-amd64-libvirt-qcow2 14 migrate-support-check        fail never pass
 test-arm64-arm64-libvirt-xsm 15 migrate-support-check        fail   never pass
 test-arm64-arm64-libvirt-xsm 16 saverestore-support-check    fail   never pass
 test-arm64-arm64-xl-xsm      15 migrate-support-check        fail   never pass
 test-arm64-arm64-xl-xsm      16 saverestore-support-check    fail   never pass
 test-arm64-arm64-xl          15 migrate-support-check        fail   never pass
 test-arm64-arm64-xl          16 saverestore-support-check    fail   never pass
 test-arm64-arm64-xl-thunderx 15 migrate-support-check        fail   never pass
 test-arm64-arm64-xl-thunderx 16 saverestore-support-check    fail   never pass
 test-arm64-arm64-xl-credit1  15 migrate-support-check        fail   never pass
 test-arm64-arm64-xl-credit1  16 saverestore-support-check    fail   never pass
 test-arm64-arm64-xl-credit2  15 migrate-support-check        fail   never pass
 test-arm64-arm64-xl-credit2  16 saverestore-support-check    fail   never pass
 test-armhf-armhf-xl-arndale  15 migrate-support-check        fail   never pass
 test-armhf-armhf-xl-arndale  16 saverestore-support-check    fail   never pass
 test-armhf-armhf-xl-credit2  15 migrate-support-check        fail   never pass
 test-armhf-armhf-xl-credit2  16 saverestore-support-check    fail   never pass
 test-armhf-armhf-xl-rtds     15 migrate-support-check        fail   never pass
 test-armhf-armhf-xl-rtds     16 saverestore-support-check    fail   never pass
 test-armhf-armhf-xl          15 migrate-support-check        fail   never pass
 test-armhf-armhf-xl          16 saverestore-support-check    fail   never pass
 test-armhf-armhf-xl-multivcpu 15 migrate-support-check        fail  never pass
 test-armhf-armhf-xl-multivcpu 16 saverestore-support-check    fail  never pass
 test-armhf-armhf-libvirt     15 migrate-support-check        fail   never pass
 test-amd64-amd64-libvirt-raw 14 migrate-support-check        fail   never pass
 test-arm64-arm64-libvirt-raw 14 migrate-support-check        fail   never pass
 test-arm64-arm64-libvirt-raw 15 saverestore-support-check    fail   never pass
 test-arm64-arm64-xl-vhd      14 migrate-support-check        fail   never pass
 test-arm64-arm64-xl-vhd      15 saverestore-support-check    fail   never pass
 test-armhf-armhf-libvirt-qcow2 14 migrate-support-check        fail never pass
 test-armhf-armhf-libvirt-raw 14 migrate-support-check        fail   never pass
 test-armhf-armhf-xl-vhd      14 migrate-support-check        fail   never pass
 test-armhf-armhf-xl-vhd      15 saverestore-support-check    fail   never pass
 test-armhf-armhf-xl-credit1  15 migrate-support-check        fail   never pass
 test-armhf-armhf-xl-credit1  16 saverestore-support-check    fail   never pass

version targeted for testing:
 linux                a3eb3a74aa8c94e6c8130b55f3b031f29162868c
baseline version:
 linux                81e1dc2f70014b9523dd02ca763788e4f81e5bac

Last test of basis   184734  2024-02-23 08:41:05 Z    7 days
Testing same since   184831  2024-03-01 12:45:09 Z    0 days    1 attempts

------------------------------------------------------------
People who touched revisions under test:
  "Christian A. Ehrhardt" <lk@xxxxxxx>
  Adam Goldman <adamg@xxxxxxxxx>
  Alex Deucher <alexander.deucher@xxxxxxx>
  Alexander Kobel <a-kobel@xxxxxxxxxx>
  Alexander Sverdlin <alexander.sverdlin@xxxxxxxxx>
  Alexander Tsoy <alexander@xxxxxxx>
  Alison Schofield <alison.schofield@xxxxxxxxx>
  Allen Pais <apais@xxxxxxxxxxxxxxxxxxx>
  Andi Shyti <andi.shyti@xxxxxxxxxx>
  Andrew Bresticker <abrestic@xxxxxxxxxxxx>
  Andrew Manley <andrew.manley@xxxxxxxxxxxxxxx>
  Andrew Morton <akpm@xxxxxxxxxxxxxxxxxxxx>
  Ard Biesheuvel <ardb@xxxxxxxxxx>
  Armin Wolf <W_Armin@xxxxxx>
  Arnd Bergmann <arnd@xxxxxxxx>
  Aurabindo Pillai <aurabindo.pillai@xxxxxxx>
  Avihai Horon <avihaih@xxxxxxxxxx>
  Baokun Li <libaokun1@xxxxxxxxxx>
  Bart Van Assche <bvanassche@xxxxxxx>
  Bjorn Helgaas <bhelgaas@xxxxxxxxxx>
  Borislav Petkov (AMD) <bp@xxxxxxxxx>
  Brenton Simpson <appsforartists@xxxxxxxxxx>
  Chen-Yu Tsai <wens@xxxxxxxx>
  Chris Li <chrisl@xxxxxxxxxx>
  Christian A. Ehrhardt <lk@xxxxxxx>
  Christian Brauner <brauner@xxxxxxxxxx>
  Colin Ian King <colin.i.king@xxxxxxxxx>
  Conor Dooley <conor.dooley@xxxxxxxxxxxxx>
  Conrad Kostecki <conikost@xxxxxxxxxx>
  Corey Minyard <minyard@xxxxxxx>
  Cyril Hrubis <chrubis@xxxxxxx>
  Damien Le Moal <dlemoal@xxxxxxxxxx>
  Dan Carpenter <dan.carpenter@xxxxxxxxxx>
  Dan Williams <dan.j.williams@xxxxxxxxx>
  Daniel Borkmann <daniel@xxxxxxxxxxxxx>
  Daniel Vacek <neelx@xxxxxxxxxx>
  Daniel Wagner <dwagner@xxxxxxx>
  Daniel Wheeler <daniel.wheeler@xxxxxxx>
  Daniil Dulov <d.dulov@xxxxxxxxxx>
  Danilo Krummrich <dakr@xxxxxxxxxx>
  Dave Hansen <dave.hansen@xxxxxxxxxxxxxxx>
  David Hildenbrand <david@xxxxxxxxxx>
  David Howells <dhowells@xxxxxxxxxx>
  David S. Miller <davem@xxxxxxxxxxxxx>
  Dennis Dalessandro <dennis.dalessandro@xxxxxxxxxxxxxxxxxxxx>
  Devyn Liu <liudingyuan@xxxxxxxxxx>
  Dmitry Bogdanov <d.bogdanov@xxxxxxxxx>
  Dmitry Torokhov <dmitry.torokhov@xxxxxxxxx>
  Don Brace <don.brace@xxxxxxxxxxxxx>
  Edward Adam Davis <eadavis@xxxxxx>
  Edward Lo <edward.lo@xxxxxxxxxxxxx>
  Eric Dumazet <edumazet@xxxxxxxxxx>
  Erik Kurzinger <ekurzinger@xxxxxxxxxx>
  Eugen Hristev <eugen.hristev@xxxxxxxxxxxxx>
  Felix Fietkau <nbd@xxxxxxxx>
  Florian Fainelli <florian.fainelli@xxxxxxxxxxxx>
  Florian Westphal <fw@xxxxxxxxx>
  Frank Li <Frank.Li@xxxxxxx>
  Fullway Wang <fullwaywang@xxxxxxxxxxx>
  Gao Xiang <hsiangkao@xxxxxxxxxxxxxxxxx>
  Geert Uytterhoeven <geert+renesas@xxxxxxxxx>
  Geliang Tang <geliang.tang@xxxxxxxx>
  Geliang Tang <tanggeliang@xxxxxxxxxx>
  Gianmarco Lusvardi <glusvardi@xxxxxxxxxx>
  Greg Kroah-Hartman <gregkh@xxxxxxxxxxxxxxxxxxx>
  Guenter Roeck <linux@xxxxxxxxxxxx>
  Guixin Liu <kanie@xxxxxxxxxxxxxxxxx>
  Hannes Reinecke <hare@xxxxxxx>
  Hans de Goede <hdegoede@xxxxxxxxxx>
  Hector Martin <marcan@xxxxxxxxx>
  Heikki Krogerus <heikki.krogerus@xxxxxxxxxxxxxxx>
  Heiko Carstens <hca@xxxxxxxxxxxxx>
  Heiko Stuebner <heiko.stuebner@xxxxxxxxx>
  Heiko Stuebner <heiko@xxxxxxxxx>
  Helge Deller <deller@xxxxxx>
  Herbert Xu <herbert@xxxxxxxxxxxxxxxxxxx>
  Horatiu Vultur <horatiu.vultur@xxxxxxxxxxxxx>
  Hou Tao <houtao1@xxxxxxxxxx>
  Huacai Chen <chenhuacai@xxxxxxxxxxx>
  Huang Pei <huangpei@xxxxxxxxxxx>
  Ingo Molnar <mingo@xxxxxxxxxx>
  Ism Hong <ism.hong@xxxxxxxxx>
  Jakub Kicinski <kuba@xxxxxxxxxx>
  Jamal Hadi Salim <jhs@xxxxxxxxxxxx>
  Jan Kiszka <jan.kiszka@xxxxxxxxxxx>
  Jason Gunthorpe <jgg@xxxxxxxxxx>
  Jason Wang <jasowang@xxxxxxxxxx>
  Jens Axboe <axboe@xxxxxxxxx>
  Jeremy Kerr <jk@xxxxxxxxxxxxxxxxxxxx>
  Jiri Pirko <jiri@xxxxxxxxxx>
  Joao Martins <joao.m.martins@xxxxxxxxxx>
  Johannes Berg <johannes.berg@xxxxxxxxx>
  Johannes Weiner <hannes@xxxxxxxxxxx>
  John Fastabend <john.fastabend@xxxxxxxxx>
  Jon Hunter <jonathanh@xxxxxxxxxx>
  Julian Sikorski <belegdol@xxxxxxxxx>
  Justin Iurman <justin.iurman@xxxxxxxxx>
  Kairui Song <kasong@xxxxxxxxxxx>
  Kalesh AP <kalesh-anakkur.purayil@xxxxxxxxxxxx>
  Kamal Heib <kheib@xxxxxxxxxx>
  Kees Cook <keescook@xxxxxxxxxxxx>
  Keith Busch <kbusch@xxxxxxxxxx>
  Kelsey Steele <kelseysteele@xxxxxxxxxxxxxxxxxxx>
  kernelci.org bot <bot@xxxxxxxxxxxx>
  Konstantin Komarov <almaz.alexandrovich@xxxxxxxxxxxxxxxxxxxx>
  Krishna Kurapati <quic_kriskura@xxxxxxxxxxx>
  Kuniyuki Iwashima <kuniyu@xxxxxxxxxx>
  Kunwu Chan <chentao@xxxxxxxxxx>
  Lennert Buytenhek <kernel@xxxxxxxxxxxxxx>
  Leon Romanovsky <leon@xxxxxxxxxx>
  Lino Sanfilippo <l.sanfilippo@xxxxxxxxxx>
  Linux Kernel Functional Testing <lkft@xxxxxxxxxx>
  Maarten van der Schrieck
  Maksim Kiselev <bigunclemax@xxxxxxxxx>
  Marc Zyngier <maz@xxxxxxxxxx>
  Marek Szyprowski <m.szyprowski@xxxxxxxxxxx>
  Mario Limonciello <mario.limonciello@xxxxxxx>
  Mark Brown <broonie@xxxxxxxxxx>
  Martin Blumenstingl <martin.blumenstingl@xxxxxxxxxxxxxx>
  Martin K. Petersen <martin.petersen@xxxxxxxxxx>
  Martin KaFai Lau <martin.lau@xxxxxxxxxx>
  Martin Povišer <povik+lin@xxxxxxxxxxx>
  Masahiro Yamada <masahiroy@xxxxxxxxxx>
  Mat Martineau <martineau@xxxxxxxxxx>
  Mats Kronberg <kronberg@xxxxxxxxxx>
  Matthieu Baerts (NGI0) <matttbe@xxxxxxxxxx>
  Matthieu Baerts <matthieu.baerts@xxxxxxxxxxxx>
  Mel Gorman <mgorman@xxxxxxx>
  Michael S. Tsirkin <mst@xxxxxxxxxx>
  Michal Hocko <mhocko@xxxxxxxx>
  Michal Kazior <michal@xxxxxxxxx>
  Mike Marciniszyn <mike.marciniszyn@xxxxxxxxx>
  Mike Rapoport (IBM) <rppt@xxxxxxxxxx>
  Mike Snitzer <snitzer@xxxxxxxxxx>
  Mikulas Patocka <mpatocka@xxxxxxxxxx>
  Mustafa Ismail <mustafa.ismail@xxxxxxxxx>
  Nam Cao <namcao@xxxxxxxxxxxxx>
  Naohiro Aota <naohiro.aota@xxxxxxx>
  Nathan Chancellor <nathan@xxxxxxxxxx> # build
  Nicolas Dichtel <nicolas.dichtel@xxxxxxxxx>
  Nikita Shubin <nikita.shubin@xxxxxxxxxxx>
  Niklas Cassel <cassel@xxxxxxxxxx>
  Niklas Schnelle <schnelle@xxxxxxxxxxxxx>
  Oliver Upton <oliver.upton@xxxxxxxxx>
  Pablo Neira Ayuso <pablo@xxxxxxxxxxxxx>
  Paolo Abeni <pabeni@xxxxxxxxxx>
  Paulo Alcantara <pc@xxxxxxxxxxxxx>
  Pavel Machek (CIP) <pavel@xxxxxxx>
  Pavel Sakharov <p.sakharov@xxxxxxxxx>
  Pawel Laszczak <pawell@xxxxxxxxxxx>
  Peter Chen <peter.chen@xxxxxxxxxx>
  Peter Oberparleiter <oberpar@xxxxxxxxxxxxx>
  Peter Zijlstra (Intel) <peterz@xxxxxxxxxxxxx>
  Peter Zijlstra <peterz@xxxxxxxxxxxxx>
  Petr Vorel <pvorel@xxxxxxx>
  Phoenix Chen <asbeltogf@xxxxxxxxx>
  Prike Liang <Prike.Liang@xxxxxxx>
  Radhey Shyam Pandey <radhey.shyam.pandey@xxxxxxx>
  Randy Dunlap <rdunlap@xxxxxxxxxxxxx>
  Richard Fitzgerald <rf@xxxxxxxxxxxxxxxxxxxxx>
  Robert Richter <rrichter@xxxxxxx>
  Ron Economos <re@xxxxxxxx>
  Rémi Denis-Courmont <courmisch@xxxxxxxxx>
  Sabrina Dubroca <sd@xxxxxxxxxxxxxxx>
  Salvatore Bonaccorso <carnil@xxxxxxxxxx>
  Sandeep Dhavale <dhavale@xxxxxxxxxx>
  Sasha Levin <sashal@xxxxxxxxxx>
  Selvin Xavier <selvin.xavier@xxxxxxxxxxxx>
  SEO HOYOUNG <hy50.seo@xxxxxxxxxxx>
  SeongJae Park <sj@xxxxxxxxxx>
  Shakeel Butt <shakeelb@xxxxxxxxxx>
  Shanker Donthineni <sdonthineni@xxxxxxxxxx>
  Shigeru Yoshida <syoshida@xxxxxxxxxx>
  Shiraz Saleem <shiraz.saleem@xxxxxxxxx>
  Shuah Khan <skhan@xxxxxxxxxxxxxxxxxxx>
  Shyam Prasad N <sprasad@xxxxxxxxxxxxx>
  Siddharth Vadapalli <s-vadapalli@xxxxxx>
  Simon Ser <contact@xxxxxxxxxxx>
  Sindhu Devale <sindhu.devale@xxxxxxxxx>
  Sindhu Devale <sindhu.devale@xxxxxxxxx>
  Sohaib Nadeem <sohaib.nadeem@xxxxxxx>
  Song Liu <song@xxxxxxxxxx>
  Steve French <stfrench@xxxxxxxxxxxxx>
  Subbaraya Sundeep <sbhatta@xxxxxxxxxxx>
  syzbot+fd7b34375c1c8ce29c93@xxxxxxxxxxxxxxxxxxxxxxxxx
  Szilard Fabian <szfabian@xxxxxxxxxxxxx>
  Szuying Chen <chensiying21@xxxxxxxxx>
  Szuying Chen <Chloe_Chen@xxxxxxxxxxxxxx>
  Takashi Iwai <tiwai@xxxxxxx>
  Takashi Sakamoto <o-takashi@xxxxxxxxxxxxx>
  Theodore Ts'o <tytso@xxxxxxx>
  Thinh Nguyen <Thinh.Nguyen@xxxxxxxxxxxx>
  Thomas Bogendoerfer <tsbogend@xxxxxxxxxxxxxxxx>
  Thomas Gleixner <tglx@xxxxxxxxxxxxx>
  Thomas Hellström <thomas.hellstrom@xxxxxxxxxxxxxxx>
  Thorsten Winkler <twinkler@xxxxxxxxxxxxx>
  Tobias Waldekranz <tobias@xxxxxxxxxxxxxx>
  Tom Chung <chiahsuan.chung@xxxxxxx>
  Tom Parkin <tparkin@xxxxxxxxxxx>
  Ulf Hansson <ulf.hansson@xxxxxxxxxx>
  Vasiliy Kovalev <kovalev@xxxxxxxxxxxx>
  Vidya Sagar <vidyas@xxxxxxxxxx>
  Vinod Koul <vkoul@xxxxxxxxxx>
  Will Deacon <will@xxxxxxxxxx>
  Wolfram Sang <wsa+renesas@xxxxxxxxxxxxxxxxxxxx>
  Xin Long <lucien.xin@xxxxxxxxx>
  Xu Yang <xu.yang_2@xxxxxxx>
  Yann Sionneau <ysionneau@xxxxxxxxxxxxx>
  Yi Sun <yi.sun@xxxxxxxxxx>
  Yogesh Chandra Pandey <YogeshChandra.Pandey@xxxxxxxxxxxxx>
  Yosry Ahmed <yosryahmed@xxxxxxxxxx>
  Yu Kuai <yukuai3@xxxxxxxxxx>
  Yu Zhao <yuzhao@xxxxxxxxxx>
  Yue Hu <huyue2@xxxxxxxxxxx>
  Zhang Rui <rui.zhang@xxxxxxxxx>
  Zhang Yi <yi.zhang@xxxxxxxxxx>
  zhenwei pi <pizhenwei@xxxxxxxxxxxxx>
  Zhipeng Lu <alexious@xxxxxxxxxx>

jobs:
 build-amd64-xsm                                              pass    
 build-arm64-xsm                                              pass    
 build-i386-xsm                                               pass    
 build-amd64                                                  pass    
 build-arm64                                                  pass    
 build-armhf                                                  pass    
 build-i386                                                   pass    
 build-amd64-libvirt                                          pass    
 build-arm64-libvirt                                          pass    
 build-armhf-libvirt                                          pass    
 build-i386-libvirt                                           pass    
 build-amd64-pvops                                            pass    
 build-arm64-pvops                                            pass    
 build-armhf-pvops                                            pass    
 build-i386-pvops                                             pass    
 test-amd64-amd64-xl                                          pass    
 test-amd64-coresched-amd64-xl                                fail    
 test-arm64-arm64-xl                                          pass    
 test-armhf-armhf-xl                                          pass    
 test-amd64-amd64-libvirt-qemuu-debianhvm-amd64-xsm           pass    
 test-amd64-amd64-xl-qemut-stubdom-debianhvm-amd64-xsm        pass    
 test-amd64-amd64-xl-qemut-debianhvm-i386-xsm                 pass    
 test-amd64-amd64-xl-qemuu-debianhvm-i386-xsm                 pass    
 test-amd64-amd64-libvirt-xsm                                 fail    
 test-arm64-arm64-libvirt-xsm                                 pass    
 test-amd64-amd64-xl-xsm                                      pass    
 test-arm64-arm64-xl-xsm                                      pass    
 test-amd64-amd64-qemuu-nested-amd                            fail    
 test-amd64-amd64-xl-pvhv2-amd                                pass    
 test-amd64-amd64-dom0pvh-xl-amd                              pass    
 test-amd64-amd64-xl-qemut-debianhvm-amd64                    fail    
 test-amd64-amd64-xl-qemuu-debianhvm-amd64                    pass    
 test-amd64-amd64-freebsd11-amd64                             pass    
 test-amd64-amd64-freebsd12-amd64                             pass    
 test-amd64-amd64-xl-qemuu-ovmf-amd64                         pass    
 test-amd64-amd64-xl-qemut-win7-amd64                         fail    
 test-amd64-amd64-xl-qemuu-win7-amd64                         fail    
 test-amd64-amd64-xl-qemut-ws16-amd64                         fail    
 test-amd64-amd64-xl-qemuu-ws16-amd64                         fail    
 test-armhf-armhf-xl-arndale                                  pass    
 test-amd64-amd64-examine-bios                                pass    
 test-amd64-amd64-xl-credit1                                  pass    
 test-arm64-arm64-xl-credit1                                  pass    
 test-armhf-armhf-xl-credit1                                  pass    
 test-amd64-amd64-xl-credit2                                  fail    
 test-arm64-arm64-xl-credit2                                  pass    
 test-armhf-armhf-xl-credit2                                  pass    
 test-amd64-amd64-xl-qemuu-dmrestrict-amd64-dmrestrict        pass    
 test-amd64-amd64-examine                                     pass    
 test-arm64-arm64-examine                                     pass    
 test-armhf-armhf-examine                                     pass    
 test-amd64-amd64-qemuu-nested-intel                          pass    
 test-amd64-amd64-xl-pvhv2-intel                              pass    
 test-amd64-amd64-dom0pvh-xl-intel                            pass    
 test-amd64-amd64-libvirt                                     pass    
 test-armhf-armhf-libvirt                                     pass    
 test-amd64-amd64-xl-multivcpu                                pass    
 test-armhf-armhf-xl-multivcpu                                pass    
 test-amd64-amd64-pair                                        pass    
 test-amd64-amd64-libvirt-pair                                pass    
 test-amd64-amd64-xl-pvshim                                   pass    
 test-amd64-amd64-pygrub                                      pass    
 test-amd64-amd64-libvirt-qcow2                               pass    
 test-armhf-armhf-libvirt-qcow2                               pass    
 test-amd64-amd64-libvirt-raw                                 pass    
 test-arm64-arm64-libvirt-raw                                 pass    
 test-armhf-armhf-libvirt-raw                                 pass    
 test-amd64-amd64-xl-rtds                                     pass    
 test-armhf-armhf-xl-rtds                                     pass    
 test-amd64-amd64-xl-qemuu-debianhvm-amd64-shadow             pass    
 test-amd64-amd64-xl-shadow                                   pass    
 test-arm64-arm64-xl-thunderx                                 pass    
 test-amd64-amd64-examine-uefi                                pass    
 test-amd64-amd64-xl-vhd                                      pass    
 test-arm64-arm64-xl-vhd                                      pass    
 test-armhf-armhf-xl-vhd                                      pass    


------------------------------------------------------------
sg-report-flight on osstest.test-lab.xenproject.org
logs: /home/logs/logs
images: /home/logs/images

Logs, config files, etc. are available at
    http://logs.test-lab.xenproject.org/osstest/logs

Explanation of these reports, and of osstest in general, is at
    http://xenbits.xen.org/gitweb/?p=osstest.git;a=blob;f=README.email;hb=master
    http://xenbits.xen.org/gitweb/?p=osstest.git;a=blob;f=README;hb=master

Test harness code can be found at
    http://xenbits.xen.org/gitweb?p=osstest.git;a=summary


Not pushing.

(No revision log; it would be 5814 lines long.)



 


Rackspace

Lists.xenproject.org is hosted with RackSpace, monitoring our
servers 24x7x365 and backed by RackSpace's Fanatical Support®.