[Date Prev][Date Next][Thread Prev][Thread Next][Date Index][Thread Index]

[linux-linus test] 184861: tolerable FAIL - PUSHED



flight 184861 linux-linus real [real]
flight 184877 linux-linus real-retest [real]
http://logs.test-lab.xenproject.org/osstest/logs/184861/
http://logs.test-lab.xenproject.org/osstest/logs/184877/

Failures :-/ but no regressions.

Tests which are failing intermittently (not blocking):
 test-amd64-amd64-xl-qemuu-debianhvm-i386-xsm 12 debian-hvm-install fail pass 
in 184877-retest

Tests which did not succeed, but are not blocking:
 test-amd64-amd64-xl-qemut-win7-amd64 19 guest-stop            fail like 184835
 test-amd64-amd64-xl-qemuu-win7-amd64 19 guest-stop            fail like 184835
 test-amd64-amd64-xl-qemuu-ws16-amd64 19 guest-stop            fail like 184835
 test-armhf-armhf-libvirt-qcow2 15 saverestore-support-check   fail like 184835
 test-armhf-armhf-libvirt-raw 15 saverestore-support-check    fail  like 184835
 test-armhf-armhf-libvirt     16 saverestore-support-check    fail  like 184835
 test-amd64-amd64-xl-qemut-ws16-amd64 19 guest-stop            fail like 184835
 test-amd64-amd64-qemuu-nested-amd 20 debian-hvm-install/l1/l2 fail like 184835
 test-amd64-amd64-libvirt     15 migrate-support-check        fail   never pass
 test-amd64-amd64-libvirt-xsm 15 migrate-support-check        fail   never pass
 test-arm64-arm64-xl          15 migrate-support-check        fail   never pass
 test-arm64-arm64-xl          16 saverestore-support-check    fail   never pass
 test-arm64-arm64-xl-credit1  15 migrate-support-check        fail   never pass
 test-arm64-arm64-xl-credit1  16 saverestore-support-check    fail   never pass
 test-arm64-arm64-xl-thunderx 15 migrate-support-check        fail   never pass
 test-arm64-arm64-xl-thunderx 16 saverestore-support-check    fail   never pass
 test-arm64-arm64-libvirt-xsm 15 migrate-support-check        fail   never pass
 test-arm64-arm64-libvirt-xsm 16 saverestore-support-check    fail   never pass
 test-arm64-arm64-xl-credit2  15 migrate-support-check        fail   never pass
 test-arm64-arm64-xl-credit2  16 saverestore-support-check    fail   never pass
 test-amd64-amd64-libvirt-qemuu-debianhvm-amd64-xsm 13 migrate-support-check 
fail never pass
 test-armhf-armhf-xl-rtds     15 migrate-support-check        fail   never pass
 test-armhf-armhf-xl-rtds     16 saverestore-support-check    fail   never pass
 test-armhf-armhf-xl          15 migrate-support-check        fail   never pass
 test-armhf-armhf-xl-credit1  15 migrate-support-check        fail   never pass
 test-armhf-armhf-xl          16 saverestore-support-check    fail   never pass
 test-armhf-armhf-xl-credit1  16 saverestore-support-check    fail   never pass
 test-armhf-armhf-xl-credit2  15 migrate-support-check        fail   never pass
 test-armhf-armhf-xl-credit2  16 saverestore-support-check    fail   never pass
 test-arm64-arm64-xl-xsm      15 migrate-support-check        fail   never pass
 test-arm64-arm64-xl-xsm      16 saverestore-support-check    fail   never pass
 test-amd64-amd64-libvirt-qcow2 14 migrate-support-check        fail never pass
 test-amd64-amd64-libvirt-raw 14 migrate-support-check        fail   never pass
 test-arm64-arm64-libvirt-raw 14 migrate-support-check        fail   never pass
 test-arm64-arm64-libvirt-raw 15 saverestore-support-check    fail   never pass
 test-arm64-arm64-xl-vhd      14 migrate-support-check        fail   never pass
 test-arm64-arm64-xl-vhd      15 saverestore-support-check    fail   never pass
 test-armhf-armhf-libvirt-qcow2 14 migrate-support-check        fail never pass
 test-armhf-armhf-xl-vhd      14 migrate-support-check        fail   never pass
 test-armhf-armhf-xl-vhd      15 saverestore-support-check    fail   never pass
 test-armhf-armhf-libvirt-raw 14 migrate-support-check        fail   never pass
 test-armhf-armhf-xl-multivcpu 15 migrate-support-check        fail  never pass
 test-armhf-armhf-xl-multivcpu 16 saverestore-support-check    fail  never pass
 test-armhf-armhf-xl-arndale  15 migrate-support-check        fail   never pass
 test-armhf-armhf-xl-arndale  16 saverestore-support-check    fail   never pass
 test-armhf-armhf-libvirt     15 migrate-support-check        fail   never pass

version targeted for testing:
 linux                04b8076df2534f08bb4190f90a24e0f7f8930aca
baseline version:
 linux                87adedeba51a822533649b143232418b9e26d08b

Last test of basis   184835  2024-03-01 17:44:20 Z    1 days
Testing same since   184861  2024-03-03 00:29:43 Z    0 days    1 attempts

------------------------------------------------------------
People who touched revisions under test:
  Adam Goldman <adamg@xxxxxxxxx>
  Adrian Hunter <adrian.hunter@xxxxxxxxx>
  Alex Deucher <alexander.deucher@xxxxxxx>
  Alex Hung <alex.hung@xxxxxxx>
  Alexandre Ghiti <alexghiti@xxxxxxxxxxxx>
  Alexandru Gagniuc <alexandru.gagniuc@xxxxxx>
  Andy Chiu <andybnac@xxxxxxxxx>
  Andy Shevchenko <andriy.shevchenko@xxxxxxxxxxxxxxx>
  Ard Biesheuvel <ardb@xxxxxxxxxx>
  Arnd Bergmann <arnd@xxxxxxxx>
  Arturas Moskvinas <arturas.moskvinas@xxxxxxxxx>
  Bart Van Assche <bvanassche@xxxxxxx>
  Bartosz Golaszewski <bartosz.golaszewski@xxxxxxxxxx>
  Bjorn Andersson <quic_bjorande@xxxxxxxxxxx>
  Chandan Babu R <chandanbabu@xxxxxxxxxx>
  Christian Brauner <brauner@xxxxxxxxxx>
  Christian König <christian.koenig@xxxxxxx>
  Christophe Kerello <christophe.kerello@xxxxxxxxxxx>
  Colin Ian King <colin.i.king@xxxxxxxxx>
  Conor Dooley <conor.dooley@xxxxxxxxxxxxx>
  Conor Dooley <conor@xxxxxxxxxx>
  Cristian Marussi <cristian.marussi@xxxxxxx>
  Dan Williams <dan.j.williams@xxxxxxxxx>
  Daniel Vetter <daniel.vetter@xxxxxxxx>
  Dave Airlie <airlied@xxxxxxxxxx>
  David Howells <dhowells@xxxxxxxxxx>
  David Sterba <dsterba@xxxxxxxx>
  Dimitris Vlachos <dvlachos@xxxxxxxxxxxx>
  Dmitry Baryshkov <dmitry.baryshkov@xxxxxxxxxx>
  Elad Nachman <enachman@xxxxxxxxxxx>
  Eniac Zhang <eniac-xw.zhang@xxxxxx>
  Eric Biggers <ebiggers@xxxxxxxxxx>
  Fei Wu <fei2.wu@xxxxxxxxx>
  Filipe Manana <fdmanana@xxxxxxxx>
  Francois Dugast <francois.dugast@xxxxxxxxx>
  Gergo Koteles <soyer@xxxxxx>
  Guo Ren <guoren@xxxxxxxxxx>
  Hans de Goede <hdegoede@xxxxxxxxxx>
  Hans Peter <flurry123@xxxxxx>
  Ilya Dryomov <idryomov@xxxxxxxxx>
  Ivan Semenov <ivan@xxxxxxxxxxx>
  Jaroslav Kysela <perex@xxxxxxxx>
  Jason Gunthorpe <jgg@xxxxxxxxxx>
  Jay Ajit Mate <jay.mate15@xxxxxxxxx>
  Jiawei Wang <me@xxxxxxxxxx>
  Jiri Olsa <olsajiri@xxxxxxxxx>
  Jiri Slaby (SUSE) <jirislaby@xxxxxxxxxx>
  Jisheng Zhang <jszhang@xxxxxxxxxx>
  Joerg Roedel <jroedel@xxxxxxx>
  Johan Hovold <johan+linaro@xxxxxxxxxx>
  John Garry <john.g.garry@xxxxxxxxxx> #build only
  Johnny Hsieh <mnixry@xxxxxxxxxxx>
  Jon Hunter <jonathanh@xxxxxxxxxx>
  José Roberto de Souza <jose.souza@xxxxxxxxx>
  Kailang Yang <kailang@xxxxxxxxxxx>
  Linus Torvalds <torvalds@xxxxxxxxxxxxxxxxxxxx>
  Luca Ceresoli <luca.ceresoli@xxxxxxxxxxx>
  Lucas De Marchi <lucas.demarchi@xxxxxxxxx>
  Ma Jun <Jun.Ma2@xxxxxxx>
  Maarten Lankhorst <maarten.lankhorst@xxxxxxxxxxxxxxx>
  Mark Brown <broonie@xxxxxxxxxx>
  Martin K. Petersen <martin.petersen@xxxxxxxxxx>
  Masahiro Yamada <masahiroy@xxxxxxxxxx>
  Masami Hiramatsu (Google) <mhiramat@xxxxxxxxxx>
  Matthew Auld <matthew.auld@xxxxxxxxx>
  Matthew Brost <matthew.brost@xxxxxxxxx>
  Maxime Ripard <mripard@xxxxxxxxxx>
  Maxime Ripard <mripard@xxxxxxxxxx>
  Mika Kuoppala <mika.kuoppala@xxxxxxxxxxxxxxx>
  Mikko Perttunen <mperttunen@xxxxxxxxxx>
  Ming Lei <ming.lei@xxxxxxxxxx>
  Namjae Jeon <linkinjeon@xxxxxxxxxx>
  Nathan Chancellor <nathan@xxxxxxxxxx>
  Neil Armstrong <neil.armstrong@xxxxxxxxxx>
  Neil Armstrong <neil.armstrong@xxxxxxxxxx> # on SM8650-HDK
  Nicolin Chen <nicolinc@xxxxxxxxxx>
  Palmer Dabbelt <palmer@xxxxxxxxxxxx>
  Paloma Arellano <quic_parellan@xxxxxxxxxxx>
  Paul Walmsley <paul.walmsley@xxxxxxxxxx>
  Paulo Zanoni <paulo.r.zanoni@xxxxxxxxx>
  Prike Liang <Prike.Liang@xxxxxxx>
  Priyanka Dandamudi <priyanka.dandamudi@xxxxxxxxx>
  Ranjan Kumar <ranjan.kumar@xxxxxxxxxxxx>
  Richard Fitzgerald <rf@xxxxxxxxxxxxxxxxxxxxx>
  Rob Clark <robdclark@xxxxxxxxxxxx>
  Rob Clark <robdclark@xxxxxxxxx>
  Rob Herring <robh@xxxxxxxxxx>
  Robert Foss <rfoss@xxxxxxxxxx>
  Rodrigo Vivi <rodrigo.vivi@xxxxxxxxx>
  Ryan Lin <tsung-hua.lin@xxxxxxx>
  Samuel Holland <samuel.holland@xxxxxxxxxx>
  Saravana Kannan <saravanak@xxxxxxxxxx>
  Sebastian Reichel <sebastian.reichel@xxxxxxxxxxxxx>
  Shiyang Ruan <ruansy.fnst@xxxxxxxxxxx>
  Sid Pranjale <sidpranjale127@xxxxxxxxxxxxxx>
  Srinivasan Shanmugam <srinivasan.shanmugam@xxxxxxx>
  Takashi Iwai <tiwai@xxxxxxx>
  Takashi Sakamoto <o-takashi@xxxxxxxxxxxxx>
  Tetsuo Handa <penguin-kernel@xxxxxxxxxxxxxxxxxxx>
  Thierry Reding <treding@xxxxxxxxxx>
  Thomas Hellstrom <thomas.hellstrom@xxxxxxxxxxxxxxx>
  Thomas Hellström <thomas.hellstrom@xxxxxxxxxxxxxxx>
  Thomas Weißschuh <linux@xxxxxxxxxxxxxx>
  Tim Schumacher <timschumi@xxxxxx>
  Ulf Hansson <ulf.hansson@xxxxxxxxxx>
  Vadim Shakirov <vadim.shakirov@xxxxxxxxxxxxx>
  Willian Wang <git@xxxxxxxxxxxx>
  Xiubo Li <xiubli@xxxxxxxxxx>
  Yangyu Chen <cyy@xxxxxxxxxxxx>
  Yuezhang Mo <Yuezhang.Mo@xxxxxxxx>
  Zhangfei Gao <zhangfei.gao@xxxxxxxxxx>
  Zong Li <zong.li@xxxxxxxxxx>

jobs:
 build-amd64-xsm                                              pass    
 build-arm64-xsm                                              pass    
 build-i386-xsm                                               pass    
 build-amd64                                                  pass    
 build-arm64                                                  pass    
 build-armhf                                                  pass    
 build-i386                                                   pass    
 build-amd64-libvirt                                          pass    
 build-arm64-libvirt                                          pass    
 build-armhf-libvirt                                          pass    
 build-i386-libvirt                                           pass    
 build-amd64-pvops                                            pass    
 build-arm64-pvops                                            pass    
 build-armhf-pvops                                            pass    
 build-i386-pvops                                             pass    
 test-amd64-amd64-xl                                          pass    
 test-amd64-coresched-amd64-xl                                pass    
 test-arm64-arm64-xl                                          pass    
 test-armhf-armhf-xl                                          pass    
 test-amd64-amd64-libvirt-qemuu-debianhvm-amd64-xsm           pass    
 test-amd64-amd64-xl-qemut-stubdom-debianhvm-amd64-xsm        pass    
 test-amd64-amd64-xl-qemut-debianhvm-i386-xsm                 pass    
 test-amd64-amd64-xl-qemuu-debianhvm-i386-xsm                 fail    
 test-amd64-amd64-libvirt-xsm                                 pass    
 test-arm64-arm64-libvirt-xsm                                 pass    
 test-amd64-amd64-xl-xsm                                      pass    
 test-arm64-arm64-xl-xsm                                      pass    
 test-amd64-amd64-qemuu-nested-amd                            fail    
 test-amd64-amd64-xl-pvhv2-amd                                pass    
 test-amd64-amd64-dom0pvh-xl-amd                              pass    
 test-amd64-amd64-xl-qemut-debianhvm-amd64                    pass    
 test-amd64-amd64-xl-qemuu-debianhvm-amd64                    pass    
 test-amd64-amd64-freebsd11-amd64                             pass    
 test-amd64-amd64-freebsd12-amd64                             pass    
 test-amd64-amd64-xl-qemuu-ovmf-amd64                         pass    
 test-amd64-amd64-xl-qemut-win7-amd64                         fail    
 test-amd64-amd64-xl-qemuu-win7-amd64                         fail    
 test-amd64-amd64-xl-qemut-ws16-amd64                         fail    
 test-amd64-amd64-xl-qemuu-ws16-amd64                         fail    
 test-armhf-armhf-xl-arndale                                  pass    
 test-amd64-amd64-examine-bios                                pass    
 test-amd64-amd64-xl-credit1                                  pass    
 test-arm64-arm64-xl-credit1                                  pass    
 test-armhf-armhf-xl-credit1                                  pass    
 test-amd64-amd64-xl-credit2                                  pass    
 test-arm64-arm64-xl-credit2                                  pass    
 test-armhf-armhf-xl-credit2                                  pass    
 test-amd64-amd64-xl-qemuu-dmrestrict-amd64-dmrestrict        pass    
 test-amd64-amd64-examine                                     pass    
 test-arm64-arm64-examine                                     pass    
 test-armhf-armhf-examine                                     pass    
 test-amd64-amd64-qemuu-nested-intel                          pass    
 test-amd64-amd64-xl-pvhv2-intel                              pass    
 test-amd64-amd64-dom0pvh-xl-intel                            pass    
 test-amd64-amd64-libvirt                                     pass    
 test-armhf-armhf-libvirt                                     pass    
 test-amd64-amd64-xl-multivcpu                                pass    
 test-armhf-armhf-xl-multivcpu                                pass    
 test-amd64-amd64-pair                                        pass    
 test-amd64-amd64-libvirt-pair                                pass    
 test-amd64-amd64-xl-pvshim                                   pass    
 test-amd64-amd64-pygrub                                      pass    
 test-amd64-amd64-libvirt-qcow2                               pass    
 test-armhf-armhf-libvirt-qcow2                               pass    
 test-amd64-amd64-libvirt-raw                                 pass    
 test-arm64-arm64-libvirt-raw                                 pass    
 test-armhf-armhf-libvirt-raw                                 pass    
 test-amd64-amd64-xl-rtds                                     pass    
 test-armhf-armhf-xl-rtds                                     pass    
 test-amd64-amd64-xl-qemuu-debianhvm-amd64-shadow             pass    
 test-amd64-amd64-xl-shadow                                   pass    
 test-arm64-arm64-xl-thunderx                                 pass    
 test-amd64-amd64-examine-uefi                                pass    
 test-amd64-amd64-xl-vhd                                      pass    
 test-arm64-arm64-xl-vhd                                      pass    
 test-armhf-armhf-xl-vhd                                      pass    


------------------------------------------------------------
sg-report-flight on osstest.test-lab.xenproject.org
logs: /home/logs/logs
images: /home/logs/images

Logs, config files, etc. are available at
    http://logs.test-lab.xenproject.org/osstest/logs

Explanation of these reports, and of osstest in general, is at
    http://xenbits.xen.org/gitweb/?p=osstest.git;a=blob;f=README.email;hb=master
    http://xenbits.xen.org/gitweb/?p=osstest.git;a=blob;f=README;hb=master

Test harness code can be found at
    http://xenbits.xen.org/gitweb?p=osstest.git;a=summary


Pushing revision :

hint: The 'hooks/update' hook was ignored because it's not set as executable.
hint: You can disable this warning with `git config advice.ignoredHook false`.
hint: The 'hooks/post-receive' hook was ignored because it's not set as 
executable.
hint: You can disable this warning with `git config advice.ignoredHook false`.
hint: The 'hooks/post-update' hook was ignored because it's not set as 
executable.
hint: You can disable this warning with `git config advice.ignoredHook false`.
To xenbits.xen.org:/home/xen/git/linux-pvops.git
   87adedeba51a8..04b8076df2534  04b8076df2534f08bb4190f90a24e0f7f8930aca -> 
tested/linux-linus



 


Rackspace

Lists.xenproject.org is hosted with RackSpace, monitoring our
servers 24x7x365 and backed by RackSpace's Fanatical Support®.