[Date Prev][Date Next][Thread Prev][Thread Next][Date Index][Thread Index]

[linux-6.1 test] 184922: tolerable FAIL - PUSHED



flight 184922 linux-6.1 real [real]
flight 184929 linux-6.1 real-retest [real]
http://logs.test-lab.xenproject.org/osstest/logs/184922/
http://logs.test-lab.xenproject.org/osstest/logs/184929/

Failures :-/ but no regressions.

Tests which are failing intermittently (not blocking):
 test-amd64-amd64-xl-multivcpu 20 guest-localmigrate/x10 fail pass in 
184929-retest
 test-armhf-armhf-xl-credit1   8 xen-boot            fail pass in 184929-retest

Tests which did not succeed, but are not blocking:
 test-armhf-armhf-xl-credit1 15 migrate-support-check fail in 184929 never pass
 test-armhf-armhf-xl-credit1 16 saverestore-support-check fail in 184929 never 
pass
 test-armhf-armhf-libvirt-raw 15 saverestore-support-check    fail  like 184831
 test-armhf-armhf-libvirt     16 saverestore-support-check    fail  like 184841
 test-amd64-amd64-xl-qemuu-win7-amd64 19 guest-stop            fail like 184841
 test-armhf-armhf-libvirt-qcow2 15 saverestore-support-check   fail like 184841
 test-amd64-amd64-xl-qemut-win7-amd64 19 guest-stop            fail like 184841
 test-amd64-amd64-xl-qemut-ws16-amd64 19 guest-stop            fail like 184841
 test-amd64-amd64-xl-qemuu-ws16-amd64 19 guest-stop            fail like 184841
 test-amd64-amd64-qemuu-nested-amd 20 debian-hvm-install/l1/l2 fail like 184841
 test-amd64-amd64-libvirt-xsm 15 migrate-support-check        fail   never pass
 test-amd64-amd64-libvirt     15 migrate-support-check        fail   never pass
 test-amd64-amd64-libvirt-qemuu-debianhvm-amd64-xsm 13 migrate-support-check 
fail never pass
 test-arm64-arm64-xl-xsm      15 migrate-support-check        fail   never pass
 test-arm64-arm64-xl-xsm      16 saverestore-support-check    fail   never pass
 test-arm64-arm64-xl          15 migrate-support-check        fail   never pass
 test-arm64-arm64-xl          16 saverestore-support-check    fail   never pass
 test-arm64-arm64-xl-thunderx 15 migrate-support-check        fail   never pass
 test-arm64-arm64-xl-thunderx 16 saverestore-support-check    fail   never pass
 test-arm64-arm64-xl-credit1  15 migrate-support-check        fail   never pass
 test-arm64-arm64-xl-credit1  16 saverestore-support-check    fail   never pass
 test-arm64-arm64-xl-credit2  15 migrate-support-check        fail   never pass
 test-arm64-arm64-xl-credit2  16 saverestore-support-check    fail   never pass
 test-arm64-arm64-libvirt-xsm 15 migrate-support-check        fail   never pass
 test-arm64-arm64-libvirt-xsm 16 saverestore-support-check    fail   never pass
 test-armhf-armhf-xl-credit2  15 migrate-support-check        fail   never pass
 test-armhf-armhf-xl-credit2  16 saverestore-support-check    fail   never pass
 test-armhf-armhf-xl-rtds     15 migrate-support-check        fail   never pass
 test-armhf-armhf-xl-rtds     16 saverestore-support-check    fail   never pass
 test-armhf-armhf-xl          15 migrate-support-check        fail   never pass
 test-armhf-armhf-xl          16 saverestore-support-check    fail   never pass
 test-armhf-armhf-xl-arndale  15 migrate-support-check        fail   never pass
 test-armhf-armhf-xl-arndale  16 saverestore-support-check    fail   never pass
 test-armhf-armhf-xl-multivcpu 15 migrate-support-check        fail  never pass
 test-armhf-armhf-xl-multivcpu 16 saverestore-support-check    fail  never pass
 test-armhf-armhf-libvirt     15 migrate-support-check        fail   never pass
 test-amd64-amd64-libvirt-qcow2 14 migrate-support-check        fail never pass
 test-amd64-amd64-libvirt-raw 14 migrate-support-check        fail   never pass
 test-arm64-arm64-libvirt-raw 14 migrate-support-check        fail   never pass
 test-arm64-arm64-libvirt-raw 15 saverestore-support-check    fail   never pass
 test-arm64-arm64-xl-vhd      14 migrate-support-check        fail   never pass
 test-arm64-arm64-xl-vhd      15 saverestore-support-check    fail   never pass
 test-armhf-armhf-libvirt-qcow2 14 migrate-support-check        fail never pass
 test-armhf-armhf-libvirt-raw 14 migrate-support-check        fail   never pass
 test-armhf-armhf-xl-vhd      14 migrate-support-check        fail   never pass
 test-armhf-armhf-xl-vhd      15 saverestore-support-check    fail   never pass

version targeted for testing:
 linux                61adba85cc40287232a539e607164f273260e0fe
baseline version:
 linux                a3eb3a74aa8c94e6c8130b55f3b031f29162868c

Last test of basis   184841  2024-03-02 08:11:10 Z    5 days
Testing same since   184922  2024-03-06 15:13:36 Z    0 days    1 attempts

------------------------------------------------------------
People who touched revisions under test:
  Abdun Nihaal <abdun.nihaal@xxxxxxxxx>
  Adrian Hunter <adrian.hunter@xxxxxxxxx>
  Alex Deucher <alexander.deucher@xxxxxxx>
  Alexander Lobakin <alexandr.lobakin@xxxxxxxxx>
  Alexander Ofitserov <oficerovas@xxxxxxxxxxxx>
  Alexander Stein <alexander.stein@xxxxxxxxxxxxxxx>
  Alexandru Gagniuc <alexandru.gagniuc@xxxxxx>
  Andrew Morton <akpm@xxxxxxxxxxxxxxxxxxxx>
  Andy Shevchenko <andriy.shevchenko@xxxxxxxxxxxxxxx>
  Anna Schumaker <Anna.Schumaker@xxxxxxxxxx>
  Ard Biesheuvel <ardb+git@xxxxxxxxxx>
  Ard Biesheuvel <ardb@xxxxxxxxxx>
  Arnd Bergmann <arnd@xxxxxxxx>
  Arturas Moskvinas <arturas.moskvinas@xxxxxxxxx>
  Bartosz Golaszewski <bartosz.golaszewski@xxxxxxxxxx>
  Bjorn Andersson <andersson@xxxxxxxxxx>
  Bjorn Andersson <quic_bjorande@xxxxxxxxxxx>
  Bjorn Helgaas <bhelgaas@xxxxxxxxxx>
  Borislav Petkov (AMD) <bp@xxxxxxxxx>
  Borislav Petkov <bp@xxxxxxx>
  Christian Brauner <brauner@xxxxxxxxxx>
  Christian König <christian.koenig@xxxxxxx>
  Christophe Kerello <christophe.kerello@xxxxxxxxxxx>
  Chuck Lever <chuck.lever@xxxxxxxxxx>
  Chunyan Zhang <chunyan.zhang@xxxxxxxxxx>
  Clancy Shang <clancy.shang@xxxxxxxxxxx>
  Colin Ian King <colin.i.king@xxxxxxxxx>
  Curtis Klein <curtis.klein@xxxxxxx>
  Dai Ngo <dai.ngo@xxxxxxxxxx>
  Daniel Borkmann <daniel@xxxxxxxxxxxxx>
  Daniel Vetter <daniel.vetter@xxxxxxxx>
  Dave Hansen <dave.hansen@xxxxxxxxxxxxxxx>
  David Disseldorp <ddiss@xxxxxxx>
  David Howells <dhowells@xxxxxxxxxx>
  David S. Miller <davem@xxxxxxxxxxxxx>
  David Sterba <dsterba@xxxxxxxx>
  Davide Caratti <dcaratti@xxxxxxxxxx>
  Dimitris Vlachos <dvlachos@xxxxxxxxxxxx>
  Dmitry Baryshkov <dmitry.baryshkov@xxxxxxxxxx>
  Dmitry Torokhov <dmitry.torokhov@xxxxxxxxx>
  Doug Smythies <dsmythies@xxxxxxxxx>
  Edward Lo <edward.lo@xxxxxxxxxxxxx>
  Elad Nachman <enachman@xxxxxxxxxxx>
  Elson Roy Serrao <quic_eserrao@xxxxxxxxxxx>
  Eniac Zhang <eniac-xw.zhang@xxxxxx>
  Eric Dumazet <edumazet@xxxxxxxxxx>
  Evgeniy Baskov <baskov@xxxxxxxxx>
  Filipe Manana <fdmanana@xxxxxxxx>
  Florian Fainelli <florian.fainelli@xxxxxxxxxxxx>
  Florian Westphal <fw@xxxxxxxxx>
  Frank Li <Frank.Li@xxxxxxx>
  Gaurav Batra <gbatra@xxxxxxxxxxxxxxxxxx>
  Geert Uytterhoeven <geert+renesas@xxxxxxxxx>
  Geliang Tang <tanggeliang@xxxxxxxxxx>
  Greg Kroah-Hartman <gregkh@xxxxxxxxxxxxxxxxxxx>
  Gustavo A. R. Silva <gustavoars@xxxxxxxxxx>
  Han Xu <han.xu@xxxxxxx>
  Hans de Goede <hdegoede@xxxxxxxxxx>
  Hans Peter <flurry123@xxxxxx>
  Herbert Xu <herbert@xxxxxxxxxxxxxxxxxxx>
  Hou Zhiqiang <Zhiqiang.Hou@xxxxxxx>
  Ido Schimmel <idosch@xxxxxxxxxx>
  Ignat Korchagin <ignat@xxxxxxxxxxxxxx>
  Ingo Molnar <mingo@xxxxxxxxxx>
  Ivan Semenov <ivan@xxxxxxxxxxx>
  Jakub Kicinski <kuba@xxxxxxxxxx>
  Jakub Raczynski <j.raczynski@xxxxxxxxxxx>
  Janaki Ramaiah Thota <quic_janathot@xxxxxxxxxxx>
  Javier Carrasco <javier.carrasco.cruz@xxxxxxxxx>
  Jeff Layton <jlayton@xxxxxxxxxx>
  Jeremy Kerr <jk@xxxxxxxxxxxxxxxxxxxx>
  Jia-Ju Bai <baijiaju1990@xxxxxxxxx>
  Jiri Bohac <jbohac@xxxxxxx>
  Jiri Slaby (SUSE) <jirislaby@xxxxxxxxxx>
  Jiri Slaby <jirislaby@xxxxxxxxxx>
  Joerg Roedel <jroedel@xxxxxxx>
  Johan Hovold <johan+linaro@xxxxxxxxxx>
  Johannes Berg <johannes.berg@xxxxxxxxx>
  Jon Hunter <jonathanh@xxxxxxxxxx>
  Jonas Dreßler <verdre@xxxxxxx>
  Juergen Gross <jgross@xxxxxxxx>
  Justin Iurman <justin.iurman@xxxxxxxxx>
  Kai-Heng Feng <kai.heng.feng@xxxxxxxxxxxxx>
  Kees Cook <keescook@xxxxxxxxxxxx>
  Kirill A. Shutemov <kirill.shutemov@xxxxxxxxxxxxxxx>
  Konstantin Komarov <almaz.alexandrovich@xxxxxxxxxxxxxxxxxxxx>
  Krzysztof Kozlowski <krzysztof.kozlowski@xxxxxxxxxx>
  Kuniyuki Iwashima <kuniyu@xxxxxxxxxx>
  Leon Romanovsky <leon@xxxxxxxxxx>
  Leon Romanovsky <leonro@xxxxxxxxxx>
  Lin Ma <linma@xxxxxxxxxx>
  Linus Torvalds <torvalds@xxxxxxxxxxxxxxxxxxxx>
  Linux Kernel Functional Testing <lkft@xxxxxxxxxx>
  Lorenzo Pieralisi <lpieralisi@xxxxxxxxxx>
  Louis DeLosSantos <louis.delos.devel@xxxxxxxxx>
  Luca Ceresoli <luca.ceresoli@xxxxxxxxxxx>
  Luca Weiss <luca.weiss@xxxxxxxxxxxxx>
  Luiz Augusto von Dentz <luiz.von.dentz@xxxxxxxxx>
  Lukasz Majewski <lukma@xxxxxxx>
  Manivannan Sadhasivam <mani@xxxxxxxxxx>
  Manivannan Sadhasivam <manivannan.sadhasivam@xxxxxxxxxx>
  Marek Vasut <marex@xxxxxxx>
  Mario Limonciello <mario.limonciello@xxxxxxx>
  Martin Blumenstingl <martin.blumenstingl@xxxxxxxxxxxxxx>
  Martin K. Petersen <martin.petersen@xxxxxxxxxx>
  Martin KaFai Lau <martin.lau@xxxxxxxxxx>
  Martynas Pumputis <m@xxxxxxxxx>
  Mateusz Jończyk <mat.jonczyk@xxxxx>
  Matthew Auld <matthew.auld@xxxxxxxxx>
  Matthieu Baerts (NGI0) <matttbe@xxxxxxxxxx>
  Maximilian Heyne <mheyne@xxxxxxxxx>
  Michael Ellerman <mpe@xxxxxxxxxxxxxx>
  Mickaël Salaün <mic@xxxxxxxxxxx>
  Mike Christie <michael.christie@xxxxxxxxxx>
  Min-Hua Chen <minhuadotchen@xxxxxxxxx>
  Ming Lei <ming.lei@xxxxxxxxxx>
  Miquel Raynal <miquel.raynal@xxxxxxxxxxx>
  Neil Armstrong <neil.armstrong@xxxxxxxxxx>
  NeilBrown <neilb@xxxxxxx>
  Nicolas Belin <nbelin@xxxxxxxxxxxx>
  Nikolay Aleksandrov <razor@xxxxxxxxxxxxx>
  Oleksij Rempel <o.rempel@xxxxxxxxxxxxxx>
  Pablo Neira Ayuso <pablo@xxxxxxxxxxxxx>
  Palmer Dabbelt <palmer@xxxxxxxxxxxx>
  Paolo Abeni <pabeni@xxxxxxxxxx>
  Paolo Bonzini <pbonzini@xxxxxxxxxx>
  Patrisious Haddad <phaddad@xxxxxxxxxx>
  Pavel Machek (CIP) <pavel@xxxxxxx>
  Pawan Gupta <pawan.kumar.gupta@xxxxxxxxxxxxxxx>
  Peng Ma <peng.ma@xxxxxxx>
  Petr Machata <petrm@xxxxxxxxxx>
  Pucha Himasekhar Reddy <himasekharx.reddy.pucha@xxxxxxxxx> (A Contingent 
worker at Intel)
  Rafael J. Wysocki <rafael.j.wysocki@xxxxxxxxx>
  Rob Herring <robh@xxxxxxxxxx>
  Robert Foss <rfoss@xxxxxxxxxx>
  Ron Economos <re@xxxxxxxx>
  Ryosuke Yasuoka <ryasuoka@xxxxxxxxxx>
  Sabrina Dubroca <sd@xxxxxxxxxxxxxxx>
  Salvatore Bonaccorso <carnil@xxxxxxxxxx>
  Saravana Kannan <saravanak@xxxxxxxxxx>
  Sasha Levin <sashal@xxxxxxxxxx>
  Sean Christopherson <seanjc@xxxxxxxxxx>
  Sebastian Reichel <sebastian.reichel@xxxxxxxxxxxxx>
  SeongJae Park <sj@xxxxxxxxxx>
  Shawn Guo <shawnguo@xxxxxxxxxx>
  Shiraz Saleem <shiraz.saleem@xxxxxxxxx>
  Shuah Khan <skhan@xxxxxxxxxxxxxxxxxxx>
  Steev Klimaszewski <steev@xxxxxxxx>
  Stefan Wahren <stefan.wahren@xxxxxxxx>
  Stephen Boyd <sboyd@xxxxxxxxxx>
  Steve Morvai <stevemorvai@xxxxxxxxxxx>
  Steven Rostedt (Google) <rostedt@xxxxxxxxxxx>
  Suren Baghdasaryan <surenb@xxxxxxxxxx>
  Tadeusz Struk <tstruk@xxxxxxxxxx>
  Takashi Iwai <tiwai@xxxxxxx>
  Takashi Sakamoto <o-takashi@xxxxxxxxxxxxx>
  Tasos Sahanidis <tasos@xxxxxxxxxxxx>
  Tetsuo Handa <penguin-kernel@xxxxxxxxxxxxxxxxxxx>
  Thierry Reding <treding@xxxxxxxxxx>
  Tim Schumacher <timschumi@xxxxxx>
  Tomas Krcka <krckatom@xxxxxxxxx>
  Tony Nguyen <anthony.l.nguyen@xxxxxxxxx>
  Ulf Hansson <ulf.hansson@xxxxxxxxxx>
  Vicki Pfau <vi@xxxxxxxxxxx>
  Vinod Koul <vkoul@xxxxxxxxxx>
  Will Deacon <will@xxxxxxxxxx>
  Xiaowei Bao <xiaowei.bao@xxxxxxx>
  Xiu Jianfeng <xiujianfeng@xxxxxxxxxx>
  Yang Shi <yang@xxxxxxxxxxxxxxxxxxxxxx>
  Yann Sionneau <ysionneau@xxxxxxxxxxxxx>
  Ye Bin <yebin10@xxxxxxxxxx>
  Yi Zhao <yi.zhao@xxxxxxx>
  Ying Hsu <yinghsu@xxxxxxxxxxxx>
  Yunjian Wang <wangyunjian@xxxxxxxxxx>
  Yuntao Wang <ytcoode@xxxxxxxxx>
  Zijun Hu <quic_zijuhu@xxxxxxxxxxx>
  Zong Li <zong.li@xxxxxxxxxx>

jobs:
 build-amd64-xsm                                              pass    
 build-arm64-xsm                                              pass    
 build-i386-xsm                                               pass    
 build-amd64                                                  pass    
 build-arm64                                                  pass    
 build-armhf                                                  pass    
 build-i386                                                   pass    
 build-amd64-libvirt                                          pass    
 build-arm64-libvirt                                          pass    
 build-armhf-libvirt                                          pass    
 build-i386-libvirt                                           pass    
 build-amd64-pvops                                            pass    
 build-arm64-pvops                                            pass    
 build-armhf-pvops                                            pass    
 build-i386-pvops                                             pass    
 test-amd64-amd64-xl                                          pass    
 test-amd64-coresched-amd64-xl                                pass    
 test-arm64-arm64-xl                                          pass    
 test-armhf-armhf-xl                                          pass    
 test-amd64-amd64-libvirt-qemuu-debianhvm-amd64-xsm           pass    
 test-amd64-amd64-xl-qemut-stubdom-debianhvm-amd64-xsm        pass    
 test-amd64-amd64-xl-qemut-debianhvm-i386-xsm                 pass    
 test-amd64-amd64-xl-qemuu-debianhvm-i386-xsm                 pass    
 test-amd64-amd64-libvirt-xsm                                 pass    
 test-arm64-arm64-libvirt-xsm                                 pass    
 test-amd64-amd64-xl-xsm                                      pass    
 test-arm64-arm64-xl-xsm                                      pass    
 test-amd64-amd64-qemuu-nested-amd                            fail    
 test-amd64-amd64-xl-pvhv2-amd                                pass    
 test-amd64-amd64-dom0pvh-xl-amd                              pass    
 test-amd64-amd64-xl-qemut-debianhvm-amd64                    pass    
 test-amd64-amd64-xl-qemuu-debianhvm-amd64                    pass    
 test-amd64-amd64-freebsd11-amd64                             pass    
 test-amd64-amd64-freebsd12-amd64                             pass    
 test-amd64-amd64-xl-qemuu-ovmf-amd64                         pass    
 test-amd64-amd64-xl-qemut-win7-amd64                         fail    
 test-amd64-amd64-xl-qemuu-win7-amd64                         fail    
 test-amd64-amd64-xl-qemut-ws16-amd64                         fail    
 test-amd64-amd64-xl-qemuu-ws16-amd64                         fail    
 test-armhf-armhf-xl-arndale                                  pass    
 test-amd64-amd64-examine-bios                                pass    
 test-amd64-amd64-xl-credit1                                  pass    
 test-arm64-arm64-xl-credit1                                  pass    
 test-armhf-armhf-xl-credit1                                  fail    
 test-amd64-amd64-xl-credit2                                  pass    
 test-arm64-arm64-xl-credit2                                  pass    
 test-armhf-armhf-xl-credit2                                  pass    
 test-amd64-amd64-xl-qemuu-dmrestrict-amd64-dmrestrict        pass    
 test-amd64-amd64-examine                                     pass    
 test-arm64-arm64-examine                                     pass    
 test-armhf-armhf-examine                                     pass    
 test-amd64-amd64-qemuu-nested-intel                          pass    
 test-amd64-amd64-xl-pvhv2-intel                              pass    
 test-amd64-amd64-dom0pvh-xl-intel                            pass    
 test-amd64-amd64-libvirt                                     pass    
 test-armhf-armhf-libvirt                                     pass    
 test-amd64-amd64-xl-multivcpu                                fail    
 test-armhf-armhf-xl-multivcpu                                pass    
 test-amd64-amd64-pair                                        pass    
 test-amd64-amd64-libvirt-pair                                pass    
 test-amd64-amd64-xl-pvshim                                   pass    
 test-amd64-amd64-pygrub                                      pass    
 test-amd64-amd64-libvirt-qcow2                               pass    
 test-armhf-armhf-libvirt-qcow2                               pass    
 test-amd64-amd64-libvirt-raw                                 pass    
 test-arm64-arm64-libvirt-raw                                 pass    
 test-armhf-armhf-libvirt-raw                                 pass    
 test-amd64-amd64-xl-rtds                                     pass    
 test-armhf-armhf-xl-rtds                                     pass    
 test-amd64-amd64-xl-qemuu-debianhvm-amd64-shadow             pass    
 test-amd64-amd64-xl-shadow                                   pass    
 test-arm64-arm64-xl-thunderx                                 pass    
 test-amd64-amd64-examine-uefi                                pass    
 test-amd64-amd64-xl-vhd                                      pass    
 test-arm64-arm64-xl-vhd                                      pass    
 test-armhf-armhf-xl-vhd                                      pass    


------------------------------------------------------------
sg-report-flight on osstest.test-lab.xenproject.org
logs: /home/logs/logs
images: /home/logs/images

Logs, config files, etc. are available at
    http://logs.test-lab.xenproject.org/osstest/logs

Explanation of these reports, and of osstest in general, is at
    http://xenbits.xen.org/gitweb/?p=osstest.git;a=blob;f=README.email;hb=master
    http://xenbits.xen.org/gitweb/?p=osstest.git;a=blob;f=README;hb=master

Test harness code can be found at
    http://xenbits.xen.org/gitweb?p=osstest.git;a=summary


Pushing revision :

hint: The 'hooks/update' hook was ignored because it's not set as executable.
hint: You can disable this warning with `git config advice.ignoredHook false`.
hint: The 'hooks/post-receive' hook was ignored because it's not set as 
executable.
hint: You can disable this warning with `git config advice.ignoredHook false`.
hint: The 'hooks/post-update' hook was ignored because it's not set as 
executable.
hint: You can disable this warning with `git config advice.ignoredHook false`.
To xenbits.xen.org:/home/xen/git/linux-pvops.git
   a3eb3a74aa8c9..61adba85cc402  61adba85cc40287232a539e607164f273260e0fe -> 
tested/linux-6.1



 


Rackspace

Lists.xenproject.org is hosted with RackSpace, monitoring our
servers 24x7x365 and backed by RackSpace's Fanatical Support®.