[Date Prev][Date Next][Thread Prev][Thread Next][Date Index][Thread Index] [xen-unstable-smoke test] 184932: tolerable all pass - PUSHED
flight 184932 xen-unstable-smoke real [real] http://logs.test-lab.xenproject.org/osstest/logs/184932/ Failures :-/ but no regressions. Tests which did not succeed, but are not blocking: test-amd64-amd64-libvirt 15 migrate-support-check fail never pass test-arm64-arm64-xl-xsm 15 migrate-support-check fail never pass test-arm64-arm64-xl-xsm 16 saverestore-support-check fail never pass test-armhf-armhf-xl 15 migrate-support-check fail never pass test-armhf-armhf-xl 16 saverestore-support-check fail never pass version targeted for testing: xen 90173fc5a2a826bbcabde22af405d0a617818b70 baseline version: xen 08bb338f09a54d3b39f0d952bbd67461d8e5d0ed Last test of basis 184930 2024-03-07 09:02:12 Z 0 days Testing same since 184932 2024-03-07 15:02:11 Z 0 days 1 attempts ------------------------------------------------------------ People who touched revisions under test: Andrew Cooper <andrew.cooper3@xxxxxxxxxx> Anthony PERARD <anthony.perard@xxxxxxxxxx> Henry Wang <xin.wang2@xxxxxxx> Juergen Gross <jgross@xxxxxxxx> jobs: build-arm64-xsm pass build-amd64 pass build-armhf pass build-amd64-libvirt pass test-armhf-armhf-xl pass test-arm64-arm64-xl-xsm pass test-amd64-amd64-xl-qemuu-debianhvm-amd64 pass test-amd64-amd64-libvirt pass ------------------------------------------------------------ sg-report-flight on osstest.test-lab.xenproject.org logs: /home/logs/logs images: /home/logs/images Logs, config files, etc. are available at http://logs.test-lab.xenproject.org/osstest/logs Explanation of these reports, and of osstest in general, is at http://xenbits.xen.org/gitweb/?p=osstest.git;a=blob;f=README.email;hb=master http://xenbits.xen.org/gitweb/?p=osstest.git;a=blob;f=README;hb=master Test harness code can be found at http://xenbits.xen.org/gitweb?p=osstest.git;a=summary Pushing revision : To xenbits.xen.org:/home/xen/git/xen.git 08bb338f09..90173fc5a2 90173fc5a2a826bbcabde22af405d0a617818b70 -> smoke
|
![]() |
Lists.xenproject.org is hosted with RackSpace, monitoring our |