[Date Prev][Date Next][Thread Prev][Thread Next][Date Index][Thread Index]

[linux-linus test] 185136: regressions - FAIL



flight 185136 linux-linus real [real]
http://logs.test-lab.xenproject.org/osstest/logs/185136/

Regressions :-(

Tests which did not succeed and are blocking,
including tests which could not be run:
 build-arm64-xsm               6 xen-build                fail REGR. vs. 185119

Tests which did not succeed, but are not blocking:
 test-arm64-arm64-libvirt-xsm  1 build-check(1)               blocked  n/a
 test-arm64-arm64-xl-xsm       1 build-check(1)               blocked  n/a
 test-amd64-amd64-xl-qemut-win7-amd64 19 guest-stop            fail like 185119
 test-amd64-amd64-xl-qemuu-win7-amd64 19 guest-stop            fail like 185119
 test-amd64-amd64-xl-qemuu-ws16-amd64 19 guest-stop            fail like 185119
 test-armhf-armhf-libvirt     16 saverestore-support-check    fail  like 185119
 test-amd64-amd64-xl-qemut-ws16-amd64 19 guest-stop            fail like 185119
 test-amd64-amd64-qemuu-nested-amd 20 debian-hvm-install/l1/l2 fail like 185119
 test-amd64-amd64-libvirt-xsm 15 migrate-support-check        fail   never pass
 test-arm64-arm64-xl-thunderx 15 migrate-support-check        fail   never pass
 test-arm64-arm64-xl-thunderx 16 saverestore-support-check    fail   never pass
 test-arm64-arm64-xl-credit1  15 migrate-support-check        fail   never pass
 test-arm64-arm64-xl-credit1  16 saverestore-support-check    fail   never pass
 test-arm64-arm64-xl          15 migrate-support-check        fail   never pass
 test-arm64-arm64-xl          16 saverestore-support-check    fail   never pass
 test-arm64-arm64-xl-credit2  15 migrate-support-check        fail   never pass
 test-arm64-arm64-xl-credit2  16 saverestore-support-check    fail   never pass
 test-armhf-armhf-xl-multivcpu 15 migrate-support-check        fail  never pass
 test-armhf-armhf-xl-multivcpu 16 saverestore-support-check    fail  never pass
 test-armhf-armhf-xl-credit1  15 migrate-support-check        fail   never pass
 test-armhf-armhf-xl-credit1  16 saverestore-support-check    fail   never pass
 test-armhf-armhf-xl          15 migrate-support-check        fail   never pass
 test-armhf-armhf-xl          16 saverestore-support-check    fail   never pass
 test-amd64-amd64-libvirt-qcow2 14 migrate-support-check        fail never pass
 test-amd64-amd64-libvirt-raw 14 migrate-support-check        fail   never pass
 test-amd64-amd64-libvirt-vhd 14 migrate-support-check        fail   never pass
 test-arm64-arm64-libvirt-raw 14 migrate-support-check        fail   never pass
 test-arm64-arm64-libvirt-raw 15 saverestore-support-check    fail   never pass
 test-amd64-amd64-libvirt     15 migrate-support-check        fail   never pass
 test-armhf-armhf-xl-qcow2    14 migrate-support-check        fail   never pass
 test-armhf-armhf-xl-qcow2    15 saverestore-support-check    fail   never pass
 test-arm64-arm64-xl-vhd      14 migrate-support-check        fail   never pass
 test-arm64-arm64-xl-vhd      15 saverestore-support-check    fail   never pass
 test-armhf-armhf-xl-raw      14 migrate-support-check        fail   never pass
 test-armhf-armhf-xl-raw      15 saverestore-support-check    fail   never pass
 test-armhf-armhf-libvirt-vhd 14 migrate-support-check        fail   never pass
 test-armhf-armhf-libvirt-vhd 15 saverestore-support-check    fail   never pass
 test-amd64-amd64-libvirt-qemuu-debianhvm-amd64-xsm 13 migrate-support-check 
fail never pass
 test-armhf-armhf-xl-credit2  15 migrate-support-check        fail   never pass
 test-armhf-armhf-xl-credit2  16 saverestore-support-check    fail   never pass
 test-armhf-armhf-xl-arndale  15 migrate-support-check        fail   never pass
 test-armhf-armhf-xl-arndale  16 saverestore-support-check    fail   never pass
 test-armhf-armhf-xl-rtds     15 migrate-support-check        fail   never pass
 test-armhf-armhf-xl-rtds     16 saverestore-support-check    fail   never pass
 test-armhf-armhf-libvirt     15 migrate-support-check        fail   never pass

version targeted for testing:
 linux                241590e5a1d1b6219c8d3045c167f2fbcc076cbb
baseline version:
 linux                23956900041d968f9ad0f30db6dede4daccd7aa9

Last test of basis   185119  2024-03-21 07:40:49 Z    0 days
Testing same since   185136  2024-03-21 21:13:02 Z    0 days    1 attempts

------------------------------------------------------------
People who touched revisions under test:
  "Jiri Slaby (SUSE)" <jirislaby@xxxxxxxxxx>
  "Moritz C. Weber" <mo.c.weber@xxxxxxxxx>
  "Nícolas F. R. A. Prado" <nfraprado@xxxxxxxxxxxxx>
  "Rafael J. Wysocki" <rafael@xxxxxxxxxx>
  "Ricardo B. Marliere" <ricardo@xxxxxxxxxxxx>
  Abel Vesa <abel.vesa@xxxxxxxxxx>
  Abhijit Gangurde <abhijit.gangurde@xxxxxxx>
  Abhishek Pandit-Subedi <abhishekpandit@xxxxxxxxxxxx>
  Adam Skladowski <a39.skl@xxxxxxxxx>
  Alan Stern <stern@xxxxxxxxxxxxxxxxxxx>
  Alex Romosan <aromosan@xxxxxxxxx>
  Alexander Tsoy <alexander@xxxxxxx>
  Alexander Usyskin <alexander.usyskin@xxxxxxxxx>
  Alim Akhtar <alim.akhtar@xxxxxxxxxxx> # Samsung
  Amit Dhingra <mechanicalamit@xxxxxxxxx>
  Anand Jain <anand.jain@xxxxxxxxxx>
  Andreas Klinger <ak@xxxxxxxxxxxxx>
  Andrew Davis <afd@xxxxxx>
  Andrew Donnellan <ajd@xxxxxxxxxxxxx>
  Andrey Skvortsov <andrej.skvortzov@xxxxxxxxx>
  Andy Shevchenko <andriy.shevchenko@xxxxxxxxxxxxxxx>
  Andy Shevchenko <andy.shevchenko@xxxxxxxxx>
  andy.shevchenko@xxxxxxxxx <andy.shevchenko@xxxxxxxxx>
  AngeloGioacchino Del Regno <angelogioacchino.delregno@xxxxxxxxxxxxx>
  Antheas Kapenekakis <lkml@xxxxxxxxxxx>
  Arnaud Pouliquen <arnaud.pouliquen@xxxxxxxxxxx>
  Arnd Bergmann <arnd@xxxxxxxx>
  Artur Rojek <contact@xxxxxxxxxxxxxx>
  Arturas Moskvinas <arturas.moskvinas@xxxxxxxxx>
  Aurélien Jacobs <aurel@xxxxxxxxxx>
  Bartosz Golaszewski <bartosz.golaszewski@xxxxxxxxxx>
  Basavaraj Natikar <Basavaraj.Natikar@xxxxxxx>
  Bjorn Andersson <andersson@xxxxxxxxxx>
  Bjorn Helgaas <bhelgaas@xxxxxxxxxx>
  Bryan O'Donoghue <bryan.odonoghue@xxxxxxxxxx>
  Cameron Williams <cang1@xxxxxxxxxx>
  Carlos Llamas <cmllamas@xxxxxxxxxx>
  CHECK_1234543212345@xxxxxxxxxxxxxx
  Chen-Yu Tsai <wenst@xxxxxxxxxxxx>
  Chengming Zhou <zhouchengming@xxxxxxxxxxxxx>
  ChiYuan Huang <cy_huang@xxxxxxxxxxx>
  Chris Leech <cleech@xxxxxxxxxx>
  Christian Eggers <ceggers@xxxxxxx>
  Christian Häggström <christian.haggstrom@xxxxxxxxxxxxx>
  Christian König <christian.koenig@xxxxxxx>
  Christoph Winklhofer <cj.winklhofer@xxxxxxxxx>
  Christophe JAILLET <christophe.jaillet@xxxxxxxxxx>
  Colin Ian King <colin.i.king@xxxxxxxxx>
  Colin Ian King <colin.i.king@xxxxxxxxx>
  Conor Dooley <conor.dooley@xxxxxxxxxxxxx>
  Dalton Durst <dalton@xxxxxxxxxxx>
  Dan Carpenter <dan.carpenter@xxxxxxxxxx>
  Dan Williams <dan.j.williams@xxxxxxxxx>
  Daniel Vetter <daniel.vetter@xxxxxxxx>
  Daniel Vogelbacher <daniel@xxxxxxxxxxxxxx>
  Danila Tikhonov <danila@xxxxxxxxxxx>
  David Lechner <dlechner@xxxxxxxxxxxx>
  David Sterba <dsterba@xxxxxxxx>
  Dawei Li <dawei.li@xxxxxxxxxxxx>
  Denis Benato <benato.denis96@xxxxxxxxx>
  Dimitri Fedrau <dima.fedrau@xxxxxxxxx>
  Dmitry Baryshkov <dmitry.baryshkov@xxxxxxxxxx>
  Dmitry Torokhov <dmitry.torokhov@xxxxxxxxx>
  Dorine Tipo <dorine.a.tipo@xxxxxxxxx>
  Douglas Anderson <dianders@xxxxxxxxxxxx>
  Dumitru Ceclan <mitrutzceclan@xxxxxxxxx>
  Elad Nachman <enachman@xxxxxxxxxxx>
  Elbert Mai <code@xxxxxxxxxxxxx>
  Eli Billauer <eli.billauer@xxxxxxxxx>
  Eric Dumazet <edumazet@xxxxxxxxxx>
  Erick Archer <erick.archer@xxxxxxx>
  Florian Fainelli <florian.fainelli@xxxxxxxxxxxx>
  Francesco Dolcini <francesco.dolcini@xxxxxxxxxxx>
  Frank Li <Frank.Li@xxxxxxx>
  Gabor Juhos <j4g8y7@xxxxxxxxx>
  Geert Uytterhoeven <geert+renesas@xxxxxxxxx>
  Geert Uytterhoeven <geert@xxxxxxxxxxxxxx>
  Georgi Djakov <djakov@xxxxxxxxxx>
  Gil Fine <gil.fine@xxxxxxxxxxxxxxx>
  Greg Kroah-Hartman <gregkh@xxxxxxxxxxxxxxxxxxx>
  Greg Ungerer <gerg@xxxxxxxxxxxxxx>
  Guan-Yu Lin <guanyulin@xxxxxxxxxx>
  Guanjun <guanjun@xxxxxxxxxxxxxxxxx>
  Hans de Goede <hdegoede@xxxxxxxxxx>
  Haotien Hsu <haotienh@xxxxxxxxxx>
  Heikki Krogerus <heikki.krogerus@xxxxxxxxxxxxxxx>
  Helge Deller <deller@xxxxxx> # parisc STI console
  Hoorad Farrokh <hourrad.f@xxxxxxxxx>
  Hugo Villeneuve <hvilleneuve@xxxxxxxxxxxx>
  Ian Abbott <abbotti@xxxxxxxxx>
  Icenowy Zheng <icenowy@xxxxxxx>
  Ilpo Järvinen <ilpo.jarvinen@xxxxxxxxxxxxxxx>
  Jakub Kicinski <kuba@xxxxxxxxxx>
  James Clark <james.clark@xxxxxxx>
  Jameson Thies <jthies@xxxxxxxxxx>
  Jan Kundrát <jan.kundrat@xxxxxxxxx>
  Javier Carrasco <javier.carrasco.cruz@xxxxxxxxx>
  Javier Carrasco <javier.carrasco@xxxxxxxxxxxxxx>
  Jean-Baptiste Maneyrol <jean-baptiste.maneyrol@xxxxxxx>
  Jeff Johnson <quic_jjohnson@xxxxxxxxxxx>
  Jeffrey Hugo <quic_jhugo@xxxxxxxxxxx>
  Jerome Brunet <jbrunet@xxxxxxxxxxxx>
  Jerrin Shaji George <jerrin.shaji-george@xxxxxxxxxxxx>
  Jesus Gonzalez <jesusmgh@xxxxxxxxx>
  Jinlong Mao <quic_jinlmao@xxxxxxxxxxx>
  Jiri Slaby (SUSE) <jirislaby@xxxxxxxxxx>
  Joakim Zhang <joakim.zhang@xxxxxxxxxxx>
  Johan Hovold <johan@xxxxxxxxxx>
  Johannes Berg <johannes.berg@xxxxxxxxx>
  Johannes Thumshirn <jth@xxxxxxxxxx>
  John Garry <john.g.garry@xxxxxxxxxx>
  John Paul Adrian Glaubitz <glaubitz@xxxxxxxxxxxxxxxxxxx>
  John Stultz <jstultz@xxxxxxxxxx>
  Jon Hunter <jonathanh@xxxxxxxxxx>
  Jonas Gorski <jonas.gorski@xxxxxxxxx>
  Jonathan Bergh <bergh.jonathan@xxxxxxxxx>
  Jonathan Cameron <Jonathan.Cameron@xxxxxxxxxx>
  Jonathan Cameron <Jonathan.Cameron@xxxxxxxxxx> #for-iio
  Jonathan LoBue <jlobue10@xxxxxxxxx>
  Josua Mayer <josua@xxxxxxxxxxxxx>
  Julia Lawall <Julia.Lawall@xxxxxxxx>
  Jun Yan <jerrysteve1101@xxxxxxxxx>
  Justin Stitt <justinstitt@xxxxxxxxxx>
  Kalyani Akula <Kalyani.akula@xxxxxxx>
  Karina Yankevich <k.yankevich@xxxxxx>
  Kees Cook <keescook@xxxxxxxxxxxx>
  Keng-Yu Lin <keng-yu.lin@xxxxxxx>
  Kim Seer Paller <kimseer.paller@xxxxxxxxxx>
  Klara Modin <klarasmodin@xxxxxxxxx>
  Konrad Dybcio <konrad.dybcio@xxxxxxxxxx>
  Krishna chaitanya chundru <quic_krichai@xxxxxxxxxxx>
  Krishna Kurapati <quic_kriskura@xxxxxxxxxxx>
  Krzysztof Kozlowski <krzk@xxxxxxxxxx>
  Krzysztof Kozlowski <krzysztof.kozlowski@xxxxxxxxxx>
  Kunihiko Hayashi <hayashi.kunihiko@xxxxxxxxxxxxx>
  Lee Jones <lee@xxxxxxxxxx>
  Li Zhijian <lizhijian@xxxxxxxxxxx>
  Linus Torvalds <torvalds@xxxxxxxxxxxxxxxxxxxx>
  Lizhe <sensor1010@xxxxxxx>
  Lorenzo Bianconi <lorenzo@xxxxxxxxxx>
  Luca Weiss <luca.weiss@xxxxxxxxxxxxx>
  Luca Weiss <luca.weiss@xxxxxxxxxxxxx> # sdm632-fairphone-fp3
  Luis Chamberalin <mcgrof@xxxxxxxxxx>
  Lukas Bulwahn <lukas.bulwahn@xxxxxxxxx>
  Luke D. Jones <luke@xxxxxxxxxx>
  Macpaul Lin <macpaul.lin@xxxxxxxxxxxx>
  Madhan Sai <madhan.singaraju@xxxxxxxxxxxxxxx>
  Manikanta Guntupalli <manikanta.guntupalli@xxxxxxx>
  Manivannan Sadhasivam <manivannan.sadhasivam@xxxxxxxxxx>
  Mao Jinlong <quic_jinlmao@xxxxxxxxxxx>
  Marc Dietrich <marvin24@xxxxxx>
  Marc Herbert <marc.herbert@xxxxxxxxx>
  Marco Felsch <m.felsch@xxxxxxxxxxxxxx>
  Marco Pagani <marpagan@xxxxxxxxxx>
  Marius Cristea <marius.cristea@xxxxxxxxxxxxx>
  Mark Brown <broonie@xxxxxxxxxx>
  Mark Greer <mgreer@xxxxxxxxxxxxxxx>
  Markus Schneider-Pargmann <msp@xxxxxxxxxxxx>
  Masahiro Yamada <masahiroy@xxxxxxxxxx>
  Mathias Nyman <mathias.nyman@xxxxxxxxxxxxxxx>
  Mathieu Poirier <mathieu.poirier@xxxxxxxxxx>
  Matt Hsiao <matt.hsiao@xxxxxxx>
  Matthias Kaehlcke <mka@xxxxxxxxxxxx>
  Matthias Yee <mgyee9@xxxxxxxxx>
  Matti Vaittinen <mazziesaccount@xxxxxxxxx>
  Maximilian Luz <luzmaximilian@xxxxxxxxx>  # for platform/surface
  Meir Elisha <meir6264@xxxxxxxxx>
  Michael Grzeschik <m.grzeschik@xxxxxxxxxxxxxx>
  Michael Kelley <mhklinux@xxxxxxxxxxx>
  Michael Straube <straube.linux@xxxxxxxxx>
  Michal Pecio <michal.pecio@xxxxxxxxx>
  Michal Simek <michal.simek@xxxxxxx>
  Mika Westerberg <mika.westerberg@xxxxxxxxxxxxxxx>
  Mike Looijmans <mike.looijmans@xxxxxxxx>
  Mohammad Rahimi <rahimi.mhmmd@xxxxxxxxx>
  Mohammed Billoo <mab.kernel@xxxxxxxxx>
  Moritz C. Weber <mo.c.weber@xxxxxxxxx>
  Mukesh Ojha <quic_mojha@xxxxxxxxxxx>
  Mårten Lindahl <marten.lindahl@xxxxxxxx>
  Nadav Amit <nadav.amit@xxxxxxxxx>
  Namjae Jeon <linkinjeon@xxxxxxxxxx>
  Naresh Solanki <naresh.solanki@xxxxxxxxxxxxx>
  Neel Natu <neelnatu@xxxxxxxxxx>
  Neil Armstrong <neil.armstrong@xxxxxxxxxx>
  Nghia Nguyen <nghia.nguyen.jg@xxxxxxxxxxx>
  Nicolas Ferre <nicolas.ferre@xxxxxxxxxxxxx>
  Nikhil Agarwal <nikhil.agarwal@xxxxxxx>
  Nikita Mikhailevich <ermyril@xxxxxxxxx>
  Niklas Neronin <niklas.neronin@xxxxxxxxx>
  Niklas Neronin <niklas.neronin@xxxxxxxxxxxxxxx>
  Niklas Söderlund <niklas.soderlund@xxxxxxxxxxxx>
  Niko Mauno <niko.mauno@xxxxxxxxxxx>
  Nilesh Javali <njavali@xxxxxxxxxxx>
  Nipun Gupta <nipun.gupta@xxxxxxx>
  Nuno Das Neves <nunodasneves@xxxxxxxxxxxxxxxxxxx>
  Nuno Sa <nuno.sa@xxxxxxxxxx>
  Nícolas F. R. A. Prado <nfraprado@xxxxxxxxxxxxx>
  Oleksandr Natalenko <oleksandr@xxxxxxxxxxxxxx>
  Oliver Neukum <oneukum@xxxxxxxx>
  Olivier Moysan <olivier.moysan@xxxxxxxxxxx>
  Ondrej Jirman <megi@xxxxxx>
  Ondřej Jirman <megi@xxxxxx>
  Paul Cercueil <paul@xxxxxxxxxxxxxxx>
  Peng Fan <peng.fan@xxxxxxx>
  Peter Collingbourne <pcc@xxxxxxxxxx>
  Peter Korsgaard <peter@xxxxxxxxxxxxx>
  Petre Rodan <petre.rodan@xxxxxxxxxxxxxxx>
  Philipp Hortmann <philipp.g.hortmann@xxxxxxxxx>
  Philipp Zabel <p.zabel@xxxxxxxxxxxxxx>
  Pranav Athreya <pranavsubbu@xxxxxxxxx>
  Prashanth K <quic_prashk@xxxxxxxxxxx>
  Praveen Teja Kundanala <praveen.teja.kundanala@xxxxxxx>
  Purna Pavan Chandra Aekkaladevi <paekkaladevi@xxxxxxxxxxxxxxxxxxx>
  Quentin Schulz <quentin.schulz@xxxxxxxxxxxxxxxxxxxxx>
  Ramona Gradinariu <ramona.gradinariu@xxxxxxxxxx>
  Ran Wang <ran.wang_1@xxxxxxx>
  Randy Dunlap <rdunlap@xxxxxxxxxxxxx>
  Raphael Gallais-Pou <rgallaispou@xxxxxxxxx>
  RD Babiera <rdbabiera@xxxxxxxxxx>
  Rengarajan S <rengarajan.s@xxxxxxxxxxxxx>
  Ricardo B. Marliere <ricardo@xxxxxxxxxxxx>
  Rob Herring <robh@xxxxxxxxxx>
  Rodolfo Giometti <giometti@xxxxxxxxxxxx>
  Roger Quadros <rogerq@xxxxxxxxxx>
  Rohan Kollambalath <rkollamb@xxxxxxxx>
  Roman Žilka <roman.zilka@xxxxxxxxx>
  Rui Miguel Silva <rui.silva@xxxxxxxxxx>
  Sakari Ailus <sakari.ailus@xxxxxxxxxxxxxxx>
  Sam Protsenko <semen.protsenko@xxxxxxxxxx>
  Samuel Thibault <samuel.thibault@xxxxxxxxxxxx>
  Sanath S <Sanath.S@xxxxxxx>
  Saravana Kannan <saravanak@xxxxxxxxxx>
  Saurabh Sengar <ssengar@xxxxxxxxxxxxxxxxxxx>
  Sean Anderson <sean.anderson@xxxxxxxx>
  Sean Rhodes <sean@starlabs.systems>
  Sebastian Andrzej Siewior <bigeasy@xxxxxxxxxxxxx>
  Serge Semin <fancer.lancer@xxxxxxxxx>
  Serge Semin <Sergey.Semin@xxxxxxxxxxxxxxxxxxxx>
  Sergey Shtylyov <s.shtylyov@xxxxxx>
  Shahar Avidar <ikobh7@xxxxxxxxx>
  Shoji Keita <awaittrot@xxxxxxx>
  Sibi Sankar <quic_sibis@xxxxxxxxxxx>
  Sing-Han Chen <singhanc@xxxxxxxxxx>
  Srinivas Kandagatla <srinivas.kandagatla@xxxxxxxxxx>
  Srinivas Pandruvada <srinivas.pandruvada@xxxxxxxxxxxxxxx>
  Stanley Chang <stanley_chang@xxxxxxxxxxx>
  Stefan Eichenberger <stefan.eichenberger@xxxxxxxxxxx>
  Stephan Gerhold <stephan.gerhold@xxxxxxxxxxxxxxx>
  Stephen Boyd <swboyd@xxxxxxxxxxxx>
  Subhajit Ghosh <subhajit.ghosh@xxxxxxxxxxxxxx>
  Suzuki K Poulose <suzuki.poulose@xxxxxxx>
  Tamseel Shams <m.shams@xxxxxxxxxxx>
  Tanmay Shah <tanmay.shah@xxxxxxx>
  Tao Zhang <quic_taozha@xxxxxxxxxxx>
  Tarak Reddy <tarak.reddy@xxxxxxx>
  Tejun Heo <tj@xxxxxxxxxx>
  Thierry Reding <treding@xxxxxxxxxx> # Tegra
  Thinh Nguyen <Thinh.Nguyen@xxxxxxxxxxxx>
  Thomas Haemmerle <thomas.haemmerle@xxxxxxxxxxxxxxxxxxxx>
  Thomas Huth <thuth@xxxxxxxxxx>
  Thorsten Scherer <t.scherer@xxxxxxxxxxxx>
  Tomas Winkler <tomas.winkler@xxxxxxxxx>
  Toru Katagiri <Toru.Katagiri@xxxxxxx>
  Tree Davies <tdavies@xxxxxxxxxxxxxxx>
  Tudor Ambarus <tudor.ambarus@xxxxxxxxxx>
  Uday Bhat <uday.m.bhat@xxxxxxxxx>
  Uday M Bhat <uday.m.bhat@xxxxxxxxx>
  Uwe Kleine-König <u.kleine-koenig@xxxxxxxxxxxxxx>
  Vaibhav Agarwal <vaibhav.sr@xxxxxxxxx>
  Vaibhav Gupta <vaibhavgupta40@xxxxxxxxx>
  Valentin Caron <valentin.caron@xxxxxxxxxxx>
  Vitaly Lubart <vitaly.lubart@xxxxxxxxx>
  Wayne Chang <waynec@xxxxxxxxxx>
  Wei Liu <wei.liu@xxxxxxxxxx>
  Wesley Cheng <quic_wcheng@xxxxxxxxxxx>
  William-tw Lin <william-tw.lin@xxxxxxxxxxxx>
  Wolfram Sang <wsa+renesas@xxxxxxxxxxxxxxxxxxxx>
  Xu Yilun <yilun.xu@xxxxxxxxx>
  Xu Yilun <yilun.xu@xxxxxxxxxxxxxxx>
  Yang Jihong <yangjihong1@xxxxxxxxxx>
  Yang Xiwen <forbidden405@xxxxxxxxxxx>
  Yuezhang Mo <Yuezhang.Mo@xxxxxxxx>
  Yury Norov <yury.norov@xxxxxxxxx>

jobs:
 build-amd64-xsm                                              pass    
 build-arm64-xsm                                              fail    
 build-i386-xsm                                               pass    
 build-amd64                                                  pass    
 build-arm64                                                  pass    
 build-armhf                                                  pass    
 build-i386                                                   pass    
 build-amd64-libvirt                                          pass    
 build-arm64-libvirt                                          pass    
 build-armhf-libvirt                                          pass    
 build-i386-libvirt                                           pass    
 build-amd64-pvops                                            pass    
 build-arm64-pvops                                            pass    
 build-armhf-pvops                                            pass    
 build-i386-pvops                                             pass    
 test-amd64-amd64-xl                                          pass    
 test-amd64-coresched-amd64-xl                                pass    
 test-arm64-arm64-xl                                          pass    
 test-armhf-armhf-xl                                          pass    
 test-amd64-amd64-libvirt-qemuu-debianhvm-amd64-xsm           pass    
 test-amd64-amd64-xl-qemut-stubdom-debianhvm-amd64-xsm        pass    
 test-amd64-amd64-xl-qemut-debianhvm-i386-xsm                 pass    
 test-amd64-amd64-xl-qemuu-debianhvm-i386-xsm                 pass    
 test-amd64-amd64-libvirt-xsm                                 pass    
 test-arm64-arm64-libvirt-xsm                                 blocked 
 test-amd64-amd64-xl-xsm                                      pass    
 test-arm64-arm64-xl-xsm                                      blocked 
 test-amd64-amd64-qemuu-nested-amd                            fail    
 test-amd64-amd64-xl-pvhv2-amd                                pass    
 test-amd64-amd64-dom0pvh-xl-amd                              pass    
 test-amd64-amd64-xl-qemut-debianhvm-amd64                    pass    
 test-amd64-amd64-xl-qemuu-debianhvm-amd64                    pass    
 test-amd64-amd64-qemuu-freebsd11-amd64                       pass    
 test-amd64-amd64-qemuu-freebsd12-amd64                       pass    
 test-amd64-amd64-xl-qemuu-ovmf-amd64                         pass    
 test-amd64-amd64-xl-qemut-win7-amd64                         fail    
 test-amd64-amd64-xl-qemuu-win7-amd64                         fail    
 test-amd64-amd64-xl-qemut-ws16-amd64                         fail    
 test-amd64-amd64-xl-qemuu-ws16-amd64                         fail    
 test-armhf-armhf-xl-arndale                                  pass    
 test-amd64-amd64-examine-bios                                pass    
 test-amd64-amd64-xl-credit1                                  pass    
 test-arm64-arm64-xl-credit1                                  pass    
 test-armhf-armhf-xl-credit1                                  pass    
 test-amd64-amd64-xl-credit2                                  pass    
 test-arm64-arm64-xl-credit2                                  pass    
 test-armhf-armhf-xl-credit2                                  pass    
 test-amd64-amd64-xl-qemuu-dmrestrict-amd64-dmrestrict        pass    
 test-amd64-amd64-examine                                     pass    
 test-arm64-arm64-examine                                     pass    
 test-armhf-armhf-examine                                     pass    
 test-amd64-amd64-qemuu-nested-intel                          pass    
 test-amd64-amd64-xl-pvhv2-intel                              pass    
 test-amd64-amd64-dom0pvh-xl-intel                            pass    
 test-amd64-amd64-libvirt                                     pass    
 test-armhf-armhf-libvirt                                     pass    
 test-amd64-amd64-xl-multivcpu                                pass    
 test-armhf-armhf-xl-multivcpu                                pass    
 test-amd64-amd64-pair                                        pass    
 test-amd64-amd64-libvirt-pair                                pass    
 test-amd64-amd64-xl-pvshim                                   pass    
 test-amd64-amd64-pygrub                                      pass    
 test-amd64-amd64-libvirt-qcow2                               pass    
 test-amd64-amd64-xl-qcow2                                    pass    
 test-armhf-armhf-xl-qcow2                                    pass    
 test-amd64-amd64-libvirt-raw                                 pass    
 test-arm64-arm64-libvirt-raw                                 pass    
 test-amd64-amd64-xl-raw                                      pass    
 test-armhf-armhf-xl-raw                                      pass    
 test-amd64-amd64-xl-rtds                                     pass    
 test-armhf-armhf-xl-rtds                                     pass    
 test-amd64-amd64-xl-qemuu-debianhvm-amd64-shadow             pass    
 test-amd64-amd64-xl-shadow                                   pass    
 test-arm64-arm64-xl-thunderx                                 pass    
 test-amd64-amd64-examine-uefi                                pass    
 test-amd64-amd64-libvirt-vhd                                 pass    
 test-armhf-armhf-libvirt-vhd                                 pass    
 test-amd64-amd64-xl-vhd                                      pass    
 test-arm64-arm64-xl-vhd                                      pass    


------------------------------------------------------------
sg-report-flight on osstest.test-lab.xenproject.org
logs: /home/logs/logs
images: /home/logs/images

Logs, config files, etc. are available at
    http://logs.test-lab.xenproject.org/osstest/logs

Explanation of these reports, and of osstest in general, is at
    http://xenbits.xen.org/gitweb/?p=osstest.git;a=blob;f=README.email;hb=master
    http://xenbits.xen.org/gitweb/?p=osstest.git;a=blob;f=README;hb=master

Test harness code can be found at
    http://xenbits.xen.org/gitweb?p=osstest.git;a=summary


Not pushing.

(No revision log; it would be 17062 lines long.)



 


Rackspace

Lists.xenproject.org is hosted with RackSpace, monitoring our
servers 24x7x365 and backed by RackSpace's Fanatical Support®.