[Date Prev][Date Next][Thread Prev][Thread Next][Date Index][Thread Index] [xen-unstable-smoke test] 185276: tolerable all pass - PUSHED
flight 185276 xen-unstable-smoke real [real] http://logs.test-lab.xenproject.org/osstest/logs/185276/ Failures :-/ but no regressions. Tests which did not succeed, but are not blocking: test-amd64-amd64-libvirt 15 migrate-support-check fail never pass test-armhf-armhf-xl 15 migrate-support-check fail never pass test-armhf-armhf-xl 16 saverestore-support-check fail never pass test-arm64-arm64-xl-xsm 15 migrate-support-check fail never pass test-arm64-arm64-xl-xsm 16 saverestore-support-check fail never pass version targeted for testing: xen 672b26b66ebb5ff3d28c573a6545a08020b27495 baseline version: xen c079823df64c98dd7bb40fe77d9ef410e85a7624 Last test of basis 185273 2024-04-08 08:00:23 Z 0 days Testing same since 185276 2024-04-09 01:02:07 Z 0 days 1 attempts ------------------------------------------------------------ People who touched revisions under test: Vaishnav Achath <vaishnav.a@xxxxxx> jobs: build-arm64-xsm pass build-amd64 pass build-armhf pass build-amd64-libvirt pass test-armhf-armhf-xl pass test-arm64-arm64-xl-xsm pass test-amd64-amd64-xl-qemuu-debianhvm-amd64 pass test-amd64-amd64-libvirt pass ------------------------------------------------------------ sg-report-flight on osstest.test-lab.xenproject.org logs: /home/logs/logs images: /home/logs/images Logs, config files, etc. are available at http://logs.test-lab.xenproject.org/osstest/logs Explanation of these reports, and of osstest in general, is at http://xenbits.xen.org/gitweb/?p=osstest.git;a=blob;f=README.email;hb=master http://xenbits.xen.org/gitweb/?p=osstest.git;a=blob;f=README;hb=master Test harness code can be found at http://xenbits.xen.org/gitweb?p=osstest.git;a=summary Pushing revision : To xenbits.xen.org:/home/xen/git/xen.git c079823df6..672b26b66e 672b26b66ebb5ff3d28c573a6545a08020b27495 -> smoke
|
Lists.xenproject.org is hosted with RackSpace, monitoring our |