[Date Prev][Date Next][Thread Prev][Thread Next][Date Index][Thread Index] [linux-linus test] 185442: regressions - trouble: blocked/broken/fail/pass
flight 185442 linux-linus real [real] http://logs.test-lab.xenproject.org/osstest/logs/185442/ Regressions :-( Tests which did not succeed and are blocking, including tests which could not be run: build-arm64 <job status> broken build-arm64-pvops <job status> broken build-arm64 5 host-build-prep fail REGR. vs. 185347 build-arm64-pvops 5 host-build-prep fail REGR. vs. 185347 Tests which did not succeed, but are not blocking: build-arm64-libvirt 1 build-check(1) blocked n/a test-arm64-arm64-examine 1 build-check(1) blocked n/a test-arm64-arm64-libvirt-raw 1 build-check(1) blocked n/a test-arm64-arm64-libvirt-xsm 1 build-check(1) blocked n/a test-arm64-arm64-xl 1 build-check(1) blocked n/a test-arm64-arm64-xl-credit1 1 build-check(1) blocked n/a test-arm64-arm64-xl-credit2 1 build-check(1) blocked n/a test-arm64-arm64-xl-thunderx 1 build-check(1) blocked n/a test-arm64-arm64-xl-vhd 1 build-check(1) blocked n/a test-arm64-arm64-xl-xsm 1 build-check(1) blocked n/a test-amd64-amd64-xl-qemut-win7-amd64 19 guest-stop fail like 185347 test-amd64-amd64-xl-qemuu-win7-amd64 19 guest-stop fail like 185347 test-amd64-amd64-xl-qemuu-ws16-amd64 19 guest-stop fail like 185347 test-armhf-armhf-libvirt 16 saverestore-support-check fail like 185347 test-amd64-amd64-xl-qemut-ws16-amd64 19 guest-stop fail like 185347 test-amd64-amd64-qemuu-nested-amd 20 debian-hvm-install/l1/l2 fail like 185347 test-amd64-amd64-libvirt 15 migrate-support-check fail never pass test-amd64-amd64-libvirt-xsm 15 migrate-support-check fail never pass test-armhf-armhf-xl-credit2 15 migrate-support-check fail never pass test-armhf-armhf-xl-credit2 16 saverestore-support-check fail never pass test-armhf-armhf-xl 15 migrate-support-check fail never pass test-armhf-armhf-xl 16 saverestore-support-check fail never pass test-armhf-armhf-xl-multivcpu 15 migrate-support-check fail never pass test-armhf-armhf-xl-multivcpu 16 saverestore-support-check fail never pass test-amd64-amd64-libvirt-qcow2 14 migrate-support-check fail never pass test-armhf-armhf-xl-credit1 15 migrate-support-check fail never pass test-armhf-armhf-xl-credit1 16 saverestore-support-check fail never pass test-amd64-amd64-libvirt-raw 14 migrate-support-check fail never pass test-amd64-amd64-libvirt-vhd 14 migrate-support-check fail never pass test-armhf-armhf-xl-qcow2 14 migrate-support-check fail never pass test-armhf-armhf-xl-qcow2 15 saverestore-support-check fail never pass test-armhf-armhf-xl-raw 14 migrate-support-check fail never pass test-armhf-armhf-xl-raw 15 saverestore-support-check fail never pass test-amd64-amd64-libvirt-qemuu-debianhvm-amd64-xsm 13 migrate-support-check fail never pass test-armhf-armhf-libvirt-vhd 14 migrate-support-check fail never pass test-armhf-armhf-libvirt-vhd 15 saverestore-support-check fail never pass test-armhf-armhf-xl-rtds 15 migrate-support-check fail never pass test-armhf-armhf-xl-rtds 16 saverestore-support-check fail never pass test-armhf-armhf-libvirt 15 migrate-support-check fail never pass test-armhf-armhf-xl-arndale 15 migrate-support-check fail never pass test-armhf-armhf-xl-arndale 16 saverestore-support-check fail never pass version targeted for testing: linux 8f2c057754b25075aa3da132cd4fd4478cdab854 baseline version: linux 586b5dfb51b962c1b6c06495715e4c4f76a7fc5a Last test of basis 185347 2024-04-12 05:19:23 Z 1 days Testing same since 185442 2024-04-13 14:48:28 Z 0 days 1 attempts ------------------------------------------------------------ People who touched revisions under test: Aaro Koskinen <aaro.koskinen@xxxxxx> Abhinav Kumar <quic_abhinavk@xxxxxxxxxxx> Alex Constantino <dreaming.about.electric.sheep@xxxxxxxxx> Alex Deucher <alexander.deucher@xxxxxxx> Alex Hung <alex.hung@xxxxxxx> Alexey Izbyshev <izbyshev@xxxxxxxxx> Animesh Manna <animesh.manna@xxxxxxxxx> Arnd Bergmann <arnd@xxxxxxxx> Ashutosh Dixit <ashutosh.dixit@xxxxxxxxx> Bjorn Helgaas <bhelgaas@xxxxxxxxxx> Boris Brezillon <boris.brezillon@xxxxxxxxxxxxx> Catalin Marinas <catalin.marinas@xxxxxxx> Coly Li <colyli@xxxxxxx> Conor Dooley <conor.dooley@xxxxxxxxxxxxx> Cristian Marussi <cristian.marussi@xxxxxxx> Danilo Krummrich <dakr@xxxxxxxxxx> Dave Airlie <airlied@xxxxxxxxxx> Dillon Varone <dillon.varone@xxxxxxx> Dmitry Baryshkov <dmitry.baryshkov@xxxxxxxxxx> Dmitry Osipenko <dmitry.osipenko@xxxxxxxxxxxxx> Fabio Estevam <festevam@xxxxxxx> Frank Li <Frank.Li@xxxxxxx> Fudongwang <fudong.wang@xxxxxxx> Gavin Shan <gshan@xxxxxxxxxx> Geert Uytterhoeven <geert@xxxxxxxxxxxxxx> Haiyue Wang <haiyue.wang@xxxxxxxxx> Hamza Mahfooz <hamza.mahfooz@xxxxxxx> Harish Kasiviswanathan <Harish.Kasiviswanathan@xxxxxxx> Harry Wentland <harry.wentland@xxxxxxx> Himal Prasad Ghimiray <himal.prasad.ghimiray@xxxxxxxxx> Ilya Dryomov <idryomov@xxxxxxxxx> Jacek Lawrynowicz <jacek.lawrynowicz@xxxxxxxxxxxxxxx> Jacob Pan <jacob.jun.pan@xxxxxxxxxxxxxxx> Jammy Huang <jammy_huang@xxxxxxxxxxxxxx> Jeff Layton <jlayton@xxxxxxxxxx> Jens Axboe <axboe@xxxxxxxxx> Jens Wiklander <jens.wiklander@xxxxxxxxxx> Jiaxun Yang <jiaxun.yang@xxxxxxxxxxx> Joerg Roedel <jroedel@xxxxxxx> Johan Hovold <johan+linaro@xxxxxxxxxx> John Harrison <John.C.Harrison@xxxxxxxxx> Jon Hunter <jonathanh@xxxxxxxxxx> Jouni Högander <jouni.hogander@xxxxxxxxx> Karthik Poosa <karthik.poosa@xxxxxxxxx> Kees Cook <keescook@xxxxxxxxxxxx> Kenneth Feng <kenneth.feng@xxxxxxx> Krzysztof Kozlowski <krzk@xxxxxxxxxx> Krzysztof Kozlowski <krzysztof.kozlowski@xxxxxxxxxx> Kuogee Hsieh <quic_khsieh@xxxxxxxxxxx> Lang Yu <Lang.Yu@xxxxxxx> Li Ma <li.ma@xxxxxxx> Lijo Lazar <lijo.lazar@xxxxxxx> lima1002 <li.ma@xxxxxxx> Linus Torvalds <torvalds@xxxxxxxxxxxxxxxxxxxx> Lu Baolu <baolu.lu@xxxxxxxxxxxxxxx> Luca Weiss <luca.weiss@xxxxxxxxxxxxx> Lucas De Marchi <lucas.demarchi@xxxxxxxxx> Manivannan Sadhasivam <manivannan.sadhasivam@xxxxxxxxxx> Marc Ruhmann <ruhmann@xxxxxxxxxxxxxxxxxxxx> Masami Hiramatsu (Google) <mhiramat@xxxxxxxxxx> Maxime Ripard <mripard@xxxxxxxxxx> Miguel Ojeda <ojeda@xxxxxxxxxx> Ming Lei <ming.lei@xxxxxxxxxx> NeilBrown <neilb@xxxxxxx> Pavel Begunkov <asml.silence@xxxxxxxxx> Pierre Gondois <pierre.gondois@xxxxxxx> Prasad Pandit <pjp@xxxxxxxxxxxxxxxxx> Rik van Riel <riel@xxxxxxxxxxx> Rob Clark <robdclark@xxxxxxxxxxxx> Rob Clark <robdclark@xxxxxxxxx> Rodrigo Vivi <rodrigo.vivi@xxxxxxxxx> Roman Li <roman.li@xxxxxxx> Samuel Holland <samuel.holland@xxxxxxxxxx> shaoyunl <shaoyun.liu@xxxxxxx> Shawn Guo <shawnguo@xxxxxxxxxx> Song Liu <song@xxxxxxxxxx> Stephen Boyd <swboyd@xxxxxxxxxxxx> Steven Rostedt (Google) <rostedt@xxxxxxxxxxx> Sudeep Holla <sudeep.holla@xxxxxxx> Suraj Kandpal <suraj.kandpal@xxxxxxxxx> Tao Zhou <tao.zhou1@xxxxxxx> Tejun Heo <tj@xxxxxxxxxx> Thierry Reding <treding@xxxxxxxxxx> Thomas Bogendoerfer <tsbogend@xxxxxxxxxxxxxxxx> Thomas Zimmermann <tzimmermann@xxxxxxx> Tim Harvey <tharvey@xxxxxxxxxxxxx> Tim Huang <Tim.Huang@xxxxxxx> Tony Lindgren <tony@xxxxxxxxxxx> Ulf Hansson <ulf.hansson@xxxxxxxxxx> Vasant Hegde <vasant.hegde@xxxxxxx> Vidya Srinivas <vidya.srinivas@xxxxxxxxx> Ville Syrjälä <ville.syrjala@xxxxxxxxxxxxxxx> Wachowski, Karol <karol.wachowski@xxxxxxxxx> Wenjing Liu <wenjing.liu@xxxxxxx> Xiubo Li <xiubli@xxxxxxxxxx> Xuchun Shang <xuchun.shang@xxxxxxxxxxxxxxxxx> Yang Li <yang.lee@xxxxxxxxxxxxxxxxx> Ye Li <ye.li@xxxxxxxxxxxx> Yifan Zhang <yifan1.zhang@xxxxxxx> Yu Kuai <yukuai3@xxxxxxxxxx> Zack Rusin <zack.rusin@xxxxxxxxxxxx> ZhenGuo Yin <zhenguo.yin@xxxxxxx> Zhigang Luo <Zhigang.Luo@xxxxxxx> Zhongwei <zhongwei.zhang@xxxxxxx> jobs: build-amd64-xsm pass build-arm64-xsm pass build-i386-xsm pass build-amd64 pass build-arm64 broken build-armhf pass build-i386 pass build-amd64-libvirt pass build-arm64-libvirt blocked build-armhf-libvirt pass build-i386-libvirt pass build-amd64-pvops pass build-arm64-pvops broken build-armhf-pvops pass build-i386-pvops pass test-amd64-amd64-xl pass test-amd64-coresched-amd64-xl pass test-arm64-arm64-xl blocked test-armhf-armhf-xl pass test-amd64-amd64-libvirt-qemuu-debianhvm-amd64-xsm pass test-amd64-amd64-xl-qemut-stubdom-debianhvm-amd64-xsm pass test-amd64-amd64-xl-qemut-debianhvm-i386-xsm pass test-amd64-amd64-xl-qemuu-debianhvm-i386-xsm pass test-amd64-amd64-libvirt-xsm pass test-arm64-arm64-libvirt-xsm blocked test-amd64-amd64-xl-xsm pass test-arm64-arm64-xl-xsm blocked test-amd64-amd64-qemuu-nested-amd fail test-amd64-amd64-xl-pvhv2-amd pass test-amd64-amd64-dom0pvh-xl-amd pass test-amd64-amd64-xl-qemut-debianhvm-amd64 pass test-amd64-amd64-xl-qemuu-debianhvm-amd64 pass test-amd64-amd64-qemuu-freebsd11-amd64 pass test-amd64-amd64-qemuu-freebsd12-amd64 pass test-amd64-amd64-xl-qemuu-ovmf-amd64 pass test-amd64-amd64-xl-qemut-win7-amd64 fail test-amd64-amd64-xl-qemuu-win7-amd64 fail test-amd64-amd64-xl-qemut-ws16-amd64 fail test-amd64-amd64-xl-qemuu-ws16-amd64 fail test-armhf-armhf-xl-arndale pass test-amd64-amd64-examine-bios pass test-amd64-amd64-xl-credit1 pass test-arm64-arm64-xl-credit1 blocked test-armhf-armhf-xl-credit1 pass test-amd64-amd64-xl-credit2 pass test-arm64-arm64-xl-credit2 blocked test-armhf-armhf-xl-credit2 pass test-amd64-amd64-xl-qemuu-dmrestrict-amd64-dmrestrict pass test-amd64-amd64-examine pass test-arm64-arm64-examine blocked test-armhf-armhf-examine pass test-amd64-amd64-qemuu-nested-intel pass test-amd64-amd64-xl-pvhv2-intel pass test-amd64-amd64-dom0pvh-xl-intel pass test-amd64-amd64-libvirt pass test-armhf-armhf-libvirt pass test-amd64-amd64-xl-multivcpu pass test-armhf-armhf-xl-multivcpu pass test-amd64-amd64-pair pass test-amd64-amd64-libvirt-pair pass test-amd64-amd64-xl-pvshim pass test-amd64-amd64-pygrub pass test-amd64-amd64-libvirt-qcow2 pass test-amd64-amd64-xl-qcow2 pass test-armhf-armhf-xl-qcow2 pass test-amd64-amd64-libvirt-raw pass test-arm64-arm64-libvirt-raw blocked test-amd64-amd64-xl-raw pass test-armhf-armhf-xl-raw pass test-amd64-amd64-xl-rtds pass test-armhf-armhf-xl-rtds pass test-amd64-amd64-xl-qemuu-debianhvm-amd64-shadow pass test-amd64-amd64-xl-shadow pass test-arm64-arm64-xl-thunderx blocked test-amd64-amd64-examine-uefi pass test-amd64-amd64-libvirt-vhd pass test-armhf-armhf-libvirt-vhd pass test-amd64-amd64-xl-vhd pass test-arm64-arm64-xl-vhd blocked ------------------------------------------------------------ sg-report-flight on osstest.test-lab.xenproject.org logs: /home/logs/logs images: /home/logs/images Logs, config files, etc. are available at http://logs.test-lab.xenproject.org/osstest/logs Explanation of these reports, and of osstest in general, is at http://xenbits.xen.org/gitweb/?p=osstest.git;a=blob;f=README.email;hb=master http://xenbits.xen.org/gitweb/?p=osstest.git;a=blob;f=README;hb=master Test harness code can be found at http://xenbits.xen.org/gitweb?p=osstest.git;a=summary broken-job build-arm64 broken broken-job build-arm64-pvops broken Not pushing. (No revision log; it would be 3248 lines long.)
|
Lists.xenproject.org is hosted with RackSpace, monitoring our |