[Date Prev][Date Next][Thread Prev][Thread Next][Date Index][Thread Index] [linux-linus test] 186257: tolerable FAIL - PUSHED
flight 186257 linux-linus real [real] flight 186258 linux-linus real-retest [real] http://logs.test-lab.xenproject.org/osstest/logs/186257/ http://logs.test-lab.xenproject.org/osstest/logs/186258/ Failures :-/ but no regressions. Tests which are failing intermittently (not blocking): test-armhf-armhf-xl-qcow2 8 xen-boot fail pass in 186258-retest Regressions which are regarded as allowable (not blocking): test-armhf-armhf-xl-rtds 10 host-ping-check-xen fail REGR. vs. 186250 Tests which did not succeed, but are not blocking: test-armhf-armhf-xl-qcow2 14 migrate-support-check fail in 186258 never pass test-armhf-armhf-xl-qcow2 15 saverestore-support-check fail in 186258 never pass test-armhf-armhf-xl 8 xen-boot fail like 186250 test-armhf-armhf-libvirt-vhd 8 xen-boot fail like 186250 test-armhf-armhf-libvirt 16 saverestore-support-check fail like 186250 test-amd64-amd64-xl-qemut-win7-amd64 19 guest-stop fail like 186250 test-amd64-amd64-xl-qemuu-win7-amd64 19 guest-stop fail like 186250 test-amd64-amd64-xl-qemuu-ws16-amd64 19 guest-stop fail like 186250 test-amd64-amd64-xl-qemut-ws16-amd64 19 guest-stop fail like 186250 test-amd64-amd64-qemuu-nested-amd 20 debian-hvm-install/l1/l2 fail like 186250 test-amd64-amd64-libvirt 15 migrate-support-check fail never pass test-amd64-amd64-libvirt-xsm 15 migrate-support-check fail never pass test-arm64-arm64-xl-credit1 15 migrate-support-check fail never pass test-arm64-arm64-xl-xsm 15 migrate-support-check fail never pass test-arm64-arm64-xl-credit1 16 saverestore-support-check fail never pass test-arm64-arm64-xl-xsm 16 saverestore-support-check fail never pass test-amd64-amd64-libvirt-qemuu-debianhvm-amd64-xsm 13 migrate-support-check fail never pass test-arm64-arm64-xl-credit2 15 migrate-support-check fail never pass test-arm64-arm64-xl-credit2 16 saverestore-support-check fail never pass test-arm64-arm64-xl-thunderx 15 migrate-support-check fail never pass test-arm64-arm64-libvirt-xsm 15 migrate-support-check fail never pass test-arm64-arm64-xl-thunderx 16 saverestore-support-check fail never pass test-arm64-arm64-libvirt-xsm 16 saverestore-support-check fail never pass test-arm64-arm64-xl 15 migrate-support-check fail never pass test-arm64-arm64-xl 16 saverestore-support-check fail never pass test-armhf-armhf-xl-multivcpu 15 migrate-support-check fail never pass test-armhf-armhf-xl-multivcpu 16 saverestore-support-check fail never pass test-armhf-armhf-xl-credit1 15 migrate-support-check fail never pass test-armhf-armhf-xl-credit1 16 saverestore-support-check fail never pass test-amd64-amd64-libvirt-qcow2 14 migrate-support-check fail never pass test-amd64-amd64-libvirt-raw 14 migrate-support-check fail never pass test-armhf-armhf-xl-credit2 15 migrate-support-check fail never pass test-armhf-armhf-xl-credit2 16 saverestore-support-check fail never pass test-armhf-armhf-libvirt 15 migrate-support-check fail never pass test-amd64-amd64-libvirt-vhd 14 migrate-support-check fail never pass test-arm64-arm64-xl-vhd 14 migrate-support-check fail never pass test-arm64-arm64-xl-vhd 15 saverestore-support-check fail never pass test-arm64-arm64-libvirt-raw 14 migrate-support-check fail never pass test-arm64-arm64-libvirt-raw 15 saverestore-support-check fail never pass test-armhf-armhf-xl-raw 14 migrate-support-check fail never pass test-armhf-armhf-xl-raw 15 saverestore-support-check fail never pass test-armhf-armhf-xl-arndale 15 migrate-support-check fail never pass test-armhf-armhf-xl-arndale 16 saverestore-support-check fail never pass version targeted for testing: linux 71d7b52cc33bc3b6697cce8a0a5ac9032f372e47 baseline version: linux 32f88d65f01bf6f45476d7edbe675e44fb9e1d58 Last test of basis 186250 2024-06-04 21:12:01 Z 1 days Testing same since 186257 2024-06-05 16:10:40 Z 0 days 1 attempts ------------------------------------------------------------ People who touched revisions under test: Anup Patel <anup@xxxxxxxxxxxxxx> Anup Patel <apatel@xxxxxxxxxxxxxxxx> Conor Dooley <conor.dooley@xxxxxxxxxxxxx> Fuad Tabba <tabba@xxxxxxxxxx> Isaku Yamahata <isaku.yamahata@xxxxxxxxx> Jeff Johnson <quic_jjohnson@xxxxxxxxxxx> Linus Torvalds <torvalds@xxxxxxxxxxxxxxxxxxxx> Marc Zyngier <maz@xxxxxxxxxx> Nikunj A Dadhania <nikunj@xxxxxxx> Oliver Upton <oliver.upton@xxxxxxxxx> Paolo Bonzini <pbonzini@xxxxxxxxxx> Quan Zhou <zhouquan@xxxxxxxxxxx> Ravi Bangoria <ravi.bangoria@xxxxxxx> Rob Herring (Arm) <robh@xxxxxxxxxx> Sean Christopherson <seanjc@xxxxxxxxxx> Tao Su <tao1.su@xxxxxxxxxxxxxxx> Yong-Xuan Wang <yongxuan.wang@xxxxxxxxxx> jobs: build-amd64-xsm pass build-arm64-xsm pass build-i386-xsm pass build-amd64 pass build-arm64 pass build-armhf pass build-i386 pass build-amd64-libvirt pass build-arm64-libvirt pass build-armhf-libvirt pass build-i386-libvirt pass build-amd64-pvops pass build-arm64-pvops pass build-armhf-pvops pass build-i386-pvops pass test-amd64-amd64-xl pass test-amd64-coresched-amd64-xl pass test-arm64-arm64-xl pass test-armhf-armhf-xl fail test-amd64-amd64-libvirt-qemuu-debianhvm-amd64-xsm pass test-amd64-amd64-xl-qemut-stubdom-debianhvm-amd64-xsm pass test-amd64-amd64-xl-qemut-debianhvm-i386-xsm pass test-amd64-amd64-xl-qemuu-debianhvm-i386-xsm pass test-amd64-amd64-libvirt-xsm pass test-arm64-arm64-libvirt-xsm pass test-amd64-amd64-xl-xsm pass test-arm64-arm64-xl-xsm pass test-amd64-amd64-qemuu-nested-amd fail test-amd64-amd64-xl-pvhv2-amd pass test-amd64-amd64-dom0pvh-xl-amd pass test-amd64-amd64-xl-qemut-debianhvm-amd64 pass test-amd64-amd64-xl-qemuu-debianhvm-amd64 pass test-amd64-amd64-qemuu-freebsd11-amd64 pass test-amd64-amd64-qemuu-freebsd12-amd64 pass test-amd64-amd64-xl-qemuu-ovmf-amd64 pass test-amd64-amd64-xl-qemut-win7-amd64 fail test-amd64-amd64-xl-qemuu-win7-amd64 fail test-amd64-amd64-xl-qemut-ws16-amd64 fail test-amd64-amd64-xl-qemuu-ws16-amd64 fail test-armhf-armhf-xl-arndale pass test-amd64-amd64-examine-bios pass test-amd64-amd64-xl-credit1 pass test-arm64-arm64-xl-credit1 pass test-armhf-armhf-xl-credit1 pass test-amd64-amd64-xl-credit2 pass test-arm64-arm64-xl-credit2 pass test-armhf-armhf-xl-credit2 pass test-amd64-amd64-xl-qemuu-dmrestrict-amd64-dmrestrict pass test-amd64-amd64-examine pass test-arm64-arm64-examine pass test-armhf-armhf-examine pass test-amd64-amd64-qemuu-nested-intel pass test-amd64-amd64-xl-pvhv2-intel pass test-amd64-amd64-dom0pvh-xl-intel pass test-amd64-amd64-libvirt pass test-armhf-armhf-libvirt pass test-amd64-amd64-xl-multivcpu pass test-armhf-armhf-xl-multivcpu pass test-amd64-amd64-pair pass test-amd64-amd64-libvirt-pair pass test-amd64-amd64-xl-pvshim pass test-amd64-amd64-pygrub pass test-amd64-amd64-libvirt-qcow2 pass test-amd64-amd64-xl-qcow2 pass test-armhf-armhf-xl-qcow2 fail test-amd64-amd64-libvirt-raw pass test-arm64-arm64-libvirt-raw pass test-amd64-amd64-xl-raw pass test-armhf-armhf-xl-raw pass test-amd64-amd64-xl-rtds pass test-armhf-armhf-xl-rtds fail test-amd64-amd64-xl-qemuu-debianhvm-amd64-shadow pass test-amd64-amd64-xl-shadow pass test-arm64-arm64-xl-thunderx pass test-amd64-amd64-examine-uefi pass test-amd64-amd64-libvirt-vhd pass test-armhf-armhf-libvirt-vhd fail test-amd64-amd64-xl-vhd pass test-arm64-arm64-xl-vhd pass ------------------------------------------------------------ sg-report-flight on osstest.test-lab.xenproject.org logs: /home/logs/logs images: /home/logs/images Logs, config files, etc. are available at http://logs.test-lab.xenproject.org/osstest/logs Explanation of these reports, and of osstest in general, is at http://xenbits.xen.org/gitweb/?p=osstest.git;a=blob;f=README.email;hb=master http://xenbits.xen.org/gitweb/?p=osstest.git;a=blob;f=README;hb=master Test harness code can be found at http://xenbits.xen.org/gitweb?p=osstest.git;a=summary Pushing revision : hint: The 'hooks/update' hook was ignored because it's not set as executable. hint: You can disable this warning with `git config advice.ignoredHook false`. hint: The 'hooks/post-receive' hook was ignored because it's not set as executable. hint: You can disable this warning with `git config advice.ignoredHook false`. hint: The 'hooks/post-update' hook was ignored because it's not set as executable. hint: You can disable this warning with `git config advice.ignoredHook false`. To xenbits.xen.org:/home/xen/git/linux-pvops.git 32f88d65f01b..71d7b52cc33b 71d7b52cc33bc3b6697cce8a0a5ac9032f372e47 -> tested/linux-linus
|
Lists.xenproject.org is hosted with RackSpace, monitoring our |