[Date Prev][Date Next][Thread Prev][Thread Next][Date Index][Thread Index] [linux-linus test] 186268: tolerable FAIL - PUSHED
flight 186268 linux-linus real [real] flight 186269 linux-linus real-retest [real] http://logs.test-lab.xenproject.org/osstest/logs/186268/ http://logs.test-lab.xenproject.org/osstest/logs/186269/ Failures :-/ but no regressions. Tests which are failing intermittently (not blocking): test-armhf-armhf-libvirt 8 xen-boot fail pass in 186269-retest Regressions which are regarded as allowable (not blocking): test-armhf-armhf-xl-rtds 10 host-ping-check-xen fail REGR. vs. 186260 Tests which did not succeed, but are not blocking: test-armhf-armhf-libvirt 16 saverestore-support-check fail in 186269 like 186260 test-armhf-armhf-libvirt 15 migrate-support-check fail in 186269 never pass test-armhf-armhf-libvirt-vhd 8 xen-boot fail like 186260 test-amd64-amd64-xl-qemut-win7-amd64 19 guest-stop fail like 186260 test-amd64-amd64-xl-qemuu-win7-amd64 19 guest-stop fail like 186260 test-amd64-amd64-xl-qemuu-ws16-amd64 19 guest-stop fail like 186260 test-amd64-amd64-xl-qemut-ws16-amd64 19 guest-stop fail like 186260 test-amd64-amd64-qemuu-nested-amd 20 debian-hvm-install/l1/l2 fail like 186260 test-amd64-amd64-libvirt-xsm 15 migrate-support-check fail never pass test-amd64-amd64-libvirt 15 migrate-support-check fail never pass test-arm64-arm64-xl-credit1 15 migrate-support-check fail never pass test-arm64-arm64-xl-xsm 15 migrate-support-check fail never pass test-arm64-arm64-xl-credit1 16 saverestore-support-check fail never pass test-arm64-arm64-xl-xsm 16 saverestore-support-check fail never pass test-amd64-amd64-libvirt-qemuu-debianhvm-amd64-xsm 13 migrate-support-check fail never pass test-arm64-arm64-xl-credit2 15 migrate-support-check fail never pass test-arm64-arm64-xl-credit2 16 saverestore-support-check fail never pass test-arm64-arm64-xl-thunderx 15 migrate-support-check fail never pass test-arm64-arm64-libvirt-xsm 15 migrate-support-check fail never pass test-arm64-arm64-xl-thunderx 16 saverestore-support-check fail never pass test-arm64-arm64-libvirt-xsm 16 saverestore-support-check fail never pass test-arm64-arm64-xl 15 migrate-support-check fail never pass test-arm64-arm64-xl 16 saverestore-support-check fail never pass test-armhf-armhf-xl 15 migrate-support-check fail never pass test-armhf-armhf-xl 16 saverestore-support-check fail never pass test-armhf-armhf-xl-multivcpu 15 migrate-support-check fail never pass test-armhf-armhf-xl-multivcpu 16 saverestore-support-check fail never pass test-armhf-armhf-xl-credit1 15 migrate-support-check fail never pass test-armhf-armhf-xl-credit1 16 saverestore-support-check fail never pass test-amd64-amd64-libvirt-qcow2 14 migrate-support-check fail never pass test-amd64-amd64-libvirt-raw 14 migrate-support-check fail never pass test-armhf-armhf-xl-credit2 15 migrate-support-check fail never pass test-armhf-armhf-xl-credit2 16 saverestore-support-check fail never pass test-amd64-amd64-libvirt-vhd 14 migrate-support-check fail never pass test-armhf-armhf-xl-qcow2 14 migrate-support-check fail never pass test-armhf-armhf-xl-qcow2 15 saverestore-support-check fail never pass test-arm64-arm64-xl-vhd 14 migrate-support-check fail never pass test-arm64-arm64-xl-vhd 15 saverestore-support-check fail never pass test-arm64-arm64-libvirt-raw 14 migrate-support-check fail never pass test-arm64-arm64-libvirt-raw 15 saverestore-support-check fail never pass test-armhf-armhf-xl-raw 14 migrate-support-check fail never pass test-armhf-armhf-xl-raw 15 saverestore-support-check fail never pass test-armhf-armhf-xl-arndale 15 migrate-support-check fail never pass test-armhf-armhf-xl-arndale 16 saverestore-support-check fail never pass version targeted for testing: linux d30d0e49da71de8df10bf3ff1b3de880653af562 baseline version: linux 2df0193e62cf887f373995fb8a91068562784adc Last test of basis 186260 2024-06-06 00:12:08 Z 1 days Testing same since 186268 2024-06-06 17:10:36 Z 0 days 1 attempts ------------------------------------------------------------ People who touched revisions under test: Aditya Kumar Singh <quic_adisi@xxxxxxxxxxx> Aleksandr Mishin <amishin@xxxxxxxxxx> Alexei Starovoitov <ast@xxxxxxxxxx> Alexis Lothoré <alexis.lothore@xxxxxxxxxxx> Andrii Nakryiko <andrii@xxxxxxxxxx> Antonio Quartulli <a@xxxxxxxxxxx> Ard Biesheuvel <ardb@xxxxxxxxxx> Ayala Beker <ayala.beker@xxxxxxxxx> Baochen Qiang <quic_bqiang@xxxxxxxxxxx> Benjamin Berg <benjamin.berg@xxxxxxxxx> Bitterblue Smith <rtl8821cerfe2@xxxxxxxxx> Breno Leitao <leitao@xxxxxxxxxx> Carl Huang <quic_cjhuang@xxxxxxxxxxx> Chandan Kumar Rout <chandanx.rout@xxxxxxxxx> Chris Maness <christopher.maness@xxxxxxxxx> Cong Wang <cong.wang@xxxxxxxxxxxxx> Dan Cross <crossd@xxxxxxxxx> Daniel Borkmann <daniel@xxxxxxxxxxxxx> David S. Miller <davem@xxxxxxxxxxxxx> DelphineCCChiu <delphine_cc_chiu@xxxxxxxxxx> Dmitry Antipov <dmantipov@xxxxxxxxx> Dmitry Baryshkov <dmitry.baryshkov@xxxxxxxxxx> Dmitry Safonov <0x7f454c46@xxxxxxxxx> Duoming Zhou <duoming@xxxxxxxxxx> Emmanuel Grumbach <emmanuel.grumbach@xxxxxxxxx> Eric Dumazet <edumazet@xxxxxxxxxx> Frank Wunderlich <frank-w@xxxxxxxxxxxxxxx> Geliang Tang <geliang@xxxxxxxxxx> Guilherme G. Piccoli <gpiccoli@xxxxxxxxxx> Hangbin Liu <liuhangbin@xxxxxxxxx> Hangyu Hua <hbh25y@xxxxxxxxx> Heng Qi <hengqi@xxxxxxxxxxxxxxxxx> Huacai Chen <chenhuacai@xxxxxxxxxxx> Ilan Peer <ilan.peer@xxxxxxxxx> Jacob Keller <jacob.e.keller@xxxxxxxxx> Jakub Kicinski <kuba@xxxxxxxxxx> Jason Wang <jasowang@xxxxxxxxxx> Jason Xing <kernelxing@xxxxxxxxxxx> Jeff Johnson <quic_jjohnson@xxxxxxxxxxx> Jiri Olsa <jolsa@xxxxxxxxxx> Johannes Berg <johannes.berg@xxxxxxxxx> Kalle Valo <kvalo@xxxxxxxxxx> Kalle Valo <quic_kvalo@xxxxxxxxxxx> Karol Kolacinski <karol.kolacinski@xxxxxxxxx> Kuniyuki Iwashima <kuniyu@xxxxxxxxxx> Lars Kellogg-Stedman <lars@xxxxxxxxxx> Larysa Zaremba <larysa.zaremba@xxxxxxxxx> Lin Ma <linma@xxxxxxxxxx> Lingbo Kong <quic_lingbok@xxxxxxxxxxx> Linus Torvalds <torvalds@xxxxxxxxxxxxxxxxxxxx> Luca Weiss <luca.weiss@xxxxxxxxxxxxx> Magnus Karlsson <magnus.karlsson@xxxxxxxxx> Matthias Stocker <mstocker@xxxxxxxxxxxxx> Matthieu Baerts (NGI0) <matttbe@xxxxxxxxxx> Michael S. Tsirkin <mst@xxxxxxxxxx> Miri Korenblit <miriam.rachel.korenblit@xxxxxxxxx> Mordechay Goodstein <mordechay.goodstein@xxxxxxxxx> Moshe Shemesh <moshe@xxxxxxxxxx> Naama Meir <naamax.meir@xxxxxxxxxxxxxxx> Nathan Chancellor <nathan@xxxxxxxxxx> Nicolas Escande <nico.escande@xxxxxxxxx> Paolo Abeni <pabeni@xxxxxxxxxx> Paul Greenwalt <paul.greenwalt@xxxxxxxxx> Peter Geis <pgwipeout@xxxxxxxxx> Ping-Ke Shih <pkshih@xxxxxxxxxxx> Pucha Himasekhar Reddy <himasekharx.reddy.pucha@xxxxxxxxx> Remi Pommarel <repk@xxxxxxxxxxxx> Richard Cochran <richardcochran@xxxxxxxxx> Sasha Neftin <sasha.neftin@xxxxxxxxx> Sebastian Andrzej Siewior <bigeasy@xxxxxxxxxxxxx> Sergey Ryazanov <ryazanov.s.a@xxxxxxxxx> Shahar S Matityahu <shahar.s.matityahu@xxxxxxxxx> Shaul Triebitz <shaul.triebitz@xxxxxxxxx> Shay Drory <shayd@xxxxxxxxxx> Simon Horman <horms@xxxxxxxxxx> Su Hui <suhui@xxxxxxxxxxxx> Subbaraya Sundeep <sbhatta@xxxxxxxxxxx> Taehee Yoo <ap420073@xxxxxxxxx> Tariq Toukan <tariqt@xxxxxxxxxx> Tetsuo Handa <penguin-kernel@xxxxxxxxxxxxxxxxxxx> Thorsten Blum <thorsten.blum@xxxxxxxxxx> Tristram Ha <tristram.ha@xxxxxxxxxxxxx> Vadim Fedorenko <vadfed@xxxxxxxx> Vinicius Costa Gomes <vinicius.gomes@xxxxxxxxx> Wen Gu <guwen@xxxxxxxxxxxxxxxxx> Yedidya Benshimol <yedidya.ben.shimol@xxxxxxxxx> jobs: build-amd64-xsm pass build-arm64-xsm pass build-i386-xsm pass build-amd64 pass build-arm64 pass build-armhf pass build-i386 pass build-amd64-libvirt pass build-arm64-libvirt pass build-armhf-libvirt pass build-i386-libvirt pass build-amd64-pvops pass build-arm64-pvops pass build-armhf-pvops pass build-i386-pvops pass test-amd64-amd64-xl pass test-amd64-coresched-amd64-xl pass test-arm64-arm64-xl pass test-armhf-armhf-xl pass test-amd64-amd64-libvirt-qemuu-debianhvm-amd64-xsm pass test-amd64-amd64-xl-qemut-stubdom-debianhvm-amd64-xsm pass test-amd64-amd64-xl-qemut-debianhvm-i386-xsm pass test-amd64-amd64-xl-qemuu-debianhvm-i386-xsm pass test-amd64-amd64-libvirt-xsm pass test-arm64-arm64-libvirt-xsm pass test-amd64-amd64-xl-xsm pass test-arm64-arm64-xl-xsm pass test-amd64-amd64-qemuu-nested-amd fail test-amd64-amd64-xl-pvhv2-amd pass test-amd64-amd64-dom0pvh-xl-amd pass test-amd64-amd64-xl-qemut-debianhvm-amd64 pass test-amd64-amd64-xl-qemuu-debianhvm-amd64 pass test-amd64-amd64-qemuu-freebsd11-amd64 pass test-amd64-amd64-qemuu-freebsd12-amd64 pass test-amd64-amd64-xl-qemuu-ovmf-amd64 pass test-amd64-amd64-xl-qemut-win7-amd64 fail test-amd64-amd64-xl-qemuu-win7-amd64 fail test-amd64-amd64-xl-qemut-ws16-amd64 fail test-amd64-amd64-xl-qemuu-ws16-amd64 fail test-armhf-armhf-xl-arndale pass test-amd64-amd64-examine-bios pass test-amd64-amd64-xl-credit1 pass test-arm64-arm64-xl-credit1 pass test-armhf-armhf-xl-credit1 pass test-amd64-amd64-xl-credit2 pass test-arm64-arm64-xl-credit2 pass test-armhf-armhf-xl-credit2 pass test-amd64-amd64-xl-qemuu-dmrestrict-amd64-dmrestrict pass test-amd64-amd64-examine pass test-arm64-arm64-examine pass test-armhf-armhf-examine pass test-amd64-amd64-qemuu-nested-intel pass test-amd64-amd64-xl-pvhv2-intel pass test-amd64-amd64-dom0pvh-xl-intel pass test-amd64-amd64-libvirt pass test-armhf-armhf-libvirt fail test-amd64-amd64-xl-multivcpu pass test-armhf-armhf-xl-multivcpu pass test-amd64-amd64-pair pass test-amd64-amd64-libvirt-pair pass test-amd64-amd64-xl-pvshim pass test-amd64-amd64-pygrub pass test-amd64-amd64-libvirt-qcow2 pass test-amd64-amd64-xl-qcow2 pass test-armhf-armhf-xl-qcow2 pass test-amd64-amd64-libvirt-raw pass test-arm64-arm64-libvirt-raw pass test-amd64-amd64-xl-raw pass test-armhf-armhf-xl-raw pass test-amd64-amd64-xl-rtds pass test-armhf-armhf-xl-rtds fail test-amd64-amd64-xl-qemuu-debianhvm-amd64-shadow pass test-amd64-amd64-xl-shadow pass test-arm64-arm64-xl-thunderx pass test-amd64-amd64-examine-uefi pass test-amd64-amd64-libvirt-vhd pass test-armhf-armhf-libvirt-vhd fail test-amd64-amd64-xl-vhd pass test-arm64-arm64-xl-vhd pass ------------------------------------------------------------ sg-report-flight on osstest.test-lab.xenproject.org logs: /home/logs/logs images: /home/logs/images Logs, config files, etc. are available at http://logs.test-lab.xenproject.org/osstest/logs Explanation of these reports, and of osstest in general, is at http://xenbits.xen.org/gitweb/?p=osstest.git;a=blob;f=README.email;hb=master http://xenbits.xen.org/gitweb/?p=osstest.git;a=blob;f=README;hb=master Test harness code can be found at http://xenbits.xen.org/gitweb?p=osstest.git;a=summary Pushing revision : hint: The 'hooks/update' hook was ignored because it's not set as executable. hint: You can disable this warning with `git config advice.ignoredHook false`. hint: The 'hooks/post-receive' hook was ignored because it's not set as executable. hint: You can disable this warning with `git config advice.ignoredHook false`. hint: The 'hooks/post-update' hook was ignored because it's not set as executable. hint: You can disable this warning with `git config advice.ignoredHook false`. To xenbits.xen.org:/home/xen/git/linux-pvops.git 2df0193e62cf..d30d0e49da71 d30d0e49da71de8df10bf3ff1b3de880653af562 -> tested/linux-linus
|
Lists.xenproject.org is hosted with RackSpace, monitoring our |