[Date Prev][Date Next][Thread Prev][Thread Next][Date Index][Thread Index] [xen-unstable-smoke test] 186411: tolerable all pass - PUSHED
flight 186411 xen-unstable-smoke real [real] http://logs.test-lab.xenproject.org/osstest/logs/186411/ Failures :-/ but no regressions. Tests which did not succeed, but are not blocking: test-amd64-amd64-libvirt 15 migrate-support-check fail never pass test-arm64-arm64-xl-xsm 15 migrate-support-check fail never pass test-arm64-arm64-xl-xsm 16 saverestore-support-check fail never pass test-armhf-armhf-xl 15 migrate-support-check fail never pass test-armhf-armhf-xl 16 saverestore-support-check fail never pass version targeted for testing: xen efa6e9f15ba943d154e8d7b29384581915b2aacd baseline version: xen 53c5c99e8744495395c1274595d6ca55947d1d6a Last test of basis 186404 2024-06-19 01:00:23 Z 0 days Testing same since 186411 2024-06-19 12:00:22 Z 0 days 1 attempts ------------------------------------------------------------ People who touched revisions under test: Julien Grall <jgrall@xxxxxxxxxx> Michal Orzel <michal.orzel@xxxxxxx> jobs: build-arm64-xsm pass build-amd64 pass build-armhf pass build-amd64-libvirt pass test-armhf-armhf-xl pass test-arm64-arm64-xl-xsm pass test-amd64-amd64-xl-qemuu-debianhvm-amd64 pass test-amd64-amd64-libvirt pass ------------------------------------------------------------ sg-report-flight on osstest.test-lab.xenproject.org logs: /home/logs/logs images: /home/logs/images Logs, config files, etc. are available at http://logs.test-lab.xenproject.org/osstest/logs Explanation of these reports, and of osstest in general, is at http://xenbits.xen.org/gitweb/?p=osstest.git;a=blob;f=README.email;hb=master http://xenbits.xen.org/gitweb/?p=osstest.git;a=blob;f=README;hb=master Test harness code can be found at http://xenbits.xen.org/gitweb?p=osstest.git;a=summary Pushing revision : To xenbits.xen.org:/home/xen/git/xen.git 53c5c99e87..efa6e9f15b efa6e9f15ba943d154e8d7b29384581915b2aacd -> smoke
|
![]() |
Lists.xenproject.org is hosted with RackSpace, monitoring our |