[Date Prev][Date Next][Thread Prev][Thread Next][Date Index][Thread Index] [linux-linus test] 186724: regressions - FAIL
flight 186724 linux-linus real [real] flight 186725 linux-linus real-retest [real] http://logs.test-lab.xenproject.org/osstest/logs/186724/ http://logs.test-lab.xenproject.org/osstest/logs/186725/ Regressions :-( Tests which did not succeed and are blocking, including tests which could not be run: test-armhf-armhf-xl-credit2 8 xen-boot fail REGR. vs. 186720 test-armhf-armhf-xl-credit1 8 xen-boot fail REGR. vs. 186720 test-armhf-armhf-libvirt 8 xen-boot fail REGR. vs. 186720 Tests which are failing intermittently (not blocking): test-armhf-armhf-libvirt-vhd 8 xen-boot fail pass in 186725-retest Tests which did not succeed, but are not blocking: test-armhf-armhf-libvirt-vhd 14 migrate-support-check fail in 186725 never pass test-armhf-armhf-libvirt-vhd 15 saverestore-support-check fail in 186725 never pass test-armhf-armhf-examine 8 reboot fail like 186720 test-amd64-amd64-xl-qemut-win7-amd64 19 guest-stop fail like 186720 test-amd64-amd64-xl-qemuu-win7-amd64 19 guest-stop fail like 186720 test-amd64-amd64-xl-qemuu-ws16-amd64 19 guest-stop fail like 186720 test-amd64-amd64-xl-qemut-ws16-amd64 19 guest-stop fail like 186720 test-amd64-amd64-qemuu-nested-amd 20 debian-hvm-install/l1/l2 fail like 186720 test-amd64-amd64-libvirt 15 migrate-support-check fail never pass test-amd64-amd64-libvirt-xsm 15 migrate-support-check fail never pass test-arm64-arm64-xl-thunderx 15 migrate-support-check fail never pass test-arm64-arm64-xl-thunderx 16 saverestore-support-check fail never pass test-arm64-arm64-xl-xsm 15 migrate-support-check fail never pass test-arm64-arm64-xl-xsm 16 saverestore-support-check fail never pass test-arm64-arm64-xl-credit2 15 migrate-support-check fail never pass test-arm64-arm64-xl-credit2 16 saverestore-support-check fail never pass test-arm64-arm64-libvirt-xsm 15 migrate-support-check fail never pass test-arm64-arm64-libvirt-xsm 16 saverestore-support-check fail never pass test-arm64-arm64-xl 15 migrate-support-check fail never pass test-arm64-arm64-xl 16 saverestore-support-check fail never pass test-amd64-amd64-libvirt-qemuu-debianhvm-amd64-xsm 13 migrate-support-check fail never pass test-arm64-arm64-xl-credit1 15 migrate-support-check fail never pass test-arm64-arm64-xl-credit1 16 saverestore-support-check fail never pass test-amd64-amd64-libvirt-qcow2 14 migrate-support-check fail never pass test-armhf-armhf-xl-rtds 15 migrate-support-check fail never pass test-armhf-armhf-xl-rtds 16 saverestore-support-check fail never pass test-amd64-amd64-libvirt-raw 14 migrate-support-check fail never pass test-armhf-armhf-xl 15 migrate-support-check fail never pass test-armhf-armhf-xl 16 saverestore-support-check fail never pass test-amd64-amd64-libvirt-vhd 14 migrate-support-check fail never pass test-arm64-arm64-xl-vhd 14 migrate-support-check fail never pass test-arm64-arm64-xl-vhd 15 saverestore-support-check fail never pass test-armhf-armhf-xl-raw 14 migrate-support-check fail never pass test-armhf-armhf-xl-raw 15 saverestore-support-check fail never pass test-armhf-armhf-xl-arndale 15 migrate-support-check fail never pass test-armhf-armhf-xl-arndale 16 saverestore-support-check fail never pass test-armhf-armhf-xl-multivcpu 15 migrate-support-check fail never pass test-armhf-armhf-xl-multivcpu 16 saverestore-support-check fail never pass test-arm64-arm64-libvirt-raw 14 migrate-support-check fail never pass test-arm64-arm64-libvirt-raw 15 saverestore-support-check fail never pass test-armhf-armhf-xl-qcow2 14 migrate-support-check fail never pass test-armhf-armhf-xl-qcow2 15 saverestore-support-check fail never pass version targeted for testing: linux 5a4bd506ddad75f1f2711cfbcf7551a5504e3f1e baseline version: linux c6653f49e4fd3b0d52c12a1fc814d6c5b234ea15 Last test of basis 186720 2024-07-07 04:19:59 Z 0 days Testing same since 186724 2024-07-07 18:42:19 Z 0 days 1 attempts ------------------------------------------------------------ People who touched revisions under test: Bjorn Andersson <andersson@xxxxxxxxxx> Chen-Yu Tsai <wens@xxxxxxxx> Frank Oltmanns <frank@xxxxxxxxxxxx> Gabor Juhos <j4g8y7@xxxxxxxxx> Konrad Dybcio <konrad.dybcio@xxxxxxxxxx> Linus Torvalds <torvalds@xxxxxxxxxxxxxxxxxxxx> Luca Weiss <luca.weiss@xxxxxxxxxxxxx> Md Sadre Alam <quic_mdalam@xxxxxxxxxxx> Pin-yen Lin <treapking@xxxxxxxxxxxx> Robert J. Pafford <pafford.9@xxxxxxxxxxxxxxxxxxx> Stephen Boyd <sboyd@xxxxxxxxxx> jobs: build-amd64-xsm pass build-arm64-xsm pass build-i386-xsm pass build-amd64 pass build-arm64 pass build-armhf pass build-i386 pass build-amd64-libvirt pass build-arm64-libvirt pass build-armhf-libvirt pass build-i386-libvirt pass build-amd64-pvops pass build-arm64-pvops pass build-armhf-pvops pass build-i386-pvops pass test-amd64-amd64-xl pass test-amd64-coresched-amd64-xl pass test-arm64-arm64-xl pass test-armhf-armhf-xl pass test-amd64-amd64-libvirt-qemuu-debianhvm-amd64-xsm pass test-amd64-amd64-xl-qemut-stubdom-debianhvm-amd64-xsm pass test-amd64-amd64-xl-qemut-debianhvm-i386-xsm pass test-amd64-amd64-xl-qemuu-debianhvm-i386-xsm pass test-amd64-amd64-libvirt-xsm pass test-arm64-arm64-libvirt-xsm pass test-amd64-amd64-xl-xsm pass test-arm64-arm64-xl-xsm pass test-amd64-amd64-qemuu-nested-amd fail test-amd64-amd64-xl-pvhv2-amd pass test-amd64-amd64-dom0pvh-xl-amd pass test-amd64-amd64-xl-qemut-debianhvm-amd64 pass test-amd64-amd64-xl-qemuu-debianhvm-amd64 pass test-amd64-amd64-qemuu-freebsd11-amd64 pass test-amd64-amd64-qemuu-freebsd12-amd64 pass test-amd64-amd64-xl-qemuu-ovmf-amd64 pass test-amd64-amd64-xl-qemut-win7-amd64 fail test-amd64-amd64-xl-qemuu-win7-amd64 fail test-amd64-amd64-xl-qemut-ws16-amd64 fail test-amd64-amd64-xl-qemuu-ws16-amd64 fail test-armhf-armhf-xl-arndale pass test-amd64-amd64-examine-bios pass test-amd64-amd64-xl-credit1 pass test-arm64-arm64-xl-credit1 pass test-armhf-armhf-xl-credit1 fail test-amd64-amd64-xl-credit2 pass test-arm64-arm64-xl-credit2 pass test-armhf-armhf-xl-credit2 fail test-amd64-amd64-xl-qemuu-dmrestrict-amd64-dmrestrict pass test-amd64-amd64-examine pass test-arm64-arm64-examine pass test-armhf-armhf-examine fail test-amd64-amd64-qemuu-nested-intel pass test-amd64-amd64-xl-pvhv2-intel pass test-amd64-amd64-dom0pvh-xl-intel pass test-amd64-amd64-libvirt pass test-armhf-armhf-libvirt fail test-amd64-amd64-xl-multivcpu pass test-armhf-armhf-xl-multivcpu pass test-amd64-amd64-pair pass test-amd64-amd64-libvirt-pair pass test-amd64-amd64-xl-pvshim pass test-amd64-amd64-pygrub pass test-amd64-amd64-libvirt-qcow2 pass test-amd64-amd64-xl-qcow2 pass test-armhf-armhf-xl-qcow2 pass test-amd64-amd64-libvirt-raw pass test-arm64-arm64-libvirt-raw pass test-amd64-amd64-xl-raw pass test-armhf-armhf-xl-raw pass test-amd64-amd64-xl-rtds pass test-armhf-armhf-xl-rtds pass test-amd64-amd64-xl-qemuu-debianhvm-amd64-shadow pass test-amd64-amd64-xl-shadow pass test-arm64-arm64-xl-thunderx pass test-amd64-amd64-examine-uefi pass test-amd64-amd64-libvirt-vhd pass test-armhf-armhf-libvirt-vhd fail test-amd64-amd64-xl-vhd pass test-arm64-arm64-xl-vhd pass ------------------------------------------------------------ sg-report-flight on osstest.test-lab.xenproject.org logs: /home/logs/logs images: /home/logs/images Logs, config files, etc. are available at http://logs.test-lab.xenproject.org/osstest/logs Explanation of these reports, and of osstest in general, is at http://xenbits.xen.org/gitweb/?p=osstest.git;a=blob;f=README.email;hb=master http://xenbits.xen.org/gitweb/?p=osstest.git;a=blob;f=README;hb=master Test harness code can be found at http://xenbits.xen.org/gitweb?p=osstest.git;a=summary Not pushing. ------------------------------------------------------------ commit 5a4bd506ddad75f1f2711cfbcf7551a5504e3f1e Merge: c6653f49e4fd 10f84de27bd0 Author: Linus Torvalds <torvalds@xxxxxxxxxxxxxxxxxxxx> Date: Sun Jul 7 10:59:38 2024 -0700 Merge tag 'clk-fixes-for-linus' of git://git.kernel.org/pub/scm/linux/kernel/git/clk/linux Pull clk fixes from Stephen Boyd: "A set of clk fixes for the Qualcomm, Mediatek, and Allwinner drivers: - Fix the Qualcomm Stromer Plus PLL set_rate() clk_op to explicitly set the alpha enable bit and not set bits that don't exist - Mark Qualcomm IPQ9574 crypto clks as voted to avoid stuck clk warnings - Fix the parent of some PLLs on Qualcomm sm6530 so their rate is correct - Fix the min/max rate clamping logic in the Allwinner driver that got broken in v6.9 - Limit runtime PM enabling in the Mediatek driver to only mt8183-mfgcfg so that system wide resume doesn't break on other Mediatek SoCs" * tag 'clk-fixes-for-linus' of git://git.kernel.org/pub/scm/linux/kernel/git/clk/linux: clk: mediatek: mt8183: Only enable runtime PM on mt8183-mfgcfg clk: sunxi-ng: common: Don't call hw_to_ccu_common on hw without common clk: qcom: gcc-ipq9574: Add BRANCH_HALT_VOTED flag clk: qcom: apss-ipq-pll: remove 'config_ctl_hi_val' from Stromer pll configs clk: qcom: clk-alpha-pll: set ALPHA_EN bit for Stromer Plus PLLs clk: qcom: gcc-sm6350: Fix gpll6* & gpll7 parents commit 10f84de27bd05bd2648512975d085dbe0a1e71c3 Merge: 878e845d8db0 72ceafb587a5 Author: Stephen Boyd <sboyd@xxxxxxxxxx> Date: Tue Jul 2 12:03:15 2024 -0700 Merge tag 'qcom-clk-fixes-for-6.10' of https://git.kernel.org/pub/scm/linux/kernel/git/qcom/linux into clk-fixes Pull Qualcomm clk driver fixes from Bjorn Andersson: - Correct the Stromer Plus PLL set_rate to explicitly set ALPHA_EN bit and remove unnecessary upper parts of CONFIG_CTL values. - Mark the recently added IPQ9574 GCC crypto clocks BRANCH_HALT_VOTED, to address stuck clock warnings. - Fix the GPLL6 and GPLL7 parents on SM6350 to avoid issues with these reportedly running at ~25GHz. * tag 'qcom-clk-fixes-for-6.10' of https://git.kernel.org/pub/scm/linux/kernel/git/qcom/linux: clk: qcom: gcc-ipq9574: Add BRANCH_HALT_VOTED flag clk: qcom: apss-ipq-pll: remove 'config_ctl_hi_val' from Stromer pll configs clk: qcom: clk-alpha-pll: set ALPHA_EN bit for Stromer Plus PLLs clk: qcom: gcc-sm6350: Fix gpll6* & gpll7 parents commit 878e845d8db04df9ff3bbbaac09d335b24153704 Author: Pin-yen Lin <treapking@xxxxxxxxxxxx> Date: Thu Jun 13 20:02:28 2024 +0800 clk: mediatek: mt8183: Only enable runtime PM on mt8183-mfgcfg Commit 2f7b1d8b5505 ("clk: mediatek: Do a runtime PM get on controllers during probe") enabled runtime PM for all mediatek clock controllers, but this introduced an issue on the resume path. If a device resumes earlier than the clock controller and calls clk_prepare() when runtime PM is enabled on the controller, it will end up calling clk_pm_runtime_get(). But the subsequent pm_runtime_resume_and_get() call will fail because the runtime PM is temporarily disabled during suspend. To workaround this, introduce a need_runtime_pm flag and only enable it on mt8183-mfgcfg, which is the driver that observed deadlock previously. Hopefully mt8183-cfgcfg won't run into the issue at the resume stage because the GPU should have stopped rendering before the system calls suspend. Fixes: 2f7b1d8b5505 ("clk: mediatek: Do a runtime PM get on controllers during probe") Signed-off-by: Pin-yen Lin <treapking@xxxxxxxxxxxx> Link: https://lore.kernel.org/r/20240613120357.1043342-1-treapking@xxxxxxxxxxxx Signed-off-by: Stephen Boyd <sboyd@xxxxxxxxxx> commit f7275fdf945cc91217dfba75d8c9e984c1dab05c Merge: 2607133196c3 ea977d742507 Author: Stephen Boyd <sboyd@xxxxxxxxxx> Date: Mon Jul 1 13:18:29 2024 -0700 Merge tag 'sunxi-clk-fixes-for-6.10' of https://git.kernel.org/pub/scm/linux/kernel/git/sunxi/linux into clk-fixes Pull one Allwinner SoC clk driver fix for 6.10 - Fix min/max rate clamping that caused a regression back in 6.9 * tag 'sunxi-clk-fixes-for-6.10' of https://git.kernel.org/pub/scm/linux/kernel/git/sunxi/linux: clk: sunxi-ng: common: Don't call hw_to_ccu_common on hw without common commit ea977d742507e534d9fe4f4d74256f6b7f589338 Author: Frank Oltmanns <frank@xxxxxxxxxxxx> Date: Sun Jun 23 10:45:58 2024 +0200 clk: sunxi-ng: common: Don't call hw_to_ccu_common on hw without common In order to set the rate range of a hw sunxi_ccu_probe calls hw_to_ccu_common() assuming all entries in desc->ccu_clks are contained in a ccu_common struct. This assumption is incorrect and, in consequence, causes invalid pointer de-references. Remove the faulty call. Instead, add one more loop that iterates over the ccu_clks and sets the rate range, if required. Fixes: b914ec33b391 ("clk: sunxi-ng: common: Support minimum and maximum rate") Reported-by: Robert J. Pafford <pafford.9@xxxxxxxxxxxxxxxxxxx> Closes: https://lore.kernel.org/lkml/DM6PR01MB58047C810DDD5D0AE397CADFF7C22@xxxxxxxxxxxxxxxxxxxxxxxxxxxxxxxxxxx/ Cc: stable@xxxxxxxxxxxxxxx Signed-off-by: Frank Oltmanns <frank@xxxxxxxxxxxx> Tested-by: Robert J. Pafford <pafford.9@xxxxxxxxxxxxxxxxxxx> Link: https://lore.kernel.org/r/20240623-sunxi-ng_fix_common_probe-v1-1-7c97e32824a1@xxxxxxxxxxxx Signed-off-by: Chen-Yu Tsai <wens@xxxxxxxx> commit 72ceafb587a56e26c905472418c7dc2033c294d3 Author: Md Sadre Alam <quic_mdalam@xxxxxxxxxxx> Date: Thu May 9 16:24:05 2024 +0530 clk: qcom: gcc-ipq9574: Add BRANCH_HALT_VOTED flag The crypto_ahb and crypto_axi clks are hardware voteable. This means that the halt bit isn't reliable because some other voter in the system, e.g. TrustZone, could be keeping the clk enabled when the kernel turns it off from clk_disable(). Make these clks use voting mode by changing the halt check to BRANCH_HALT_VOTED and toggle the voting bit in the voting register instead of directly controlling the branch by writing to the branch register. This fixes stuck clk warnings seen on ipq9574 and saves power by actually turning the clk off. Also changes the CRYPTO_AHB_CLK_ENA & CRYPTO_AXI_CLK_ENA offset to 0xb004 from 0x16014. Cc: stable@xxxxxxxxxxxxxxx Fixes: f6b2bd9cb29a ("clk: qcom: gcc-ipq9574: Enable crypto clocks") Signed-off-by: Md Sadre Alam <quic_mdalam@xxxxxxxxxxx> Link: https://lore.kernel.org/r/20240509105405.1262369-1-quic_mdalam@xxxxxxxxxxx Signed-off-by: Bjorn Andersson <andersson@xxxxxxxxxx> commit 2ba8425678af422da37b6c9b50e9ce66f0f55cae Author: Gabor Juhos <j4g8y7@xxxxxxxxx> Date: Thu May 9 10:08:04 2024 +0200 clk: qcom: apss-ipq-pll: remove 'config_ctl_hi_val' from Stromer pll configs Since the CONFIG_CTL register is only 32 bits wide in the Stromer and Stromer Plus PLLs , the 'config_ctl_hi_val' values from the IPQ5018 and IPQ5332 configurations are not used so remove those. No functional changes. Signed-off-by: Gabor Juhos <j4g8y7@xxxxxxxxx> Reviewed-by: Kathiravan Thirumoorthy <quic_kathirav@xxxxxxxxxxx> Acked-by: Konrad Dybcio <konrad.dybcio@xxxxxxxxxx> Link: https://lore.kernel.org/r/20240509-stromer-config-ctl-v1-1-6034e17b28d5@xxxxxxxxx Signed-off-by: Bjorn Andersson <andersson@xxxxxxxxxx> commit 5a33a64524e6381c399e5e42571d9363ffc0bed4 Author: Gabor Juhos <j4g8y7@xxxxxxxxx> Date: Wed May 8 22:34:14 2024 +0200 clk: qcom: clk-alpha-pll: set ALPHA_EN bit for Stromer Plus PLLs The clk_alpha_pll_stromer_plus_set_rate() function does not sets the ALPHA_EN bit in the USER_CTL register, so setting rates which requires using alpha mode works only if the bit gets set already prior calling the function. Extend the function to set the ALPHA_EN bit in order to allow using fractional rates regardless whether the bit gets set previously or not. Fixes: 84da48921a97 ("clk: qcom: clk-alpha-pll: introduce stromer plus ops") Signed-off-by: Gabor Juhos <j4g8y7@xxxxxxxxx> Link: https://lore.kernel.org/r/20240508-stromer-plus-alpha-en-v1-1-6639ce01ca5b@xxxxxxxxx Signed-off-by: Bjorn Andersson <andersson@xxxxxxxxxx> commit 3414f41a13eb41db15c558fbc695466203dca4fa Author: Luca Weiss <luca.weiss@xxxxxxxxxxxxx> Date: Wed May 8 10:12:53 2024 +0200 clk: qcom: gcc-sm6350: Fix gpll6* & gpll7 parents Both gpll6 and gpll7 are parented to CXO at 19.2 MHz and not to GPLL0 which runs at 600 MHz. Also gpll6_out_even should have the parent gpll6 and not gpll0. Adjust the parents of these clocks to make Linux report the correct rate and not absurd numbers like gpll7 at ~25 GHz or gpll6 at 24 GHz. Corrected rates are the following: gpll7 807999902 Hz gpll6 768000000 Hz gpll6_out_even 384000000 Hz gpll0 600000000 Hz gpll0_out_odd 200000000 Hz gpll0_out_even 300000000 Hz And because gpll6 is the parent of gcc_sdcc2_apps_clk_src (at 202 MHz) that clock also reports the correct rate now and avoids this warning: [ 5.984062] mmc0: Card appears overclocked; req 202000000 Hz, actual 6312499237 Hz Fixes: 131abae905df ("clk: qcom: Add SM6350 GCC driver") Signed-off-by: Luca Weiss <luca.weiss@xxxxxxxxxxxxx> Link: https://lore.kernel.org/r/20240508-sm6350-gpll-fix-v1-1-e4ea34284a6d@xxxxxxxxxxxxx Signed-off-by: Bjorn Andersson <andersson@xxxxxxxxxx>
|
![]() |
Lists.xenproject.org is hosted with RackSpace, monitoring our |