[Date Prev][Date Next][Thread Prev][Thread Next][Date Index][Thread Index] [xen-unstable test] 186978: FAIL
flight 186978 xen-unstable real [real] http://logs.test-lab.xenproject.org/osstest/logs/186978/ Failures and problems with tests :-( Tests which did not succeed and are blocking, including tests which could not be run: test-armhf-armhf-examine 5 host-install broken REGR. vs. 186971 Tests which did not succeed, but are not blocking: test-armhf-armhf-libvirt 16 saverestore-support-check fail like 186971 test-amd64-amd64-xl-qemut-win7-amd64 19 guest-stop fail like 186971 test-amd64-amd64-xl-qemuu-ws16-amd64 19 guest-stop fail like 186971 test-amd64-amd64-xl-qemuu-win7-amd64 19 guest-stop fail like 186971 test-amd64-amd64-xl-qemut-ws16-amd64 19 guest-stop fail like 186971 test-amd64-amd64-qemuu-nested-amd 20 debian-hvm-install/l1/l2 fail like 186971 test-amd64-amd64-libvirt 15 migrate-support-check fail never pass test-amd64-amd64-libvirt-xsm 15 migrate-support-check fail never pass test-arm64-arm64-xl 15 migrate-support-check fail never pass test-arm64-arm64-xl 16 saverestore-support-check fail never pass test-arm64-arm64-xl-thunderx 15 migrate-support-check fail never pass test-arm64-arm64-xl-thunderx 16 saverestore-support-check fail never pass test-arm64-arm64-xl-xsm 15 migrate-support-check fail never pass test-arm64-arm64-xl-xsm 16 saverestore-support-check fail never pass test-arm64-arm64-xl-credit2 15 migrate-support-check fail never pass test-arm64-arm64-xl-credit1 15 migrate-support-check fail never pass test-arm64-arm64-xl-credit1 16 saverestore-support-check fail never pass test-arm64-arm64-xl-credit2 16 saverestore-support-check fail never pass test-amd64-amd64-libvirt-qemuu-debianhvm-amd64-xsm 13 migrate-support-check fail never pass test-armhf-armhf-libvirt 15 migrate-support-check fail never pass test-arm64-arm64-libvirt-xsm 15 migrate-support-check fail never pass test-arm64-arm64-libvirt-xsm 16 saverestore-support-check fail never pass test-armhf-armhf-xl-arndale 15 migrate-support-check fail never pass test-armhf-armhf-xl-arndale 16 saverestore-support-check fail never pass test-armhf-armhf-xl-multivcpu 15 migrate-support-check fail never pass test-armhf-armhf-xl-multivcpu 16 saverestore-support-check fail never pass test-amd64-amd64-libvirt-qcow2 14 migrate-support-check fail never pass test-amd64-amd64-libvirt-raw 14 migrate-support-check fail never pass test-amd64-amd64-libvirt-vhd 14 migrate-support-check fail never pass test-arm64-arm64-libvirt-raw 14 migrate-support-check fail never pass test-arm64-arm64-libvirt-raw 15 saverestore-support-check fail never pass test-arm64-arm64-xl-vhd 14 migrate-support-check fail never pass test-arm64-arm64-xl-vhd 15 saverestore-support-check fail never pass test-armhf-armhf-libvirt-vhd 14 migrate-support-check fail never pass test-armhf-armhf-libvirt-vhd 15 saverestore-support-check fail never pass test-armhf-armhf-xl-credit1 15 migrate-support-check fail never pass test-armhf-armhf-xl-credit1 16 saverestore-support-check fail never pass test-armhf-armhf-xl-rtds 15 migrate-support-check fail never pass test-armhf-armhf-xl-rtds 16 saverestore-support-check fail never pass test-armhf-armhf-xl-credit2 15 migrate-support-check fail never pass test-armhf-armhf-xl-credit2 16 saverestore-support-check fail never pass test-armhf-armhf-xl 15 migrate-support-check fail never pass test-armhf-armhf-xl 16 saverestore-support-check fail never pass test-armhf-armhf-xl-qcow2 14 migrate-support-check fail never pass test-armhf-armhf-xl-qcow2 15 saverestore-support-check fail never pass test-armhf-armhf-xl-raw 14 migrate-support-check fail never pass test-armhf-armhf-xl-raw 15 saverestore-support-check fail never pass version targeted for testing: xen a17b6db9b00784b409c35e3017dc45aed1ec2bfb baseline version: xen fa58fcdc8cc38b5b73a59209a630ea7170eac713 Last test of basis 186971 2024-07-23 17:07:07 Z 0 days Testing same since 186978 2024-07-24 04:56:31 Z 0 days 1 attempts ------------------------------------------------------------ People who touched revisions under test: Andrew Cooper <andrew.cooper3@xxxxxxxxxx> jobs: build-amd64-xsm pass build-arm64-xsm pass build-i386-xsm pass build-amd64-xtf pass build-amd64 pass build-arm64 pass build-armhf pass build-i386 pass build-amd64-libvirt pass build-arm64-libvirt pass build-armhf-libvirt pass build-i386-libvirt pass build-amd64-prev pass build-i386-prev pass build-amd64-pvops pass build-arm64-pvops pass build-armhf-pvops pass build-i386-pvops pass test-xtf-amd64-amd64-1 pass test-xtf-amd64-amd64-2 pass test-xtf-amd64-amd64-3 pass test-xtf-amd64-amd64-4 pass test-xtf-amd64-amd64-5 pass test-amd64-amd64-xl pass test-amd64-coresched-amd64-xl pass test-arm64-arm64-xl pass test-armhf-armhf-xl pass test-amd64-amd64-libvirt-qemuu-debianhvm-amd64-xsm pass test-amd64-amd64-xl-qemut-stubdom-debianhvm-amd64-xsm pass test-amd64-amd64-xl-qemut-debianhvm-i386-xsm pass test-amd64-amd64-xl-qemuu-debianhvm-i386-xsm pass test-amd64-amd64-libvirt-xsm pass test-arm64-arm64-libvirt-xsm pass test-amd64-amd64-xl-xsm pass test-arm64-arm64-xl-xsm pass test-amd64-amd64-qemuu-nested-amd fail test-amd64-amd64-xl-pvhv2-amd pass test-amd64-amd64-dom0pvh-xl-amd pass test-amd64-amd64-xl-qemut-debianhvm-amd64 pass test-amd64-amd64-xl-qemuu-debianhvm-amd64 pass test-amd64-amd64-qemuu-freebsd11-amd64 pass test-amd64-amd64-qemuu-freebsd12-amd64 pass test-amd64-amd64-xl-qemuu-ovmf-amd64 pass test-amd64-amd64-xl-qemut-win7-amd64 fail test-amd64-amd64-xl-qemuu-win7-amd64 fail test-amd64-amd64-xl-qemut-ws16-amd64 fail test-amd64-amd64-xl-qemuu-ws16-amd64 fail test-armhf-armhf-xl-arndale pass test-amd64-amd64-examine-bios pass test-amd64-amd64-xl-credit1 pass test-arm64-arm64-xl-credit1 pass test-armhf-armhf-xl-credit1 pass test-amd64-amd64-xl-credit2 pass test-arm64-arm64-xl-credit2 pass test-armhf-armhf-xl-credit2 pass test-amd64-amd64-xl-qemuu-dmrestrict-amd64-dmrestrict pass test-amd64-amd64-examine pass test-arm64-arm64-examine pass test-armhf-armhf-examine fail test-amd64-amd64-qemuu-nested-intel pass test-amd64-amd64-xl-pvhv2-intel pass test-amd64-amd64-dom0pvh-xl-intel pass test-amd64-amd64-libvirt pass test-armhf-armhf-libvirt pass test-amd64-amd64-livepatch pass test-amd64-amd64-migrupgrade pass test-amd64-amd64-xl-multivcpu pass test-armhf-armhf-xl-multivcpu pass test-amd64-amd64-pair pass test-amd64-amd64-libvirt-pair pass test-amd64-amd64-xl-pvshim pass test-amd64-amd64-pygrub pass test-amd64-amd64-libvirt-qcow2 pass test-amd64-amd64-xl-qcow2 pass test-armhf-armhf-xl-qcow2 pass test-amd64-amd64-libvirt-raw pass test-arm64-arm64-libvirt-raw pass test-amd64-amd64-xl-raw pass test-armhf-armhf-xl-raw pass test-amd64-amd64-xl-rtds pass test-armhf-armhf-xl-rtds pass test-amd64-amd64-xl-qemuu-debianhvm-amd64-shadow pass test-amd64-amd64-xl-shadow pass test-arm64-arm64-xl-thunderx pass test-amd64-amd64-examine-uefi pass test-amd64-amd64-libvirt-vhd pass test-armhf-armhf-libvirt-vhd pass test-amd64-amd64-xl-vhd pass test-arm64-arm64-xl-vhd pass ------------------------------------------------------------ sg-report-flight on osstest.test-lab.xenproject.org logs: /home/logs/logs images: /home/logs/images Logs, config files, etc. are available at http://logs.test-lab.xenproject.org/osstest/logs Explanation of these reports, and of osstest in general, is at http://xenbits.xen.org/gitweb/?p=osstest.git;a=blob;f=README.email;hb=master http://xenbits.xen.org/gitweb/?p=osstest.git;a=blob;f=README;hb=master Test harness code can be found at http://xenbits.xen.org/gitweb?p=osstest.git;a=summary broken-step test-armhf-armhf-examine host-install Not pushing. ------------------------------------------------------------ commit a17b6db9b00784b409c35e3017dc45aed1ec2bfb Author: Andrew Cooper <andrew.cooper3@xxxxxxxxxx> Date: Fri Jun 28 16:33:56 2024 +0100 tools/libxs: Stop playing with SIGPIPE It's very rude for a library to play with signals behind the back of the application, no matter ones views on the default behaviour of SIGPIPE under POSIX. Even if the application doesn't care about the xenstored socket, it my care about others. This logic has existed since xenstore/xenstored was originally added in commit 29c9e570b1ed ("Add xenstore daemon and library") in 2005. It's also unnecessary. Pass MSG_NOSIGNAL when talking to xenstored over a pipe (to avoid sucumbing to SIGPIPE if xenstored has crashed), and forgo any playing with the signal disposition. This has a side benefit of saving 2 syscalls per xenstore request. Signed-off-by: Andrew Cooper <andrew.cooper3@xxxxxxxxxx> Reviewed-by: Juergen Gross <jgross@xxxxxxxx> Reviewed-by: Jason Andryuk <jason.andryuk@xxxxxxx> commit ebaeb0c64a6d363313e213eb9995f48307604ebb Author: Andrew Cooper <andrew.cooper3@xxxxxxxxxx> Date: Thu Jul 18 12:55:48 2024 +0100 tools/libxs: Use writev()/sendmsg() instead of write() With the input data now conveniently arranged, use writev()/sendmsg() instead of decomposing it into write() calls. This causes all requests to be submitted with a single system call, rather than at least two. While in principle short writes can occur, the chances of it happening are slim given that most xenbus comms are only a handful of bytes. Nevertheless, provide {writev,sendmsg}_exact() wrappers which take care of resubmitting on EINTR or short write. Signed-off-by: Andrew Cooper <andrew.cooper3@xxxxxxxxxx> Reviewed-by: Juergen Gross <jgross@xxxxxxxx> Reviewed-by: Jason Andryuk <jason.andryuk@xxxxxxx> commit 046efe529e82b8b999d8453d4ea49cb817c3f9b5 Author: Andrew Cooper <andrew.cooper3@xxxxxxxxxx> Date: Fri Jun 28 19:40:27 2024 +0100 tools/libxs: Track whether we're using a socket or file It will determine whether to use writev() or sendmsg(). Signed-off-by: Andrew Cooper <andrew.cooper3@xxxxxxxxxx> Reviewed-by: Juergen Gross <jgross@xxxxxxxx> Reviewed-by: Jason Andryuk <jason.andryuk@xxxxxxx> commit f050c03ce2ad0095ff0bec5f9ec673bb2026cf16 Author: Andrew Cooper <andrew.cooper3@xxxxxxxxxx> Date: Thu Jul 18 12:03:03 2024 +0100 tools/libxs: Rationalise the definition of struct xs_handle Right now there are two completely different struct xs_handle definitions, depend on #ifdef USE_PTHREAD. One is quite well hidden, and often escapes updates. Rework struct xs_handle using some interior ifdefary. It's slightly longer, but much easier to follow. Importanly, this makes it much harder to forget the !PTHREAD case when adding a "common" variable. No functional change. Signed-off-by: Andrew Cooper <andrew.cooper3@xxxxxxxxxx> Reviewed-by: Juergen Gross <jgross@xxxxxxxx> Reviewed-by: Jason Andryuk <jason.andryuk@xxxxxxx> commit e2a93bed8b9e0f0c4779dcd4b10dc7ba2a959fbc Author: Andrew Cooper <andrew.cooper3@xxxxxxxxxx> Date: Thu Jul 18 10:13:04 2024 +0100 tools/libxs: Rework xs_talkv() to take xsd_sockmsg within the iovec We would like to writev() the whole outgoing message, but this is hard given the current need to prepend the locally-constructed xsd_sockmsg. Instead, have the caller provide xsd_sockmsg in iovec[0]. This in turn drops the 't' and 'type' parameters from xs_talkv(). Note that xs_talkv() may alter the iovec structure. This may happen when writev() is really used under the covers, and it's preferable to having the lower levels need to duplicate the iovec to edit it upon encountering a short write. xs_directory_part() is the only function impacted by this, and it's easy to rearrange to be compatible. No functional change. Signed-off-by: Andrew Cooper <andrew.cooper3@xxxxxxxxxx> Reviewed-by: Juergen Gross <jgross@xxxxxxxx> Reviewed-by: Jason Andryuk <jason.andryuk@xxxxxxx> commit 42db2deb5e7617f0459b68cd73ab503938356186 Author: Andrew Cooper <andrew.cooper3@xxxxxxxxxx> Date: Thu Jul 18 10:23:00 2024 +0100 tools/libxs: Fix length check in xs_talkv() If the sum of iov element lengths overflows, the XENSTORE_PAYLOAD_MAX can pass, after which we'll write 4G of data with a good-looking length field, and the remainder of the payload will be interpreted as subsequent commands. Check each iov element length for XENSTORE_PAYLOAD_MAX before accmulating it. Signed-off-by: Andrew Cooper <andrew.cooper3@xxxxxxxxxx> Reviewed-by: Jason Andryuk <jason.andryuk@xxxxxxx> Reviewed-by: Juergen Gross <jgross@xxxxxxxx> (qemu changes not included)
|
![]() |
Lists.xenproject.org is hosted with RackSpace, monitoring our |