[Date Prev][Date Next][Thread Prev][Thread Next][Date Index][Thread Index]

[linux-6.1 test] 187211: tolerable FAIL - PUSHED



flight 187211 linux-6.1 real [real]
flight 187213 linux-6.1 real-retest [real]
http://logs.test-lab.xenproject.org/osstest/logs/187211/
http://logs.test-lab.xenproject.org/osstest/logs/187213/

Failures :-/ but no regressions.

Tests which are failing intermittently (not blocking):
 test-armhf-armhf-xl-raw       8 xen-boot            fail pass in 187213-retest
 test-amd64-amd64-qemuu-freebsd12-amd64 21 guest-start/freebsd.repeat fail pass 
in 187213-retest
 test-amd64-amd64-xl-qemuu-debianhvm-i386-xsm 12 debian-hvm-install fail pass 
in 187213-retest

Tests which did not succeed, but are not blocking:
 test-armhf-armhf-xl-raw     14 migrate-support-check fail in 187213 never pass
 test-armhf-armhf-xl-raw 15 saverestore-support-check fail in 187213 never pass
 test-armhf-armhf-libvirt     16 saverestore-support-check    fail  like 187139
 test-amd64-amd64-xl-qemuu-win7-amd64 19 guest-stop            fail like 187139
 test-amd64-amd64-xl-qemuu-ws16-amd64 19 guest-stop            fail like 187139
 test-amd64-amd64-xl-qemut-win7-amd64 19 guest-stop            fail like 187139
 test-amd64-amd64-xl-qemut-ws16-amd64 19 guest-stop            fail like 187139
 test-amd64-amd64-qemuu-nested-amd 20 debian-hvm-install/l1/l2 fail like 187139
 test-arm64-arm64-xl-thunderx 15 migrate-support-check        fail   never pass
 test-arm64-arm64-xl-thunderx 16 saverestore-support-check    fail   never pass
 test-amd64-amd64-libvirt     15 migrate-support-check        fail   never pass
 test-amd64-amd64-libvirt-xsm 15 migrate-support-check        fail   never pass
 test-amd64-amd64-libvirt-qemuu-debianhvm-amd64-xsm 13 migrate-support-check 
fail never pass
 test-arm64-arm64-xl-credit1  15 migrate-support-check        fail   never pass
 test-arm64-arm64-xl-credit1  16 saverestore-support-check    fail   never pass
 test-amd64-amd64-libvirt-vhd 14 migrate-support-check        fail   never pass
 test-arm64-arm64-xl-xsm      15 migrate-support-check        fail   never pass
 test-arm64-arm64-xl-xsm      16 saverestore-support-check    fail   never pass
 test-arm64-arm64-xl-credit2  15 migrate-support-check        fail   never pass
 test-arm64-arm64-xl-credit2  16 saverestore-support-check    fail   never pass
 test-arm64-arm64-xl          15 migrate-support-check        fail   never pass
 test-arm64-arm64-xl          16 saverestore-support-check    fail   never pass
 test-armhf-armhf-xl          15 migrate-support-check        fail   never pass
 test-armhf-armhf-xl          16 saverestore-support-check    fail   never pass
 test-armhf-armhf-libvirt     15 migrate-support-check        fail   never pass
 test-armhf-armhf-xl-credit2  15 migrate-support-check        fail   never pass
 test-armhf-armhf-xl-credit2  16 saverestore-support-check    fail   never pass
 test-amd64-amd64-libvirt-qcow2 14 migrate-support-check        fail never pass
 test-armhf-armhf-xl-arndale  15 migrate-support-check        fail   never pass
 test-armhf-armhf-xl-arndale  16 saverestore-support-check    fail   never pass
 test-amd64-amd64-libvirt-raw 14 migrate-support-check        fail   never pass
 test-arm64-arm64-libvirt-xsm 15 migrate-support-check        fail   never pass
 test-arm64-arm64-libvirt-xsm 16 saverestore-support-check    fail   never pass
 test-armhf-armhf-xl-multivcpu 15 migrate-support-check        fail  never pass
 test-armhf-armhf-xl-multivcpu 16 saverestore-support-check    fail  never pass
 test-armhf-armhf-xl-rtds     15 migrate-support-check        fail   never pass
 test-armhf-armhf-xl-rtds     16 saverestore-support-check    fail   never pass
 test-arm64-arm64-libvirt-raw 14 migrate-support-check        fail   never pass
 test-arm64-arm64-libvirt-raw 15 saverestore-support-check    fail   never pass
 test-arm64-arm64-xl-vhd      14 migrate-support-check        fail   never pass
 test-arm64-arm64-xl-vhd      15 saverestore-support-check    fail   never pass
 test-armhf-armhf-libvirt-vhd 14 migrate-support-check        fail   never pass
 test-armhf-armhf-libvirt-vhd 15 saverestore-support-check    fail   never pass
 test-armhf-armhf-xl-credit1  15 migrate-support-check        fail   never pass
 test-armhf-armhf-xl-credit1  16 saverestore-support-check    fail   never pass
 test-armhf-armhf-xl-qcow2    14 migrate-support-check        fail   never pass
 test-armhf-armhf-xl-qcow2    15 saverestore-support-check    fail   never pass

version targeted for testing:
 linux                36790ef5e00b69ccb92817f95ba1928eea24eebb
baseline version:
 linux                48d525b0e4634c487cf46a41c1e2824e9ee258ce

Last test of basis   187139  2024-08-04 00:11:12 Z    7 days
Testing same since   187211  2024-08-11 10:42:52 Z    0 days    1 attempts

------------------------------------------------------------
People who touched revisions under test:
  "Huang, Ying" <ying.huang@xxxxxxxxx>
  Al Viro <viro@xxxxxxxxxxxxxxxxxx>
  Alexander Maltsev <keltar.gw@xxxxxxxxx>
  Alexandra Winter <wintera@xxxxxxxxxxxxx>
  Alexey Gladkov <legion@xxxxxxxxxx>
  Alice Ryhl <aliceryhl@xxxxxxxxxx>
  Andrew Morton <akpm@xxxxxxxxxxxxxxxxxxxx>
  Andy Chiu <andy.chiu@xxxxxxxxxx>
  Aurinko <petrvelicka@xxxxxxx>
  Baokun Li <libaokun1@xxxxxxxxxx>
  Basavaraj Natikar <Basavaraj.Natikar@xxxxxxx>
  Benjamin Tissoires <bentiss@xxxxxxxxxx>
  Binbin Zhou <zhoubinbin@xxxxxxxxxxx>
  Bjorn Andersson <andersson@xxxxxxxxxx>
  bo liu <bo.liu@xxxxxxxxxxxxxx>
  Catalin Marinas <catalin.marinas@xxxxxxx>
  Chandan Kumar Rout <chandanx.rout@xxxxxxxxx> (A Contingent Worker at Intel)
  ChromeOS CQ Test <chromeos-kernel-stable-merge@xxxxxxxxxx>
  Dan Carpenter <dan.carpenter@xxxxxxxxxx>
  Danilo Krummrich <dakr@xxxxxxxxxx>
  David S. Miller <davem@xxxxxxxxxxxxx>
  David Sterba <dsterba@xxxxxxxx>
  Dmitry Baryshkov <dmitry.baryshkov@xxxxxxxxxx>
  Doug Brown <doug@xxxxxxxxxxxxx>
  Dustin L. Howett <dustin@xxxxxxxxxx>
  Edmund Raile <edmund.raile@xxxxxxxxxxxxxx>
  Eric Dumazet <edumazet@xxxxxxxxxx>
  Eric W. Biederman <ebiederm@xxxxxxxxxxxx>
  Florian Fainelli <florian.fainelli@xxxxxxxxxxxx>
  Greg Kroah-Hartman <gregkh@xxxxxxxxxxxxxxxxxxx>
  Hans de Goede <hdegoede@xxxxxxxxxx>
  Heiner Kallweit <hkallweit1@xxxxxxxxx>
  Herve Codina <herve.codina@xxxxxxxxxxx>
  Huang Ying <ying.huang@xxxxxxxxx>
  Ian Forbes <ian.forbes@xxxxxxxxxxxx>
  Imre Deak <imre.deak@xxxxxxxxx>
  Jaegeuk Kim <jaegeuk@xxxxxxxxxx>
  Jakub Kicinski <kuba@xxxxxxxxxx>
  Jani Nikula <jani.nikula@xxxxxxxxx>
  Javier Carrasco <javier.carrasco.cruz@xxxxxxxxx>
  Jiaxun Yang <jiaxun.yang@xxxxxxxxxxx>
  Jiri Kosina <jkosina@xxxxxxx>
  Joel Granados <j.granados@xxxxxxxxxxx>
  Jon Hunter <jonathanh@xxxxxxxxxx>
  Joonas Lahtinen <joonas.lahtinen@xxxxxxxxxxxxxxx>
  Jozsef Kadlecsik <kadlec@xxxxxxxxxxxxx>
  kernelci.org bot <bot@xxxxxxxxxxxx>
  Krishna Kurapati <quic_kriskura@xxxxxxxxxxx>
  Kuniyuki Iwashima <kuniyu@xxxxxxxxxx>
  Lee Jones <lee@xxxxxxxxxx>
  Li Zhijian <lizhijian@xxxxxxxxxxx>
  Linux Kernel Functional Testing <lkft@xxxxxxxxxx>
  Liu Jing <liujing@xxxxxxxxxxxxxxxxxxxx>
  Lucas Stach <l.stach@xxxxxxxxxxxxxx>
  Luiz Augusto von Dentz <luiz.von.dentz@xxxxxxxxx>
  Ma Ke <make24@xxxxxxxxxxx>
  Maciej Fijalkowski <maciej.fijalkowski@xxxxxxxxx>
  Maciej Żenczykowski <maze@xxxxxxxxxx>
  Mark Bloch <mbloch@xxxxxxxxxx>
  Matthieu Baerts (NGI0) <matttbe@xxxxxxxxxx>
  Mavroudis Chatzilazaridis <mavchatz@xxxxxxxxxxxxxx>
  Mel Gorman <mgorman@xxxxxxxxxxxxxxxxxxx>
  Michal Kubiak <michal.kubiak@xxxxxxxxx>
  Miguel Ojeda <ojeda@xxxxxxxxxx>
  Moshe Shemesh <moshe@xxxxxxxxxx>
  Naohiro Aota <naohiro.aota@xxxxxxx>
  Nikita Zhandarovich <n.zhandarovich@xxxxxxxxxx>
  Pablo Neira Ayuso <pablo@xxxxxxxxxxxxx>
  Palmer Dabbelt <palmer@xxxxxxxxxxxx>
  Paolo Abeni <pabeni@xxxxxxxxxx>
  Patryk Duda <patrykd@xxxxxxxxxx>
  Pavel Machek (CIP) <pavel@xxxxxxx>
  Peter Xu <peterx@xxxxxxxxxx>
  Sasha Levin <sashal@xxxxxxxxxx>
  Shahar Shitrit <shshitrit@xxxxxxxxxx>
  Shuah Khan <skhan@xxxxxxxxxxxxxxxxxxx>
  songxiebing <songxiebing@xxxxxxxxxx>
  Stephan Gerhold <stephan.gerhold@xxxxxxxxxxxxxxx>
  Suraj Kandpal <suraj.kandpal@xxxxxxxxx>
  Takashi Iwai <tiwai@xxxxxxx>
  Tariq Toukan <tariqt@xxxxxxxxxx>
  Tatsunosuke Tobita <tatsunosuke.tobita@xxxxxxxxx>
  Tatsunosuke Tobita <tatsunosuke.wacom@xxxxxxxxx>
  Theodore Ts'o <tytso@xxxxxxx>
  Thomas Bogendoerfer <tsbogend@xxxxxxxxxxxxxxxx>
  Thomas Gleixner <tglx@xxxxxxxxxxxxx>
  Thomas Weißschuh <linux@xxxxxxxxxxxxxx>
  Thomas Zimmermann <tzimmermann@xxxxxxx>
  Tony Nguyen <anthony.l.nguyen@xxxxxxxxx>
  Tvrtko Ursulin <tursulin@xxxxxxxxxxx>
  Tzung-Bi Shih <tzungbi@xxxxxxxxxx>
  Viresh Kumar <viresh.kumar@xxxxxxxxxx>
  WANG Xuerui <git@xxxxxxxxxx>
  Will Deacon <will@xxxxxxxxxx>
  Will McVicker <willmcvicker@xxxxxxxxxx>
  Yangtao Li <frank.li@xxxxxxxx>
  Zack Rusin <zack.rusin@xxxxxxxxxxxx>
  Zhang Yi <yi.zhang@xxxxxxxxxx>
  Zhe Qiao <qiaozhe@xxxxxxxxxxx>
  Zhiguo Niu <zhiguo.niu@xxxxxxxxxx>

jobs:
 build-amd64-xsm                                              pass    
 build-arm64-xsm                                              pass    
 build-i386-xsm                                               pass    
 build-amd64                                                  pass    
 build-arm64                                                  pass    
 build-armhf                                                  pass    
 build-i386                                                   pass    
 build-amd64-libvirt                                          pass    
 build-arm64-libvirt                                          pass    
 build-armhf-libvirt                                          pass    
 build-i386-libvirt                                           pass    
 build-amd64-pvops                                            pass    
 build-arm64-pvops                                            pass    
 build-armhf-pvops                                            pass    
 build-i386-pvops                                             pass    
 test-amd64-amd64-xl                                          pass    
 test-amd64-coresched-amd64-xl                                pass    
 test-arm64-arm64-xl                                          pass    
 test-armhf-armhf-xl                                          pass    
 test-amd64-amd64-libvirt-qemuu-debianhvm-amd64-xsm           pass    
 test-amd64-amd64-xl-qemut-stubdom-debianhvm-amd64-xsm        pass    
 test-amd64-amd64-xl-qemut-debianhvm-i386-xsm                 pass    
 test-amd64-amd64-xl-qemuu-debianhvm-i386-xsm                 fail    
 test-amd64-amd64-libvirt-xsm                                 pass    
 test-arm64-arm64-libvirt-xsm                                 pass    
 test-amd64-amd64-xl-xsm                                      pass    
 test-arm64-arm64-xl-xsm                                      pass    
 test-amd64-amd64-qemuu-nested-amd                            fail    
 test-amd64-amd64-xl-pvhv2-amd                                pass    
 test-amd64-amd64-dom0pvh-xl-amd                              pass    
 test-amd64-amd64-xl-qemut-debianhvm-amd64                    pass    
 test-amd64-amd64-xl-qemuu-debianhvm-amd64                    pass    
 test-amd64-amd64-qemuu-freebsd11-amd64                       pass    
 test-amd64-amd64-qemuu-freebsd12-amd64                       fail    
 test-amd64-amd64-xl-qemuu-ovmf-amd64                         pass    
 test-amd64-amd64-xl-qemut-win7-amd64                         fail    
 test-amd64-amd64-xl-qemuu-win7-amd64                         fail    
 test-amd64-amd64-xl-qemut-ws16-amd64                         fail    
 test-amd64-amd64-xl-qemuu-ws16-amd64                         fail    
 test-armhf-armhf-xl-arndale                                  pass    
 test-amd64-amd64-examine-bios                                pass    
 test-amd64-amd64-xl-credit1                                  pass    
 test-arm64-arm64-xl-credit1                                  pass    
 test-armhf-armhf-xl-credit1                                  pass    
 test-amd64-amd64-xl-credit2                                  pass    
 test-arm64-arm64-xl-credit2                                  pass    
 test-armhf-armhf-xl-credit2                                  pass    
 test-amd64-amd64-xl-qemuu-dmrestrict-amd64-dmrestrict        pass    
 test-amd64-amd64-examine                                     pass    
 test-arm64-arm64-examine                                     pass    
 test-armhf-armhf-examine                                     pass    
 test-amd64-amd64-qemuu-nested-intel                          pass    
 test-amd64-amd64-xl-pvhv2-intel                              pass    
 test-amd64-amd64-dom0pvh-xl-intel                            pass    
 test-amd64-amd64-libvirt                                     pass    
 test-armhf-armhf-libvirt                                     pass    
 test-amd64-amd64-xl-multivcpu                                pass    
 test-armhf-armhf-xl-multivcpu                                pass    
 test-amd64-amd64-pair                                        pass    
 test-amd64-amd64-libvirt-pair                                pass    
 test-amd64-amd64-xl-pvshim                                   pass    
 test-amd64-amd64-pygrub                                      pass    
 test-amd64-amd64-libvirt-qcow2                               pass    
 test-amd64-amd64-xl-qcow2                                    pass    
 test-armhf-armhf-xl-qcow2                                    pass    
 test-amd64-amd64-libvirt-raw                                 pass    
 test-arm64-arm64-libvirt-raw                                 pass    
 test-amd64-amd64-xl-raw                                      pass    
 test-armhf-armhf-xl-raw                                      fail    
 test-amd64-amd64-xl-rtds                                     pass    
 test-armhf-armhf-xl-rtds                                     pass    
 test-amd64-amd64-xl-qemuu-debianhvm-amd64-shadow             pass    
 test-amd64-amd64-xl-shadow                                   pass    
 test-arm64-arm64-xl-thunderx                                 pass    
 test-amd64-amd64-examine-uefi                                pass    
 test-amd64-amd64-libvirt-vhd                                 pass    
 test-armhf-armhf-libvirt-vhd                                 pass    
 test-amd64-amd64-xl-vhd                                      pass    
 test-arm64-arm64-xl-vhd                                      pass    


------------------------------------------------------------
sg-report-flight on osstest.test-lab.xenproject.org
logs: /home/logs/logs
images: /home/logs/images

Logs, config files, etc. are available at
    http://logs.test-lab.xenproject.org/osstest/logs

Explanation of these reports, and of osstest in general, is at
    http://xenbits.xen.org/gitweb/?p=osstest.git;a=blob;f=README.email;hb=master
    http://xenbits.xen.org/gitweb/?p=osstest.git;a=blob;f=README;hb=master

Test harness code can be found at
    http://xenbits.xen.org/gitweb?p=osstest.git;a=summary


Pushing revision :

hint: The 'hooks/update' hook was ignored because it's not set as executable.
hint: You can disable this warning with `git config advice.ignoredHook false`.
hint: The 'hooks/post-receive' hook was ignored because it's not set as 
executable.
hint: You can disable this warning with `git config advice.ignoredHook false`.
hint: The 'hooks/post-update' hook was ignored because it's not set as 
executable.
hint: You can disable this warning with `git config advice.ignoredHook false`.
To xenbits.xen.org:/home/xen/git/linux-pvops.git
   48d525b0e463..36790ef5e00b  36790ef5e00b69ccb92817f95ba1928eea24eebb -> 
tested/linux-6.1



 


Rackspace

Lists.xenproject.org is hosted with RackSpace, monitoring our
servers 24x7x365 and backed by RackSpace's Fanatical Support®.