[Date Prev][Date Next][Thread Prev][Thread Next][Date Index][Thread Index]

[linux-linus test] 187412: tolerable FAIL - PUSHED



flight 187412 linux-linus real [real]
http://logs.test-lab.xenproject.org/osstest/logs/187412/

Failures :-/ but no regressions.

Tests which did not succeed, but are not blocking:
 test-armhf-armhf-libvirt     16 saverestore-support-check    fail  like 187401
 test-amd64-amd64-xl-qemut-win7-amd64 19 guest-stop            fail like 187401
 test-amd64-amd64-xl-qemuu-win7-amd64 19 guest-stop            fail like 187401
 test-amd64-amd64-xl-qemuu-ws16-amd64 19 guest-stop            fail like 187401
 test-amd64-amd64-xl-qemut-debianhvm-i386-xsm 12 debian-hvm-install fail like 
187401
 test-amd64-amd64-xl-qemut-ws16-amd64 19 guest-stop            fail like 187401
 test-amd64-amd64-qemuu-nested-amd 20 debian-hvm-install/l1/l2 fail like 187401
 test-amd64-amd64-libvirt-xsm 15 migrate-support-check        fail   never pass
 test-amd64-amd64-libvirt     15 migrate-support-check        fail   never pass
 test-arm64-arm64-xl-credit1  15 migrate-support-check        fail   never pass
 test-arm64-arm64-xl-xsm      15 migrate-support-check        fail   never pass
 test-arm64-arm64-xl-credit1  16 saverestore-support-check    fail   never pass
 test-arm64-arm64-xl-xsm      16 saverestore-support-check    fail   never pass
 test-arm64-arm64-xl-credit2  15 migrate-support-check        fail   never pass
 test-arm64-arm64-xl-credit2  16 saverestore-support-check    fail   never pass
 test-arm64-arm64-libvirt-xsm 15 migrate-support-check        fail   never pass
 test-arm64-arm64-xl          15 migrate-support-check        fail   never pass
 test-arm64-arm64-libvirt-xsm 16 saverestore-support-check    fail   never pass
 test-arm64-arm64-xl          16 saverestore-support-check    fail   never pass
 test-arm64-arm64-xl-thunderx 15 migrate-support-check        fail   never pass
 test-arm64-arm64-xl-thunderx 16 saverestore-support-check    fail   never pass
 test-amd64-amd64-libvirt-qemuu-debianhvm-amd64-xsm 13 migrate-support-check 
fail never pass
 test-armhf-armhf-xl-arndale  15 migrate-support-check        fail   never pass
 test-armhf-armhf-xl-arndale  16 saverestore-support-check    fail   never pass
 test-armhf-armhf-xl          15 migrate-support-check        fail   never pass
 test-armhf-armhf-xl          16 saverestore-support-check    fail   never pass
 test-armhf-armhf-xl-rtds     15 migrate-support-check        fail   never pass
 test-armhf-armhf-xl-rtds     16 saverestore-support-check    fail   never pass
 test-amd64-amd64-libvirt-qcow2 14 migrate-support-check        fail never pass
 test-amd64-amd64-libvirt-raw 14 migrate-support-check        fail   never pass
 test-armhf-armhf-xl-credit2  15 migrate-support-check        fail   never pass
 test-armhf-armhf-xl-credit2  16 saverestore-support-check    fail   never pass
 test-armhf-armhf-libvirt     15 migrate-support-check        fail   never pass
 test-armhf-armhf-xl-multivcpu 15 migrate-support-check        fail  never pass
 test-armhf-armhf-xl-multivcpu 16 saverestore-support-check    fail  never pass
 test-amd64-amd64-libvirt-vhd 14 migrate-support-check        fail   never pass
 test-arm64-arm64-libvirt-raw 14 migrate-support-check        fail   never pass
 test-arm64-arm64-libvirt-raw 15 saverestore-support-check    fail   never pass
 test-arm64-arm64-xl-vhd      14 migrate-support-check        fail   never pass
 test-arm64-arm64-xl-vhd      15 saverestore-support-check    fail   never pass
 test-armhf-armhf-xl-credit1  15 migrate-support-check        fail   never pass
 test-armhf-armhf-xl-credit1  16 saverestore-support-check    fail   never pass
 test-armhf-armhf-xl-qcow2    14 migrate-support-check        fail   never pass
 test-armhf-armhf-xl-qcow2    15 saverestore-support-check    fail   never pass
 test-armhf-armhf-libvirt-vhd 14 migrate-support-check        fail   never pass
 test-armhf-armhf-libvirt-vhd 15 saverestore-support-check    fail   never pass
 test-armhf-armhf-xl-raw      14 migrate-support-check        fail   never pass
 test-armhf-armhf-xl-raw      15 saverestore-support-check    fail   never pass

version targeted for testing:
 linux                1b5fe53681d9c388f1600310fe3488091701d4d0
baseline version:
 linux                d5d547aa7b51467b15d9caa86b116f8c2507c72a

Last test of basis   187401  2024-08-29 10:00:28 Z    1 days
Testing same since   187412  2024-08-30 01:43:43 Z    0 days    1 attempts

------------------------------------------------------------
People who touched revisions under test:
  Aleksandr Mishin <amishin@xxxxxxxxxx>
  Alexander Sverdlin <alexander.sverdlin@xxxxxxxxxxx>
  Anjaneyulu <pagadala.yesu.anjaneyulu@xxxxxxxxx>
  Arınç ÜNAL <arinc.unal@xxxxxxxxxx>
  Avraham Stern <avraham.stern@xxxxxxxxx>
  Benjamin Berg <benjamin.berg@xxxxxxxxx>
  Brett Creeley <brett.creeley@xxxxxxx>
  Brian Norris <briannorris@xxxxxxxxxxxx>
  Cong Wang <cong.wang@xxxxxxxxxxxxx>
  Cosmo Chou <chou.cosmo@xxxxxxxxx>
  Daniel Gabay <daniel.gabay@xxxxxxxxx>
  David S. Miller <davem@xxxxxxxxxxxxx>
  Dmitry Antipov <dmantipov@xxxxxxxxx>
  Emmanuel Grumbach <emmanuel.grumbach@xxxxxxxxx>
  Eric Dumazet <edumazet@xxxxxxxxxx>
  Eugene Shalygin <eugene.shalygin@xxxxxxxxx>
  Greg Ungerer <gerg@xxxxxxxxxx>
  Guenter Roeck <linux@xxxxxxxxxxxx>
  Haiyang Zhang <haiyangz@xxxxxxxxxxxxx>
  Jacky Chou <jacky_chou@xxxxxxxxxxxxxx>
  Jakub Kicinski <kuba@xxxxxxxxxx>
  Jamie Bainbridge <jamie.bainbridge@xxxxxxxxx>
  Jay Vosburgh <jv@xxxxxxxxxxxxx>
  Jianbo Liu <jianbol@xxxxxxxxxx>
  Johannes Berg <johannes.berg@xxxxxxxxx>
  Kalle Valo <kvalo@xxxxxxxxxx>
  Kees Cook <kees@xxxxxxxxxx>
  Kiran K <kiran.k@xxxxxxxxx>
  Krzysztof Kozlowski <krzysztof.kozlowski@xxxxxxxxxx>
  Linus Torvalds <torvalds@xxxxxxxxxxxxxxxxxxxx>
  Lorenzo Colitti <lorenzo@xxxxxxxxxx>
  Luiz Augusto von Dentz <luiz.von.dentz@xxxxxxxxx>
  Matthieu Baerts (NGI0) <matttbe@xxxxxxxxxx>
  Max Filippov <jcmvbkbc@xxxxxxxxx>
  MD Danish Anwar <danishanwar@xxxxxx>
  Miri Korenblit <miriam.rachel.korenblit@xxxxxxxxx>
  Neeraj Sanjay Kale <neeraj.sanjaykale@xxxxxxx>
  Ondrej Mosnacek <omosnace@xxxxxxxxxx>
  Pablo Neira Ayuso <pablo@xxxxxxxxxxxxx>
  Paolo Abeni <pabeni@xxxxxxxxxx>
  Paul Moore <paul@xxxxxxxxxxxxxx> (LSM/SELinux)
  Petr Machata <petrm@xxxxxxxxxx>
  Ross Brown <true.robot.ross@xxxxxxxxx>
  Sascha Hauer <s.hauer@xxxxxxxxxxxxxx>
  Sriram Yagnaraman <sriram.yagnaraman@xxxxxxxxxxxx>
  Stephen Brennan <stephen.s.brennan@xxxxxxxxxx>
  Stephen Hemminger <stephen@xxxxxxxxxxxxxxxxxx>
  Tariq Toukan <tariqt@xxxxxxxxxx>
  Xin Long <lucien.xin@xxxxxxxxx>
  Xueming Feng <kuro@xxxxxxxx>

jobs:
 build-amd64-xsm                                              pass    
 build-arm64-xsm                                              pass    
 build-i386-xsm                                               pass    
 build-amd64                                                  pass    
 build-arm64                                                  pass    
 build-armhf                                                  pass    
 build-i386                                                   pass    
 build-amd64-libvirt                                          pass    
 build-arm64-libvirt                                          pass    
 build-armhf-libvirt                                          pass    
 build-i386-libvirt                                           pass    
 build-amd64-pvops                                            pass    
 build-arm64-pvops                                            pass    
 build-armhf-pvops                                            pass    
 build-i386-pvops                                             pass    
 test-amd64-amd64-xl                                          pass    
 test-amd64-coresched-amd64-xl                                pass    
 test-arm64-arm64-xl                                          pass    
 test-armhf-armhf-xl                                          pass    
 test-amd64-amd64-libvirt-qemuu-debianhvm-amd64-xsm           pass    
 test-amd64-amd64-xl-qemut-stubdom-debianhvm-amd64-xsm        pass    
 test-amd64-amd64-xl-qemut-debianhvm-i386-xsm                 fail    
 test-amd64-amd64-xl-qemuu-debianhvm-i386-xsm                 pass    
 test-amd64-amd64-libvirt-xsm                                 pass    
 test-arm64-arm64-libvirt-xsm                                 pass    
 test-amd64-amd64-xl-xsm                                      pass    
 test-arm64-arm64-xl-xsm                                      pass    
 test-amd64-amd64-qemuu-nested-amd                            fail    
 test-amd64-amd64-xl-pvhv2-amd                                pass    
 test-amd64-amd64-dom0pvh-xl-amd                              pass    
 test-amd64-amd64-xl-qemut-debianhvm-amd64                    pass    
 test-amd64-amd64-xl-qemuu-debianhvm-amd64                    pass    
 test-amd64-amd64-qemuu-freebsd11-amd64                       pass    
 test-amd64-amd64-qemuu-freebsd12-amd64                       pass    
 test-amd64-amd64-xl-qemuu-ovmf-amd64                         pass    
 test-amd64-amd64-xl-qemut-win7-amd64                         fail    
 test-amd64-amd64-xl-qemuu-win7-amd64                         fail    
 test-amd64-amd64-xl-qemut-ws16-amd64                         fail    
 test-amd64-amd64-xl-qemuu-ws16-amd64                         fail    
 test-armhf-armhf-xl-arndale                                  pass    
 test-amd64-amd64-examine-bios                                pass    
 test-amd64-amd64-xl-credit1                                  pass    
 test-arm64-arm64-xl-credit1                                  pass    
 test-armhf-armhf-xl-credit1                                  pass    
 test-amd64-amd64-xl-credit2                                  pass    
 test-arm64-arm64-xl-credit2                                  pass    
 test-armhf-armhf-xl-credit2                                  pass    
 test-amd64-amd64-xl-qemuu-dmrestrict-amd64-dmrestrict        pass    
 test-amd64-amd64-examine                                     pass    
 test-arm64-arm64-examine                                     pass    
 test-armhf-armhf-examine                                     pass    
 test-amd64-amd64-qemuu-nested-intel                          pass    
 test-amd64-amd64-xl-pvhv2-intel                              pass    
 test-amd64-amd64-dom0pvh-xl-intel                            pass    
 test-amd64-amd64-libvirt                                     pass    
 test-armhf-armhf-libvirt                                     pass    
 test-amd64-amd64-xl-multivcpu                                pass    
 test-armhf-armhf-xl-multivcpu                                pass    
 test-amd64-amd64-pair                                        pass    
 test-amd64-amd64-libvirt-pair                                pass    
 test-amd64-amd64-xl-pvshim                                   pass    
 test-amd64-amd64-pygrub                                      pass    
 test-amd64-amd64-libvirt-qcow2                               pass    
 test-amd64-amd64-xl-qcow2                                    pass    
 test-armhf-armhf-xl-qcow2                                    pass    
 test-amd64-amd64-libvirt-raw                                 pass    
 test-arm64-arm64-libvirt-raw                                 pass    
 test-amd64-amd64-xl-raw                                      pass    
 test-armhf-armhf-xl-raw                                      pass    
 test-amd64-amd64-xl-rtds                                     pass    
 test-armhf-armhf-xl-rtds                                     pass    
 test-amd64-amd64-xl-qemuu-debianhvm-amd64-shadow             pass    
 test-amd64-amd64-xl-shadow                                   pass    
 test-arm64-arm64-xl-thunderx                                 pass    
 test-amd64-amd64-examine-uefi                                pass    
 test-amd64-amd64-libvirt-vhd                                 pass    
 test-armhf-armhf-libvirt-vhd                                 pass    
 test-amd64-amd64-xl-vhd                                      pass    
 test-arm64-arm64-xl-vhd                                      pass    


------------------------------------------------------------
sg-report-flight on osstest.test-lab.xenproject.org
logs: /home/logs/logs
images: /home/logs/images

Logs, config files, etc. are available at
    http://logs.test-lab.xenproject.org/osstest/logs

Explanation of these reports, and of osstest in general, is at
    http://xenbits.xen.org/gitweb/?p=osstest.git;a=blob;f=README.email;hb=master
    http://xenbits.xen.org/gitweb/?p=osstest.git;a=blob;f=README;hb=master

Test harness code can be found at
    http://xenbits.xen.org/gitweb?p=osstest.git;a=summary


Pushing revision :

hint: The 'hooks/update' hook was ignored because it's not set as executable.
hint: You can disable this warning with `git config advice.ignoredHook false`.
hint: The 'hooks/post-receive' hook was ignored because it's not set as 
executable.
hint: You can disable this warning with `git config advice.ignoredHook false`.
hint: The 'hooks/post-update' hook was ignored because it's not set as 
executable.
hint: You can disable this warning with `git config advice.ignoredHook false`.
To xenbits.xen.org:/home/xen/git/linux-pvops.git
   d5d547aa7b514..1b5fe53681d9c  1b5fe53681d9c388f1600310fe3488091701d4d0 -> 
tested/linux-linus



 


Rackspace

Lists.xenproject.org is hosted with RackSpace, monitoring our
servers 24x7x365 and backed by RackSpace's Fanatical Support®.