[Date Prev][Date Next][Thread Prev][Thread Next][Date Index][Thread Index]

[xen-unstable test] 187431: regressions - FAIL



flight 187431 xen-unstable real [real]
flight 187437 xen-unstable real-retest [real]
http://logs.test-lab.xenproject.org/osstest/logs/187431/
http://logs.test-lab.xenproject.org/osstest/logs/187437/

Regressions :-(

Tests which did not succeed and are blocking,
including tests which could not be run:
 test-armhf-armhf-xl          12 debian-install fail in 187437 REGR. vs. 187415

Tests which are failing intermittently (not blocking):
 test-armhf-armhf-xl          10 host-ping-check-xen fail pass in 187437-retest

Tests which did not succeed, but are not blocking:
 test-amd64-amd64-xl-qemut-win7-amd64 19 guest-stop            fail like 187415
 test-amd64-amd64-xl-qemuu-ws16-amd64 19 guest-stop            fail like 187415
 test-amd64-amd64-xl-qemuu-win7-amd64 19 guest-stop            fail like 187415
 test-armhf-armhf-libvirt     16 saverestore-support-check    fail  like 187415
 test-amd64-amd64-xl-qemut-ws16-amd64 19 guest-stop            fail like 187415
 test-amd64-amd64-qemuu-nested-amd 20 debian-hvm-install/l1/l2 fail like 187415
 test-amd64-amd64-libvirt-xsm 15 migrate-support-check        fail   never pass
 test-amd64-amd64-libvirt     15 migrate-support-check        fail   never pass
 test-arm64-arm64-xl-thunderx 15 migrate-support-check        fail   never pass
 test-arm64-arm64-xl-thunderx 16 saverestore-support-check    fail   never pass
 test-arm64-arm64-xl          15 migrate-support-check        fail   never pass
 test-arm64-arm64-xl          16 saverestore-support-check    fail   never pass
 test-arm64-arm64-xl-credit2  15 migrate-support-check        fail   never pass
 test-arm64-arm64-xl-credit2  16 saverestore-support-check    fail   never pass
 test-arm64-arm64-xl-credit1  15 migrate-support-check        fail   never pass
 test-arm64-arm64-xl-credit1  16 saverestore-support-check    fail   never pass
 test-arm64-arm64-libvirt-xsm 15 migrate-support-check        fail   never pass
 test-arm64-arm64-libvirt-xsm 16 saverestore-support-check    fail   never pass
 test-amd64-amd64-libvirt-qemuu-debianhvm-amd64-xsm 13 migrate-support-check 
fail never pass
 test-armhf-armhf-xl-multivcpu 15 migrate-support-check        fail  never pass
 test-armhf-armhf-xl-multivcpu 16 saverestore-support-check    fail  never pass
 test-armhf-armhf-xl-credit2  15 migrate-support-check        fail   never pass
 test-armhf-armhf-xl-credit2  16 saverestore-support-check    fail   never pass
 test-amd64-amd64-libvirt-qcow2 14 migrate-support-check        fail never pass
 test-amd64-amd64-libvirt-raw 14 migrate-support-check        fail   never pass
 test-arm64-arm64-xl-xsm      15 migrate-support-check        fail   never pass
 test-arm64-arm64-xl-xsm      16 saverestore-support-check    fail   never pass
 test-amd64-amd64-libvirt-vhd 14 migrate-support-check        fail   never pass
 test-arm64-arm64-libvirt-raw 14 migrate-support-check        fail   never pass
 test-arm64-arm64-libvirt-raw 15 saverestore-support-check    fail   never pass
 test-armhf-armhf-xl-qcow2    14 migrate-support-check        fail   never pass
 test-armhf-armhf-xl-qcow2    15 saverestore-support-check    fail   never pass
 test-arm64-arm64-xl-vhd      14 migrate-support-check        fail   never pass
 test-arm64-arm64-xl-vhd      15 saverestore-support-check    fail   never pass
 test-armhf-armhf-xl-credit1  15 migrate-support-check        fail   never pass
 test-armhf-armhf-xl-credit1  16 saverestore-support-check    fail   never pass
 test-armhf-armhf-libvirt-vhd 14 migrate-support-check        fail   never pass
 test-armhf-armhf-libvirt-vhd 15 saverestore-support-check    fail   never pass
 test-armhf-armhf-xl-arndale  15 migrate-support-check        fail   never pass
 test-armhf-armhf-xl-arndale  16 saverestore-support-check    fail   never pass
 test-armhf-armhf-xl-rtds     15 migrate-support-check        fail   never pass
 test-armhf-armhf-xl-rtds     16 saverestore-support-check    fail   never pass
 test-armhf-armhf-libvirt     15 migrate-support-check        fail   never pass
 test-armhf-armhf-xl-raw      14 migrate-support-check        fail   never pass
 test-armhf-armhf-xl-raw      15 saverestore-support-check    fail   never pass

version targeted for testing:
 xen                  1436593d5f8f7f700478e307d5198535ba69f88d
baseline version:
 xen                  99f942f3d410059dc223ee0a908827e928ef3592

Last test of basis   187415  2024-08-30 05:21:05 Z    1 days
Testing same since   187431  2024-08-31 01:39:54 Z    0 days    1 attempts

------------------------------------------------------------
People who touched revisions under test:
  Andrew Cooper <andrew.cooper3@xxxxxxxxxx>
  Anthony PERARD <anthony.perard@xxxxxxxxxx>
  Christian Lindig <christian.lindig@xxxxxxxxx>
  Victor Lira <victorm.lira@xxxxxxx>

jobs:
 build-amd64-xsm                                              pass    
 build-arm64-xsm                                              pass    
 build-i386-xsm                                               pass    
 build-amd64-xtf                                              pass    
 build-amd64                                                  pass    
 build-arm64                                                  pass    
 build-armhf                                                  pass    
 build-i386                                                   pass    
 build-amd64-libvirt                                          pass    
 build-arm64-libvirt                                          pass    
 build-armhf-libvirt                                          pass    
 build-i386-libvirt                                           pass    
 build-amd64-prev                                             pass    
 build-i386-prev                                              pass    
 build-amd64-pvops                                            pass    
 build-arm64-pvops                                            pass    
 build-armhf-pvops                                            pass    
 build-i386-pvops                                             pass    
 test-xtf-amd64-amd64-1                                       pass    
 test-xtf-amd64-amd64-2                                       pass    
 test-xtf-amd64-amd64-3                                       pass    
 test-xtf-amd64-amd64-4                                       pass    
 test-xtf-amd64-amd64-5                                       pass    
 test-amd64-amd64-xl                                          pass    
 test-amd64-coresched-amd64-xl                                pass    
 test-arm64-arm64-xl                                          pass    
 test-armhf-armhf-xl                                          fail    
 test-amd64-amd64-libvirt-qemuu-debianhvm-amd64-xsm           pass    
 test-amd64-amd64-xl-qemut-stubdom-debianhvm-amd64-xsm        pass    
 test-amd64-amd64-xl-qemut-debianhvm-i386-xsm                 pass    
 test-amd64-amd64-xl-qemuu-debianhvm-i386-xsm                 pass    
 test-amd64-amd64-libvirt-xsm                                 pass    
 test-arm64-arm64-libvirt-xsm                                 pass    
 test-amd64-amd64-xl-xsm                                      pass    
 test-arm64-arm64-xl-xsm                                      pass    
 test-amd64-amd64-qemuu-nested-amd                            fail    
 test-amd64-amd64-xl-pvhv2-amd                                pass    
 test-amd64-amd64-dom0pvh-xl-amd                              pass    
 test-amd64-amd64-xl-qemut-debianhvm-amd64                    pass    
 test-amd64-amd64-xl-qemuu-debianhvm-amd64                    pass    
 test-amd64-amd64-qemuu-freebsd11-amd64                       pass    
 test-amd64-amd64-qemuu-freebsd12-amd64                       pass    
 test-amd64-amd64-xl-qemuu-ovmf-amd64                         pass    
 test-amd64-amd64-xl-qemut-win7-amd64                         fail    
 test-amd64-amd64-xl-qemuu-win7-amd64                         fail    
 test-amd64-amd64-xl-qemut-ws16-amd64                         fail    
 test-amd64-amd64-xl-qemuu-ws16-amd64                         fail    
 test-armhf-armhf-xl-arndale                                  pass    
 test-amd64-amd64-examine-bios                                pass    
 test-amd64-amd64-xl-credit1                                  pass    
 test-arm64-arm64-xl-credit1                                  pass    
 test-armhf-armhf-xl-credit1                                  pass    
 test-amd64-amd64-xl-credit2                                  pass    
 test-arm64-arm64-xl-credit2                                  pass    
 test-armhf-armhf-xl-credit2                                  pass    
 test-amd64-amd64-xl-qemuu-dmrestrict-amd64-dmrestrict        pass    
 test-amd64-amd64-examine                                     pass    
 test-arm64-arm64-examine                                     pass    
 test-armhf-armhf-examine                                     pass    
 test-amd64-amd64-qemuu-nested-intel                          pass    
 test-amd64-amd64-xl-pvhv2-intel                              pass    
 test-amd64-amd64-dom0pvh-xl-intel                            pass    
 test-amd64-amd64-libvirt                                     pass    
 test-armhf-armhf-libvirt                                     pass    
 test-amd64-amd64-livepatch                                   pass    
 test-amd64-amd64-migrupgrade                                 pass    
 test-amd64-amd64-xl-multivcpu                                pass    
 test-armhf-armhf-xl-multivcpu                                pass    
 test-amd64-amd64-pair                                        pass    
 test-amd64-amd64-libvirt-pair                                pass    
 test-amd64-amd64-xl-pvshim                                   pass    
 test-amd64-amd64-pygrub                                      pass    
 test-amd64-amd64-libvirt-qcow2                               pass    
 test-amd64-amd64-xl-qcow2                                    pass    
 test-armhf-armhf-xl-qcow2                                    pass    
 test-amd64-amd64-libvirt-raw                                 pass    
 test-arm64-arm64-libvirt-raw                                 pass    
 test-amd64-amd64-xl-raw                                      pass    
 test-armhf-armhf-xl-raw                                      pass    
 test-amd64-amd64-xl-rtds                                     pass    
 test-armhf-armhf-xl-rtds                                     pass    
 test-amd64-amd64-xl-qemuu-debianhvm-amd64-shadow             pass    
 test-amd64-amd64-xl-shadow                                   pass    
 test-arm64-arm64-xl-thunderx                                 pass    
 test-amd64-amd64-examine-uefi                                pass    
 test-amd64-amd64-libvirt-vhd                                 pass    
 test-armhf-armhf-libvirt-vhd                                 pass    
 test-amd64-amd64-xl-vhd                                      pass    
 test-arm64-arm64-xl-vhd                                      pass    


------------------------------------------------------------
sg-report-flight on osstest.test-lab.xenproject.org
logs: /home/logs/logs
images: /home/logs/images

Logs, config files, etc. are available at
    http://logs.test-lab.xenproject.org/osstest/logs

Explanation of these reports, and of osstest in general, is at
    http://xenbits.xen.org/gitweb/?p=osstest.git;a=blob;f=README.email;hb=master
    http://xenbits.xen.org/gitweb/?p=osstest.git;a=blob;f=README;hb=master

Test harness code can be found at
    http://xenbits.xen.org/gitweb?p=osstest.git;a=summary


Not pushing.

------------------------------------------------------------
commit 1436593d5f8f7f700478e307d5198535ba69f88d
Author: Anthony PERARD <anthony.perard@xxxxxxxxxx>
Date:   Fri Aug 30 09:49:40 2024 +0000

    libxl: Probe QEMU for -run-with user=user and use it
    
    "-runas" is deprecated since QEMU 9.1 and will be remove in a future
    release.
    
    Signed-off-by: Anthony PERARD <anthony.perard@xxxxxxxxxx>
    Reviewed-by: Jason Andryuk <jason.andryuk@xxxxxxx>

commit 82335a8cc54c009792d44f0be51213da48303a68
Author: Anthony PERARD <anthony.perard@xxxxxxxxxx>
Date:   Fri Aug 30 09:49:40 2024 +0000

    libxl: Probe QEMU for -run-with chroot=dir and use it
    
    QEMU 9.0 have removed "-chroot" command line option, which have been
    deprecated since QEMU 8.1 in favor of "-run-with chroot=dir".
    
    Look into the result of the QMP command "query-command-line-options"
    to find out if "-run-with chroot=dir" is available. Then use it in
    place of "-chroot".
    
    Resolves: xen-project/xen#187
    Signed-off-by: Anthony PERARD <anthony.perard@xxxxxxxxxx>
    Reviewed-by: Jason Andryuk <jason.andryuk@xxxxxxx>

commit 7ab0f83e604d44c92daa218423bf7644502fcefe
Author: Andrew Cooper <andrew.cooper3@xxxxxxxxxx>
Date:   Wed Aug 28 20:20:34 2024 +0100

    x86/pv: Make cr4_pv32_mask be PV32-only
    
    The user of cr4_pv32_mask (the cr4_pv32_restore() function) only exists in a
    CONFIG_PV32 build, but right now the variable is unconditionally set up.
    
    To start with, move the setup into set_in_cr4() and remove it from it's
    somewhat ad-hoc position in __start_xen().  This means the variable will be
    set up in two steps for a CONFIG_PV32=y build, but it's cleaner and more
    robust logic overall.
    
    With that, there's no good reason for the variable to stay in setup.c.  Move
    it to x86/pv/domain.c (beside opt_pv32, for want of any better place to 
live),
    and move the declaration to beside set_in_cr4() and mmu_cr4_features which 
is
    a better position than setup.h.
    
    Guard the reference with CONFIG_PV32, and fix up a recent typo in an 
adjacent
    comment while at it.
    
    No functional change.
    
    Signed-off-by: Andrew Cooper <andrew.cooper3@xxxxxxxxxx>
    Reviewed-by: Jan Beulich <jbeulich@xxxxxxxx>
    Reviewed-by: Roger Pau Monné <roger.pau@xxxxxxxxxx>

commit 8d336fcb6ea6b486ceccef2e36d003db032131fe
Author: Andrew Cooper <andrew.cooper3@xxxxxxxxxx>
Date:   Mon Jan 30 22:14:20 2023 +0000

    tools/ocaml: Factor out compatiblity handling
    
    ... rather than having each library implement its own subset.
    
    Signed-off-by: Andrew Cooper <andrew.cooper3@xxxxxxxxxx>
    Acked-by: Christian Lindig <christian.lindig@xxxxxxxxx>

commit 5e99a40ea54a6bf0bdc18241992866a642d7782b
Author: Victor Lira <victorm.lira@xxxxxxx>
Date:   Thu Aug 29 15:34:23 2024 -0700

    automation: use expect utility in xilinx tests
    
    Fixes: 95764a0817a5 (automation: update xilinx test scripts (tty))
    This patch introduced a CI failure due to a timeout in xilinx-x86_64 test.
    
    Change xilinx-x86_64 and xilinx-arm64 scripts to use "expect" utility
    to determine test result and allow early exit from tests.
    Add "expect" to xilinx container environment (dockerfile).
    Rename references to "QEMU" in "qemu-key.exp" expect script to "TEST" to be
    used by both QEMU and hardware tests.
    
    Signed-off-by: Victor Lira <victorm.lira@xxxxxxx>
    Reviewed-by: Stefano Stabellini <sstabellini@xxxxxxxxxx>

commit 740c41ca05a83a2c3629eb2ff323877c37d95c1e
Author: Victor Lira <victorm.lira@xxxxxxx>
Date:   Thu Aug 29 15:34:22 2024 -0700

    automation: fix false success in qemu tests
    
    Fix flaw in qemu-*.sh tests that producess a false success. The following
    lines produces success despite the "expect" script producing nonzero exit
    status:
    
        set +e
    ...
        ./automation/scripts/qemu-key.exp | sed 's/\r\+$//'
        (end of file)
    
    The default exit status for a pipeline using "|" operator is that of the
    rightmost command. Fix this by setting the "pipefail" option in the shell,
    and removing "set +e" allowing the expect script to determine the result.
    
    Signed-off-by: Victor Lira <victorm.lira@xxxxxxx>
    Reviewed-by: Stefano Stabellini <sstabellini@xxxxxxxxxx>
(qemu changes not included)



 


Rackspace

Lists.xenproject.org is hosted with RackSpace, monitoring our
servers 24x7x365 and backed by RackSpace's Fanatical Support®.