[Date Prev][Date Next][Thread Prev][Thread Next][Date Index][Thread Index]

[linux-linus test] 187751: tolerable FAIL - PUSHED



flight 187751 linux-linus real [real]
flight 187762 linux-linus real-retest [real]
http://logs.test-lab.xenproject.org/osstest/logs/187751/
http://logs.test-lab.xenproject.org/osstest/logs/187762/

Failures :-/ but no regressions.

Tests which are failing intermittently (not blocking):
 test-amd64-amd64-xl-qemuu-dmrestrict-amd64-dmrestrict 12 debian-hvm-install 
fail pass in 187762-retest

Regressions which are regarded as allowable (not blocking):
 test-amd64-amd64-xl-rtds     18 guest-localmigrate       fail REGR. vs. 187743

Tests which did not succeed, but are not blocking:
 test-amd64-amd64-xl-qemut-win7-amd64 19 guest-stop            fail like 187743
 test-amd64-amd64-xl-qemuu-win7-amd64 19 guest-stop            fail like 187743
 test-amd64-amd64-xl-qemuu-ws16-amd64 19 guest-stop            fail like 187743
 test-armhf-armhf-libvirt     16 saverestore-support-check    fail  like 187743
 test-amd64-amd64-xl-qemut-ws16-amd64 19 guest-stop            fail like 187743
 test-amd64-amd64-qemuu-nested-amd 20 debian-hvm-install/l1/l2 fail like 187743
 test-amd64-amd64-libvirt     15 migrate-support-check        fail   never pass
 test-amd64-amd64-libvirt-xsm 15 migrate-support-check        fail   never pass
 test-arm64-arm64-xl          15 migrate-support-check        fail   never pass
 test-arm64-arm64-xl          16 saverestore-support-check    fail   never pass
 test-arm64-arm64-xl-credit2  15 migrate-support-check        fail   never pass
 test-arm64-arm64-xl-credit2  16 saverestore-support-check    fail   never pass
 test-arm64-arm64-xl-xsm      15 migrate-support-check        fail   never pass
 test-arm64-arm64-xl-xsm      16 saverestore-support-check    fail   never pass
 test-arm64-arm64-xl-credit1  15 migrate-support-check        fail   never pass
 test-arm64-arm64-xl-credit1  16 saverestore-support-check    fail   never pass
 test-arm64-arm64-xl-thunderx 15 migrate-support-check        fail   never pass
 test-arm64-arm64-libvirt-xsm 15 migrate-support-check        fail   never pass
 test-arm64-arm64-xl-thunderx 16 saverestore-support-check    fail   never pass
 test-arm64-arm64-libvirt-xsm 16 saverestore-support-check    fail   never pass
 test-armhf-armhf-xl-credit1  15 migrate-support-check        fail   never pass
 test-armhf-armhf-xl-credit1  16 saverestore-support-check    fail   never pass
 test-armhf-armhf-xl-credit2  15 migrate-support-check        fail   never pass
 test-armhf-armhf-xl-multivcpu 15 migrate-support-check        fail  never pass
 test-armhf-armhf-xl-credit2  16 saverestore-support-check    fail   never pass
 test-armhf-armhf-xl-multivcpu 16 saverestore-support-check    fail  never pass
 test-amd64-amd64-libvirt-qemuu-debianhvm-amd64-xsm 13 migrate-support-check 
fail never pass
 test-amd64-amd64-libvirt-qcow2 14 migrate-support-check        fail never pass
 test-armhf-armhf-xl          15 migrate-support-check        fail   never pass
 test-armhf-armhf-xl          16 saverestore-support-check    fail   never pass
 test-amd64-amd64-libvirt-raw 14 migrate-support-check        fail   never pass
 test-amd64-amd64-libvirt-vhd 14 migrate-support-check        fail   never pass
 test-armhf-armhf-xl-qcow2    14 migrate-support-check        fail   never pass
 test-armhf-armhf-xl-qcow2    15 saverestore-support-check    fail   never pass
 test-arm64-arm64-xl-vhd      14 migrate-support-check        fail   never pass
 test-arm64-arm64-xl-vhd      15 saverestore-support-check    fail   never pass
 test-arm64-arm64-libvirt-raw 14 migrate-support-check        fail   never pass
 test-arm64-arm64-libvirt-raw 15 saverestore-support-check    fail   never pass
 test-armhf-armhf-libvirt-vhd 14 migrate-support-check        fail   never pass
 test-armhf-armhf-libvirt-vhd 15 saverestore-support-check    fail   never pass
 test-armhf-armhf-xl-raw      14 migrate-support-check        fail   never pass
 test-armhf-armhf-xl-raw      15 saverestore-support-check    fail   never pass
 test-armhf-armhf-xl-arndale  15 migrate-support-check        fail   never pass
 test-armhf-armhf-xl-rtds     15 migrate-support-check        fail   never pass
 test-armhf-armhf-xl-arndale  16 saverestore-support-check    fail   never pass
 test-armhf-armhf-xl-rtds     16 saverestore-support-check    fail   never pass
 test-armhf-armhf-libvirt     15 migrate-support-check        fail   never pass

version targeted for testing:
 linux                4a39ac5b7d62679c07a3e3d12b0f6982377d8a7d
baseline version:
 linux                bdf56c7580d267a123cc71ca0f2459c797b76fde

Last test of basis   187743  2024-09-18 08:12:50 Z    1 days
Testing same since   187751  2024-09-18 22:14:42 Z    0 days    1 attempts

------------------------------------------------------------
People who touched revisions under test:
  "Eric W. Biederman" <ebiederm@xxxxxxxxxxxx>
  "Masami Hiramatsu (Google)" <mhiramat@xxxxxxxxxx>
  "Peter Zijlstra (Intel)" <peterz@xxxxxxxxxxxxx>
  Adhemerval Zanella <adhemerval.zanella@xxxxxxxxxx>
  Adrian Hunter <adrian.hunter@xxxxxxxxx>
  Alex Bennée <alex.bennee@xxxxxxxxxx>
  Alexander Dahl <ada@xxxxxxxxxxx>
  Alexander Stein <alexander.stein@xxxxxxxxxxxxxxx>
  Alexander Sverdlin <alexander.sverdlin@xxxxxxxxx>
  Alexander Usyskin <alexander.usyskin@xxxxxxxxx>
  Allen Pais <apais@xxxxxxxxxxxxxxxxxxx>
  Andres Salomon <dilinger@xxxxxxxxxx>
  Andrew Davis <afd@xxxxxx>
  Andrew Kreimer <algonell@xxxxxxxxx>
  Andrii Nakryiko <andrii@xxxxxxxxxx>
  Andy Shevchenko <andriy.shevchenko@xxxxxxxxxxxxxxx>
  Andy Shevchenko <andy.shevchenko@xxxxxxxxx>
  Andy Shevchenko <andy@xxxxxxxxxx>
  Animesh Agarwal <animeshagarwal28@xxxxxxxxx>
  Ard Biesheuvel <ardb@xxxxxxxxxx>
  Armin Wolf <W_Armin@xxxxxx>
  Arnd Bergmann <arnd@xxxxxxxx>
  Arnd Bergmann <arnd@xxxxxxxxxx>
  Arthur Borsboom <arthurborsboom@xxxxxxxxx>
  Artur Weber <aweber.kernel@xxxxxxxxx>
  Ashish Mhetre <amhetre@xxxxxxxxxx>
  Asmaa Mnebhi <asmaa@xxxxxxxxxx>
  Attila <attila@xxxxxxxxx>
  Avri Altman <avri.altman@xxxxxxx>
  Bagas Sanjaya <bagasdotme@xxxxxxxxx>
  Bartosz Golaszewski <bartosz.golaszewski@xxxxxxxxxx>
  Ben Gainey <ben.gainey@xxxxxxx>
  Bjorn Helgaas <bhelgaas@xxxxxxxxxx>
  Brian Mak <makb@xxxxxxxxxxx>
  Brian Norris <computersforpeace@xxxxxxxxx>
  Chanh Nguyen <chanh@xxxxxxxxxxxxxxxxxxxxxx>
  Chanwoo Lee <cw9316.lee@xxxxxxxxxxx>
  Charles Han <hanchunchao@xxxxxxxxxx>
  Chen Ni <nichen@xxxxxxxxxxx>
  Chen Ridong <chenridong@xxxxxxxxxx>
  Chen Wang <unicorn_wang@xxxxxxxxxxx>
  Chen-Yu Tsai <wens@xxxxxxxx>
  Cheng Ming Lin <chengminglin@xxxxxxxxxxx>
  Chris Morgan <macromorgan@xxxxxxxxxxx>
  Chris Packham <chris.packham@xxxxxxxxxxxxxxxxxxx>
  Christophe JAILLET <christophe.jaillet@xxxxxxxxxx>
  Christophe Leroy <christophe.leroy@xxxxxxxxxx>
  Clark Wang <xiaoning.wang@xxxxxxx>
  Claudiu Beznea <claudiu.beznea.uj@xxxxxxxxxxxxxx> # on RZ/G3S
  Colin Ian King <colin.i.king@xxxxxxxxx>
  Conor Dooley <conor.dooley@xxxxxxxxxxxxx>
  Conor Dooley <conor@xxxxxxxxxx>
  Cryolitia PukNgae <Cryolitia@xxxxxxxxx>
  Csókás, Bence <csokas.bence@xxxxxxxxx>
  Dan Carpenter <dan.carpenter@xxxxxxxxxx>
  Daniel Golle <daniel@xxxxxxxxxxxxxx>
  Dario Binacchi <dario.binacchi@xxxxxxxxxxxxxxxxxxxx>
  David Lechner <dlechner@xxxxxxxxxxxx>
  Denis Pauk <pauk.denis@xxxxxxxxx>
  Derek J. Clark <derekjohn.clark@xxxxxxxxx>
  Detlev Casanova <detlev.casanova@xxxxxxxxxxxxx>
  Dhananjay Ugwekar <Dhananjay.Ugwekar@xxxxxxx>
  Dharma Balasubiramani <dharma.b@xxxxxxxxxxxxx>
  Dhruva Gole <d-gole@xxxxxx>
  Dikshita Agarwal <quic_dikshita@xxxxxxxxxxx>
  Dimitri Fedrau <dima.fedrau@xxxxxxxxx>
  Dmitry Baryshkov <dmitry.baryshkov@xxxxxxxxxx>
  Dmitry Rokosov <ddrokosov@xxxxxxxxxxxxxxxxx>
  Doug Brown <doug@xxxxxxxxxxxxx>
  Drew Fustini <drew@xxxxxxxx> # TH1520
  Dustin L. Howett <dustin@xxxxxxxxxx>
  Eliav Bar-ilan <eliavb@xxxxxxxxxx>
  Fabio Estevam <festevam@xxxxxxx>
  Finley Xiao <finley.xiao@xxxxxxxxxxxxxx>
  Florian Fainelli <florian.fainelli@xxxxxxxxxxxx>
  Frank Li <Frank.Li@xxxxxxx>
  Geert Uytterhoeven <geert+renesas@xxxxxxxxx>
  George Stark <gnstark@xxxxxxxxxxxxxxxxx>
  Guenter Roeck <linux@xxxxxxxxxxxx>
  Haibo Chen <haibo.chen@xxxxxxx>
  Hans de Goede <hdegoede@xxxxxxxxxx>
  Heiko Carstens <hca@xxxxxxxxxxxxx>
  Helge Deller <deller@xxxxxx>
  Henrik Grimler <henrik@xxxxxxxxxx>
  Hongbo Li <lihongbo22@xxxxxxxxxx>
  Huacai Chen <chenhuacai@xxxxxxxxxx>
  Ingo Molnar <mingo@xxxxxxxxxx>
  Inochi Amaoto <inochiama@xxxxxxxxxxx>
  Inochi Amaoto <inochiama@xxxxxxxxxxx> # Duo and Huashan Pi
  Ivor Wanders <ivor@xxxxxxxxxxxx>
  Jacob Pan <jacob.jun.pan@xxxxxxxxxxxxxxx>
  James Clark <james.clark@xxxxxxxxxx>
  Jared McArthur <j-mcarthur@xxxxxx>
  Jason A. Donenfeld <Jason@xxxxxxxxx>
  Jason Andryuk <jason.andryuk@xxxxxxx>
  Jason Gunthorpe <jgg@xxxxxxxxxx>
  Javier Carrasco <javier.carrasco.cruz@xxxxxxxxx>
  Jeff Xu <jeffxu@xxxxxxxxxxxx>
  Jens Remus <jremus@xxxxxxxxxxxxx>
  Jens Wiklander <jens.wiklander@xxxxxxxxxx>
  Jerome Brunet <jbrunet@xxxxxxxxxxxx>
  Jiapeng Chong <jiapeng.chong@xxxxxxxxxxxxxxxxx>
  Jingyi Wang <quic_jingyw@xxxxxxxxxxx>
  Jinjie Ruan <ruanjinjie@xxxxxxxxxx>
  Jiri Olsa <jolsa@xxxxxxxxxx>
  Jiri Olsa <olsajiri@xxxxxxxxx>
  Joerg Roedel <jroedel@xxxxxxx>
  Johannes Kirchmair <johannes.kirchmair@xxxxxxxxxxx>
  Jon Hunter <jonathanh@xxxxxxxxxx>
  Jonathan Cameron <Jonathan.Cameron@xxxxxxxxxx>
  Jonathan Corbet <corbet@xxxxxxx>
  Joshua Tam <csinaction@xxxxx>
  Judith Mendez <jm@xxxxxx>
  Justin Stitt <justinstitt@xxxxxxxxxx>
  Kaixin Wang <kxwang23@xxxxxxxxxxxxxx>
  Kan Liang <kan.liang@xxxxxxxxxxxxxxx>
  Kees Cook <kees@xxxxxxxxxx>
  Kevin Greenberg <kdgreenberg234@xxxxxxxxxxxxxx>
  Konrad Dybcio <konrad.dybcio@xxxxxxxxxx>
  Konrad Dybcio <konradybcio@xxxxxxxxxx>
  Krzysztof Kozlowski <krzysztof.kozlowski@xxxxxxxxxx>
  Lad Prabhakar <prabhakar.mahadev-lad.rj@xxxxxxxxxxxxxx>
  Laurent Pinchart <laurent.pinchart@xxxxxxxxxxxxxxxx>
  Lee Jones <lee@xxxxxxxxxx>
  Liao Chen <liaochen4@xxxxxxxxxx>
  Liming Sun <limings@xxxxxxxxxx>
  Linus Torvalds <torvalds@xxxxxxxxxxxxxxxxxxxx>
  Liu Ying <victor.liu@xxxxxxx>
  Lu Baolu <baolu.lu@xxxxxxxxxxxxxxx>
  Luo Gengkun <luogengkun@xxxxxxxxxxxxxxx>
  Madhavan Srinivasan <maddy@xxxxxxxxxxxxx>
  Manuel Traut <manut@xxxxxxxxx>
  Marc Gonzalez <mgonzalez@xxxxxxxxxx>
  Mario Limonciello <mario.limonciello@xxxxxxx>
  Mark Rutland <mark.rutland@xxxxxxx>
  Martyn Welch <martyn.welch@xxxxxxxxxxxxx>
  Masahiro Yamada <masahiroy@xxxxxxxxxx>
  Maximilian Luz <luzmaximilian@xxxxxxxxx>
  Michael Ellerman <mpe@xxxxxxxxxxxxxx>
  Michael Walle <mwalle@xxxxxxxxxx>
  Michal Simek <michal.simek@xxxxxxx>
  Michal Wajdeczko <michal.wajdeczko@xxxxxxxxx>
  Miguel Ojeda <ojeda@xxxxxxxxxx>
  Mike Rapoport (Microsoft) <rppt@xxxxxxxxxx>
  Miquel Raynal <miquel.raynal@xxxxxxxxxxx>
  Mirsad Todorovac <mtodorovac69@xxxxxxxxx>
  Mostafa Saleh <smostafa@xxxxxxxxxx>
  Namhyung Kim <namhyung@xxxxxxxxxx>
  Nate Watterson <nwatterson@xxxxxxxxxx>
  Nathan Chancellor <nathan@xxxxxxxxxx>
  Nicolas Ferre <nicolas.ferre@xxxxxxxxxxxxx>
  Nicolin Chen <nicolinc@xxxxxxxxxx>
  Niklas Schnelle <schnelle@xxxxxxxxxxxxx>
  Nikunj Kela <quic_nkela@xxxxxxxxxxx>
  Nuno Sa <nuno.sa@xxxxxxxxxx>
  Oleg Nesterov <oleg@xxxxxxxxxx>
  Pali Rohár <pali@xxxxxxxxxx>
  Parth Menon <parthasarathymenon@xxxxxxxxx>
  Patrick Rudolph <patrick.rudolph@xxxxxxxxxxxxx>
  Pengfei Xu <pengfei.xu@xxxxxxxxx>
  Peter Zijlstra (Intel) <peterz@xxxxxxxxxxxxx>
  Peter Zijlstra <peterz@xxxxxxxxxxxxx>
  Petr Mladek <pmladek@xxxxxxxx>
  Philip Müller <philm@xxxxxxxxxxx>
  Philippe Simons <simons.philippe@xxxxxxxxx>
  Pratyush Yadav <pratyush@xxxxxxxxxx>
  Raghavendra Kakarla <quic_rkakarla@xxxxxxxxxxx>  # qcm6490 with PREEMPT_RT set
  Randy Dunlap <rdunlap@xxxxxxxxxxxxx>
  Riyan Dhiman <riyandhiman14@xxxxxxxxx>
  Rob Clark <robdclark@xxxxxxxxxxxx>
  Rob Herring (Arm) <robh@xxxxxxxxxx>
  Robert Marko <robimarko@xxxxxxxxx>
  Roger Quadros <rogerq@xxxxxxxxxx>
  Roman Kisel <romank@xxxxxxxxxxxxxxxxxxx>
  Rong Qianfeng <rongqianfeng@xxxxxxxx>
  Sanjay K Kumar <sanjay.k.kumar@xxxxxxxxx>
  Sebastian Andrzej Siewior <bigeasy@xxxxxxxxxxxxx>
  Sebastian Reichel <sebastian.reichel@xxxxxxxxxxxxx>
  Seunghwan Baek <sh8267.baek@xxxxxxxxxxx>
  Shan-Chun Hung <shanchun1218@xxxxxxxxx>
  Shawn Lin <shawn.lin@xxxxxxxxxxxxxx>
  Shen Lichuan <shenlichuan@xxxxxxxx>
  Shuah Khan <skhan@xxxxxxxxxxxxxxxxxxx>
  Shyam Saini <shyamsaini@xxxxxxxxxxxxxxxxxxx>
  Stanislav Jakubek <stano.jakubek@xxxxxxxxx>
  Stefan Wahren <wahrenst@xxxxxxx>
  Steven Rostedt (Google) <rostedt@xxxxxxxxxxx>
  Steven Rostedt <rostedt@xxxxxxxxxxx>
  Suravee Suthikulpanit <suravee.suthikulpanit@xxxxxxx>
  syzbot+f7a1c2c2711e4a780f19@xxxxxxxxxxxxxxxxxxxxxxxxx
  Takahiro Kuwano <Takahiro.Kuwano@xxxxxxxxxxxx>
  Thadeu Lima de Souza Cascardo <cascardo@xxxxxxxxxx>
  Thomas Weißschuh <linux@xxxxxxxxxxxxxx>
  Thorsten Blum <thorsten.blum@xxxxxxxxxx>
  Tina Zhang <tina.zhang@xxxxxxxxx>
  Tomas Winkler <tomas.winkler@xxxxxxxxx>
  Tzung-Bi Shih <tzungbi@xxxxxxxxxx>
  Ulf Hansson <ulf.hansson@xxxxxxxxxx>
  Uwe Kleine-König <u.kleine-koenig@xxxxxxxxxxxx>
  Uwe Kleine-König <ukleinek@xxxxxxxxxx>
  Vasant Hegde <vasant.hegde@xxxxxxx>
  Vikash Garodia <quic_vgarodia@xxxxxxxxxxx>
  Vladimir Zapolskiy <vladimir.zapolskiy@xxxxxxxxxx>
  Wen Yang <wen.yang@xxxxxxxxx>
  Will Deacon <will@xxxxxxxxxx>
  Wolfram Sang <wsa+renesas@xxxxxxxxxxxxxxxxxxxx>
  Xi Ruoyao <xry111@xxxxxxxxxxx>
  Yan Zhen <yanzhen@xxxxxxxx>
  Yang Ruibin <11162571@xxxxxxxx>
  Yi Liu <yi.l.liu@xxxxxxxxx>
  ying zuxin <yingzuxin@xxxxxxxx>
  Yu Jiaoliang <yujiaoliang@xxxxxxxx>
  Yue Haibing <yuehaibing@xxxxxxxxxx>
  Yuntao Liu <liuyuntao12@xxxxxxxxxx>
  Zhang Zekun <zhangzekun11@xxxxxxxxxx>
  zhangjiao <zhangjiao2@xxxxxxxxxxxxxxxxxxxx>
  Zhenhua Huang <quic_zhenhuah@xxxxxxxxxxx>
  Zhenyu Wang <zhenyuw@xxxxxxxxxxxxxxx>
  Zhu Jun <zhujun2@xxxxxxxxxxxxxxxxxxxx>

jobs:
 build-amd64-xsm                                              pass    
 build-arm64-xsm                                              pass    
 build-i386-xsm                                               pass    
 build-amd64                                                  pass    
 build-arm64                                                  pass    
 build-armhf                                                  pass    
 build-i386                                                   pass    
 build-amd64-libvirt                                          pass    
 build-arm64-libvirt                                          pass    
 build-armhf-libvirt                                          pass    
 build-i386-libvirt                                           pass    
 build-amd64-pvops                                            pass    
 build-arm64-pvops                                            pass    
 build-armhf-pvops                                            pass    
 build-i386-pvops                                             pass    
 test-amd64-amd64-xl                                          pass    
 test-amd64-coresched-amd64-xl                                pass    
 test-arm64-arm64-xl                                          pass    
 test-armhf-armhf-xl                                          pass    
 test-amd64-amd64-libvirt-qemuu-debianhvm-amd64-xsm           pass    
 test-amd64-amd64-xl-qemut-stubdom-debianhvm-amd64-xsm        pass    
 test-amd64-amd64-xl-qemut-debianhvm-i386-xsm                 pass    
 test-amd64-amd64-xl-qemuu-debianhvm-i386-xsm                 pass    
 test-amd64-amd64-libvirt-xsm                                 pass    
 test-arm64-arm64-libvirt-xsm                                 pass    
 test-amd64-amd64-xl-xsm                                      pass    
 test-arm64-arm64-xl-xsm                                      pass    
 test-amd64-amd64-qemuu-nested-amd                            fail    
 test-amd64-amd64-xl-pvhv2-amd                                pass    
 test-amd64-amd64-dom0pvh-xl-amd                              pass    
 test-amd64-amd64-xl-qemut-debianhvm-amd64                    pass    
 test-amd64-amd64-xl-qemuu-debianhvm-amd64                    pass    
 test-amd64-amd64-qemuu-freebsd11-amd64                       pass    
 test-amd64-amd64-qemuu-freebsd12-amd64                       pass    
 test-amd64-amd64-xl-qemuu-ovmf-amd64                         pass    
 test-amd64-amd64-xl-qemut-win7-amd64                         fail    
 test-amd64-amd64-xl-qemuu-win7-amd64                         fail    
 test-amd64-amd64-xl-qemut-ws16-amd64                         fail    
 test-amd64-amd64-xl-qemuu-ws16-amd64                         fail    
 test-armhf-armhf-xl-arndale                                  pass    
 test-amd64-amd64-examine-bios                                pass    
 test-amd64-amd64-xl-credit1                                  pass    
 test-arm64-arm64-xl-credit1                                  pass    
 test-armhf-armhf-xl-credit1                                  pass    
 test-amd64-amd64-xl-credit2                                  pass    
 test-arm64-arm64-xl-credit2                                  pass    
 test-armhf-armhf-xl-credit2                                  pass    
 test-amd64-amd64-xl-qemuu-dmrestrict-amd64-dmrestrict        fail    
 test-amd64-amd64-examine                                     pass    
 test-arm64-arm64-examine                                     pass    
 test-armhf-armhf-examine                                     pass    
 test-amd64-amd64-qemuu-nested-intel                          pass    
 test-amd64-amd64-xl-pvhv2-intel                              pass    
 test-amd64-amd64-dom0pvh-xl-intel                            pass    
 test-amd64-amd64-libvirt                                     pass    
 test-armhf-armhf-libvirt                                     pass    
 test-amd64-amd64-xl-multivcpu                                pass    
 test-armhf-armhf-xl-multivcpu                                pass    
 test-amd64-amd64-pair                                        pass    
 test-amd64-amd64-libvirt-pair                                pass    
 test-amd64-amd64-xl-pvshim                                   pass    
 test-amd64-amd64-pygrub                                      pass    
 test-amd64-amd64-libvirt-qcow2                               pass    
 test-amd64-amd64-xl-qcow2                                    pass    
 test-armhf-armhf-xl-qcow2                                    pass    
 test-amd64-amd64-libvirt-raw                                 pass    
 test-arm64-arm64-libvirt-raw                                 pass    
 test-amd64-amd64-xl-raw                                      pass    
 test-armhf-armhf-xl-raw                                      pass    
 test-amd64-amd64-xl-rtds                                     fail    
 test-armhf-armhf-xl-rtds                                     pass    
 test-amd64-amd64-xl-qemuu-debianhvm-amd64-shadow             pass    
 test-amd64-amd64-xl-shadow                                   pass    
 test-arm64-arm64-xl-thunderx                                 pass    
 test-amd64-amd64-examine-uefi                                pass    
 test-amd64-amd64-libvirt-vhd                                 pass    
 test-armhf-armhf-libvirt-vhd                                 pass    
 test-amd64-amd64-xl-vhd                                      pass    
 test-arm64-arm64-xl-vhd                                      pass    


------------------------------------------------------------
sg-report-flight on osstest.test-lab.xenproject.org
logs: /home/logs/logs
images: /home/logs/images

Logs, config files, etc. are available at
    http://logs.test-lab.xenproject.org/osstest/logs

Explanation of these reports, and of osstest in general, is at
    http://xenbits.xen.org/gitweb/?p=osstest.git;a=blob;f=README.email;hb=master
    http://xenbits.xen.org/gitweb/?p=osstest.git;a=blob;f=README;hb=master

Test harness code can be found at
    http://xenbits.xen.org/gitweb?p=osstest.git;a=summary


Pushing revision :

hint: The 'hooks/update' hook was ignored because it's not set as executable.
hint: You can disable this warning with `git config advice.ignoredHook false`.
hint: The 'hooks/post-receive' hook was ignored because it's not set as 
executable.
hint: You can disable this warning with `git config advice.ignoredHook false`.
hint: The 'hooks/post-update' hook was ignored because it's not set as 
executable.
hint: You can disable this warning with `git config advice.ignoredHook false`.
To xenbits.xen.org:/home/xen/git/linux-pvops.git
   bdf56c7580d26..4a39ac5b7d626  4a39ac5b7d62679c07a3e3d12b0f6982377d8a7d -> 
tested/linux-linus



 


Rackspace

Lists.xenproject.org is hosted with RackSpace, monitoring our
servers 24x7x365 and backed by RackSpace's Fanatical Support®.