[Date Prev][Date Next][Thread Prev][Thread Next][Date Index][Thread Index] [xen-unstable test] 184285: regressions - FAIL
flight 184285 xen-unstable real [real] http://logs.test-lab.xenproject.org/osstest/logs/184285/ Regressions :-( Tests which did not succeed and are blocking, including tests which could not be run: build-arm64-pvops 6 kernel-build fail REGR. vs. 184271 Tests which did not succeed, but are not blocking: test-arm64-arm64-examine 1 build-check(1) blocked n/a test-arm64-arm64-libvirt-raw 1 build-check(1) blocked n/a test-arm64-arm64-libvirt-xsm 1 build-check(1) blocked n/a test-arm64-arm64-xl 1 build-check(1) blocked n/a test-arm64-arm64-xl-credit1 1 build-check(1) blocked n/a test-arm64-arm64-xl-credit2 1 build-check(1) blocked n/a test-arm64-arm64-xl-thunderx 1 build-check(1) blocked n/a test-arm64-arm64-xl-vhd 1 build-check(1) blocked n/a test-arm64-arm64-xl-xsm 1 build-check(1) blocked n/a test-armhf-armhf-xl-vhd 17 guest-start/debian.repeat fail like 184267 test-armhf-armhf-libvirt 16 saverestore-support-check fail like 184271 test-amd64-amd64-xl-qemut-win7-amd64 19 guest-stop fail like 184271 test-amd64-i386-xl-qemuu-win7-amd64 19 guest-stop fail like 184271 test-amd64-amd64-xl-qemuu-ws16-amd64 19 guest-stop fail like 184271 test-armhf-armhf-libvirt-qcow2 15 saverestore-support-check fail like 184271 test-amd64-i386-xl-qemut-ws16-amd64 19 guest-stop fail like 184271 test-armhf-armhf-libvirt-raw 15 saverestore-support-check fail like 184271 test-amd64-i386-xl-qemut-win7-amd64 19 guest-stop fail like 184271 test-amd64-amd64-xl-qemut-ws16-amd64 19 guest-stop fail like 184271 test-amd64-amd64-qemuu-nested-amd 20 debian-hvm-install/l1/l2 fail like 184271 test-amd64-i386-xl-qemuu-ws16-amd64 19 guest-stop fail like 184271 test-amd64-amd64-xl-qemuu-win7-amd64 19 guest-stop fail like 184271 test-amd64-i386-libvirt-xsm 15 migrate-support-check fail never pass test-amd64-i386-xl-pvshim 14 guest-start fail never pass test-amd64-i386-libvirt 15 migrate-support-check fail never pass test-amd64-amd64-libvirt 15 migrate-support-check fail never pass test-amd64-amd64-libvirt-xsm 15 migrate-support-check fail never pass test-amd64-amd64-libvirt-qemuu-debianhvm-amd64-xsm 13 migrate-support-check fail never pass test-armhf-armhf-xl 15 migrate-support-check fail never pass test-armhf-armhf-xl 16 saverestore-support-check fail never pass test-amd64-i386-libvirt-qemuu-debianhvm-amd64-xsm 13 migrate-support-check fail never pass test-armhf-armhf-xl-multivcpu 15 migrate-support-check fail never pass test-armhf-armhf-xl-multivcpu 16 saverestore-support-check fail never pass test-armhf-armhf-libvirt 15 migrate-support-check fail never pass test-armhf-armhf-xl-credit2 15 migrate-support-check fail never pass test-armhf-armhf-xl-credit2 16 saverestore-support-check fail never pass test-armhf-armhf-xl-credit1 15 migrate-support-check fail never pass test-armhf-armhf-xl-credit1 16 saverestore-support-check fail never pass test-armhf-armhf-xl-arndale 15 migrate-support-check fail never pass test-armhf-armhf-xl-arndale 16 saverestore-support-check fail never pass test-amd64-i386-libvirt-raw 14 migrate-support-check fail never pass test-amd64-amd64-libvirt-vhd 14 migrate-support-check fail never pass test-armhf-armhf-libvirt-qcow2 14 migrate-support-check fail never pass test-armhf-armhf-libvirt-raw 14 migrate-support-check fail never pass test-armhf-armhf-xl-vhd 14 migrate-support-check fail never pass test-armhf-armhf-xl-vhd 15 saverestore-support-check fail never pass test-armhf-armhf-xl-rtds 15 migrate-support-check fail never pass test-armhf-armhf-xl-rtds 16 saverestore-support-check fail never pass version targeted for testing: xen 2467ab2a74463107132f7d929d2ff0e30a8b6fa3 baseline version: xen 5a3ace21f3d779b291a2d305824b2820d88de7f1 Last test of basis 184271 2024-01-08 01:53:47 Z 1 days Testing same since 184278 2024-01-08 12:39:26 Z 0 days 2 attempts ------------------------------------------------------------ People who touched revisions under test: Jan Beulich <jbeulich@xxxxxxxx> Juergen Gross <jgross@xxxxxxxx> Julien Grall <jgrall@xxxxxxxxxx> Oleksii Kurochko <oleksii.kurochko@xxxxxxxxx> Shawn Anastasio <sanastasio@xxxxxxxxxxxxxxxxxxxxx> Tamas K Lengyel <tamas.lengyel@xxxxxxxxx> jobs: build-amd64-xsm pass build-arm64-xsm pass build-i386-xsm pass build-amd64-xtf pass build-amd64 pass build-arm64 pass build-armhf pass build-i386 pass build-amd64-libvirt pass build-arm64-libvirt pass build-armhf-libvirt pass build-i386-libvirt pass build-amd64-prev pass build-i386-prev pass build-amd64-pvops pass build-arm64-pvops fail build-armhf-pvops pass build-i386-pvops pass test-xtf-amd64-amd64-1 pass test-xtf-amd64-amd64-2 pass test-xtf-amd64-amd64-3 pass test-xtf-amd64-amd64-4 pass test-xtf-amd64-amd64-5 pass test-amd64-amd64-xl pass test-amd64-coresched-amd64-xl pass test-arm64-arm64-xl blocked test-armhf-armhf-xl pass test-amd64-i386-xl pass test-amd64-coresched-i386-xl pass test-amd64-amd64-libvirt-qemuu-debianhvm-amd64-xsm pass test-amd64-i386-libvirt-qemuu-debianhvm-amd64-xsm pass test-amd64-amd64-xl-qemut-stubdom-debianhvm-amd64-xsm pass test-amd64-i386-xl-qemut-stubdom-debianhvm-amd64-xsm pass test-amd64-amd64-xl-qemut-debianhvm-i386-xsm pass test-amd64-i386-xl-qemut-debianhvm-i386-xsm pass test-amd64-amd64-xl-qemuu-debianhvm-i386-xsm pass test-amd64-i386-xl-qemuu-debianhvm-i386-xsm pass test-amd64-amd64-libvirt-xsm pass test-arm64-arm64-libvirt-xsm blocked test-amd64-i386-libvirt-xsm pass test-amd64-amd64-xl-xsm pass test-arm64-arm64-xl-xsm blocked test-amd64-i386-xl-xsm pass test-amd64-amd64-qemuu-nested-amd fail test-amd64-amd64-xl-pvhv2-amd pass test-amd64-i386-qemut-rhel6hvm-amd pass test-amd64-i386-qemuu-rhel6hvm-amd pass test-amd64-amd64-dom0pvh-xl-amd pass test-amd64-amd64-xl-qemut-debianhvm-amd64 pass test-amd64-i386-xl-qemut-debianhvm-amd64 pass test-amd64-amd64-xl-qemuu-debianhvm-amd64 pass test-amd64-i386-xl-qemuu-debianhvm-amd64 pass test-amd64-i386-freebsd10-amd64 pass test-amd64-amd64-qemuu-freebsd11-amd64 pass test-amd64-amd64-qemuu-freebsd12-amd64 pass test-amd64-amd64-xl-qemuu-ovmf-amd64 pass test-amd64-i386-xl-qemuu-ovmf-amd64 pass test-amd64-amd64-xl-qemut-win7-amd64 fail test-amd64-i386-xl-qemut-win7-amd64 fail test-amd64-amd64-xl-qemuu-win7-amd64 fail test-amd64-i386-xl-qemuu-win7-amd64 fail test-amd64-amd64-xl-qemut-ws16-amd64 fail test-amd64-i386-xl-qemut-ws16-amd64 fail test-amd64-amd64-xl-qemuu-ws16-amd64 fail test-amd64-i386-xl-qemuu-ws16-amd64 fail test-armhf-armhf-xl-arndale pass test-amd64-amd64-examine-bios pass test-amd64-i386-examine-bios pass test-amd64-amd64-xl-credit1 pass test-arm64-arm64-xl-credit1 blocked test-armhf-armhf-xl-credit1 pass test-amd64-amd64-xl-credit2 pass test-arm64-arm64-xl-credit2 blocked test-armhf-armhf-xl-credit2 pass test-amd64-amd64-xl-qemuu-dmrestrict-amd64-dmrestrict pass test-amd64-i386-xl-qemuu-dmrestrict-amd64-dmrestrict pass test-amd64-amd64-examine pass test-arm64-arm64-examine blocked test-armhf-armhf-examine pass test-amd64-i386-examine pass test-amd64-i386-freebsd10-i386 pass test-amd64-amd64-qemuu-nested-intel pass test-amd64-amd64-xl-pvhv2-intel pass test-amd64-i386-qemut-rhel6hvm-intel pass test-amd64-i386-qemuu-rhel6hvm-intel pass test-amd64-amd64-dom0pvh-xl-intel pass test-amd64-amd64-libvirt pass test-armhf-armhf-libvirt pass test-amd64-i386-libvirt pass test-amd64-amd64-livepatch pass test-amd64-i386-livepatch pass test-amd64-amd64-migrupgrade pass test-amd64-i386-migrupgrade pass test-amd64-amd64-xl-multivcpu pass test-armhf-armhf-xl-multivcpu pass test-amd64-amd64-pair pass test-amd64-i386-pair pass test-amd64-amd64-libvirt-pair pass test-amd64-i386-libvirt-pair pass test-amd64-amd64-xl-pvshim pass test-amd64-i386-xl-pvshim fail test-amd64-amd64-pygrub pass test-armhf-armhf-libvirt-qcow2 pass test-amd64-amd64-xl-qcow2 pass test-arm64-arm64-libvirt-raw blocked test-armhf-armhf-libvirt-raw pass test-amd64-i386-libvirt-raw pass test-amd64-amd64-xl-rtds pass test-armhf-armhf-xl-rtds pass test-amd64-amd64-xl-qemuu-debianhvm-amd64-shadow pass test-amd64-i386-xl-qemuu-debianhvm-amd64-shadow pass test-amd64-amd64-xl-shadow pass test-amd64-i386-xl-shadow pass test-arm64-arm64-xl-thunderx blocked test-amd64-amd64-examine-uefi pass test-amd64-i386-examine-uefi pass test-amd64-amd64-libvirt-vhd pass test-arm64-arm64-xl-vhd blocked test-armhf-armhf-xl-vhd fail test-amd64-i386-xl-vhd pass ------------------------------------------------------------ sg-report-flight on osstest.test-lab.xenproject.org logs: /home/logs/logs images: /home/logs/images Logs, config files, etc. are available at http://logs.test-lab.xenproject.org/osstest/logs Explanation of these reports, and of osstest in general, is at http://xenbits.xen.org/gitweb/?p=osstest.git;a=blob;f=README.email;hb=master http://xenbits.xen.org/gitweb/?p=osstest.git;a=blob;f=README;hb=master Test harness code can be found at http://xenbits.xen.org/gitweb?p=osstest.git;a=summary Not pushing. ------------------------------------------------------------ commit 2467ab2a74463107132f7d929d2ff0e30a8b6fa3 Author: Tamas K Lengyel <tamas.lengyel@xxxxxxxxx> Date: Mon Jan 8 10:16:58 2024 +0100 x86/mwait-idle: fix ubsan warning Fix warning: (XEN) UBSAN: Undefined behaviour in arch/x86/cpu/mwait-idle.c:1300:44 (XEN) left shift of 15 by 28 places cannot be represented in type 'int' originating from sklh_idle_state_table_update() and hence observable on one kind of CPU only. Fixes: 5a211704e88 ("mwait-idle: prevent SKL-H boot failure when C8+C9+C10 enabled") Signed-off-by: Tamas K Lengyel <tamas.lengyel@xxxxxxxxx> Reviewed-by: Andrew Cooper <andrew.cooper3@xxxxxxxxxx> commit cc5a436002c418dc970677a3e99099968fd47ec3 Author: Juergen Gross <jgross@xxxxxxxx> Date: Mon Jan 8 10:16:42 2024 +0100 xen/public: add some more 9pfs xenstore paths Add some optional additional backend paths for 9pfs PV devices. Those paths will be supported by the new xen-9pfsd 9pfs backend. Signed-off-by: Juergen Gross <jgross@xxxxxxxx> Reviewed-by: Jason Andryuk <jandryuk@xxxxxxxxx> commit 589d8cf146290bdc7f4347bced10c20bd14791f6 Author: Oleksii Kurochko <oleksii.kurochko@xxxxxxxxx> Date: Wed Dec 20 16:08:29 2023 +0200 xen: ifdef inclusion of <asm/grant_table.h> in <xen/grant_table.h> Ifdef-ing inclusion of <asm/grant_table.h> allows to avoid generation of empty <asm/grant_table.h> for cases when CONFIG_GRANT_TABLE is not enabled. The following changes were done for Arm: <asm/grant_table.h> should be included directly because it contains gnttab_dom0_frames() macros which is unique for Arm and is used in arch/arm/domain_build.c. <asm/grant_table.h> is #ifdef-ed with CONFIG_GRANT_TABLE in <xen/grant_table.h> so in case of !CONFIG_GRANT_TABLE gnttab_dom0_frames won't be available for use in arch/arm/domain_build.c. Suggested-by: Jan Beulich <jbeulich@xxxxxxxx> Signed-off-by: Oleksii Kurochko <oleksii.kurochko@xxxxxxxxx> Acked-by: Julien Grall <jgrall@xxxxxxxxxx> Acked-by: Shawn Anastasio <sanastasio@xxxxxxxxxxxxxxxxxxxxx> commit 42b814b7ff0af0022cb93c912120b59b08173158 Author: Oleksii Kurochko <oleksii.kurochko@xxxxxxxxx> Date: Wed Dec 20 16:08:28 2023 +0200 xen/asm-generic: introduce stub header softirq.h <asm/softirq.h> is common between Arm, PPC and RISC-V so it is moved to asm-generic. Drop Arm and PPC's softirq.h and use asm-generic version instead. Signed-off-by: Oleksii Kurochko <oleksii.kurochko@xxxxxxxxx> Reviewed-by: Michal Orzel <michal.orzel@xxxxxxx> Acked-by: Jan Beulich <jbeulich@xxxxxxxx> Acked-by: Shawn Anastasio <sanastasio@xxxxxxxxxxxxxxxxxxxxx> Acked-by: Julien Grall <jgrall@xxxxxxxxxx> commit e2c7111d6505d49274f9c0d0148a956bd62c3595 Author: Oleksii Kurochko <oleksii.kurochko@xxxxxxxxx> Date: Wed Dec 20 16:08:25 2023 +0200 xen/asm-generic: introduce generic div64.h header All archs have the do_div implementation for BITS_PER_LONG == 64 so do_div64.h is moved to asm-generic. x86 and PPC were switched to asm-generic version of div64.h. Arm was switched partly because Arm has different implementation for 32-bits. Signed-off-by: Oleksii Kurochko <oleksii.kurochko@xxxxxxxxx> Acked-by: Jan Beulich <jbeulich@xxxxxxxx> Acked-by: Shawn Anastasio <sanastasio@xxxxxxxxxxxxxxxxxxxxx> Acked-by: Julien Grall <jgrall@xxxxxxxxxx> (qemu changes not included)
|
Lists.xenproject.org is hosted with RackSpace, monitoring our |