[Date Prev][Date Next][Thread Prev][Thread Next][Date Index][Thread Index] [linux-linus test] 185204: tolerable FAIL - PUSHED
flight 185204 linux-linus real [real] http://logs.test-lab.xenproject.org/osstest/logs/185204/ Failures :-/ but no regressions. Tests which did not succeed, but are not blocking: test-amd64-amd64-xl-qemut-win7-amd64 19 guest-stop fail like 185200 test-amd64-amd64-xl-qemuu-win7-amd64 19 guest-stop fail like 185200 test-amd64-amd64-xl-qemuu-ws16-amd64 19 guest-stop fail like 185200 test-armhf-armhf-libvirt 16 saverestore-support-check fail like 185200 test-amd64-amd64-xl-qemut-ws16-amd64 19 guest-stop fail like 185200 test-amd64-amd64-qemuu-nested-amd 20 debian-hvm-install/l1/l2 fail like 185200 test-arm64-arm64-xl-thunderx 15 migrate-support-check fail never pass test-arm64-arm64-xl-thunderx 16 saverestore-support-check fail never pass test-arm64-arm64-xl-credit1 15 migrate-support-check fail never pass test-arm64-arm64-xl-credit1 16 saverestore-support-check fail never pass test-arm64-arm64-xl 15 migrate-support-check fail never pass test-arm64-arm64-xl 16 saverestore-support-check fail never pass test-arm64-arm64-xl-credit2 15 migrate-support-check fail never pass test-arm64-arm64-xl-credit2 16 saverestore-support-check fail never pass test-arm64-arm64-libvirt-xsm 15 migrate-support-check fail never pass test-arm64-arm64-libvirt-xsm 16 saverestore-support-check fail never pass test-arm64-arm64-xl-xsm 15 migrate-support-check fail never pass test-arm64-arm64-xl-xsm 16 saverestore-support-check fail never pass test-amd64-amd64-libvirt-xsm 15 migrate-support-check fail never pass test-armhf-armhf-xl-multivcpu 15 migrate-support-check fail never pass test-armhf-armhf-xl-multivcpu 16 saverestore-support-check fail never pass test-armhf-armhf-xl-credit1 15 migrate-support-check fail never pass test-armhf-armhf-xl-credit1 16 saverestore-support-check fail never pass test-armhf-armhf-xl-credit2 15 migrate-support-check fail never pass test-armhf-armhf-xl-credit2 16 saverestore-support-check fail never pass test-armhf-armhf-xl 15 migrate-support-check fail never pass test-armhf-armhf-xl 16 saverestore-support-check fail never pass test-amd64-amd64-libvirt-qcow2 14 migrate-support-check fail never pass test-amd64-amd64-libvirt-raw 14 migrate-support-check fail never pass test-arm64-arm64-libvirt-raw 14 migrate-support-check fail never pass test-arm64-arm64-libvirt-raw 15 saverestore-support-check fail never pass test-amd64-amd64-libvirt-vhd 14 migrate-support-check fail never pass test-amd64-amd64-libvirt 15 migrate-support-check fail never pass test-arm64-arm64-xl-vhd 14 migrate-support-check fail never pass test-arm64-arm64-xl-vhd 15 saverestore-support-check fail never pass test-armhf-armhf-xl-qcow2 14 migrate-support-check fail never pass test-armhf-armhf-xl-qcow2 15 saverestore-support-check fail never pass test-amd64-amd64-libvirt-qemuu-debianhvm-amd64-xsm 13 migrate-support-check fail never pass test-armhf-armhf-xl-raw 14 migrate-support-check fail never pass test-armhf-armhf-xl-raw 15 saverestore-support-check fail never pass test-armhf-armhf-xl-arndale 15 migrate-support-check fail never pass test-armhf-armhf-xl-arndale 16 saverestore-support-check fail never pass test-armhf-armhf-xl-rtds 15 migrate-support-check fail never pass test-armhf-armhf-xl-rtds 16 saverestore-support-check fail never pass test-armhf-armhf-libvirt 15 migrate-support-check fail never pass test-armhf-armhf-libvirt-vhd 14 migrate-support-check fail never pass test-armhf-armhf-libvirt-vhd 15 saverestore-support-check fail never pass version targeted for testing: linux 486291a0e6246364936df1ecd64c90affef4b9c5 baseline version: linux 317c7bc0ef035d8ebfc3e55c5dde0566fd5fb171 Last test of basis 185200 2024-03-29 15:55:01 Z 1 days Testing same since 185204 2024-03-30 09:17:33 Z 0 days 1 attempts ------------------------------------------------------------ People who touched revisions under test: Alex Deucher <alexander.deucher@xxxxxxx> Alex Hung <alex.hung@xxxxxxx> Andi Shyti <andi.shyti@xxxxxxxxxxxxxxx> Andy Shevchenko <andriy.shevchenko@xxxxxxxxxxxxxxx> Andy Yan <andy.yan@xxxxxxxxxxxxxx> Ard Biesheuvel <ardb@xxxxxxxxxx> Arnd Bergmann <arnd@xxxxxxxx> Bartosz Golaszewski <bartosz.golaszewski@xxxxxxxxxx> Bhanuprakash Modem <bhanuprakash.modem@xxxxxxxxx> Borislav Petkov (AMD) <bp@xxxxxxxxx> Chris Bainbridge <chris.bainbridge@xxxxxxxxx> Chris Park <chris.park@xxxxxxx> Chris Wilson <chris@xxxxxxxxxxxxxxxxxx> Christian König <christian.koenig@xxxxxxx> Christoph Hellwig <hch@xxxxxx> Clayton Craft <clayton@xxxxxxxxxxxxx> Damien Le Moal <dlemoal@xxxxxxxxxx> Daniel Lezcano <daniel.lezcano@xxxxxxxxxx> Daniel Wheeler <daniel.wheeler@xxxxxxx> Danilo Krummrich <dakr@xxxxxxxxxx> Dave Airlie <airlied@xxxxxxxxxx> David Gow <davidgow@xxxxxxxxxx> David Howells <dhowells@xxxxxxxxxx> Duoming Zhou <duoming@xxxxxxxxxx> Eric Huang <jinhuieric.huang@xxxxxxx> Ferry Toth <ftoth@xxxxxxxxxxxxxx> George Shen <george.shen@xxxxxxx> Guenter Roeck <linux@xxxxxxxxxxxx> Hamza Mahfooz <hamza.mahfooz@xxxxxxx> Hans de Goede <hdegoede@xxxxxxxxxx> Harry Wentland <harry.wentland@xxxxxxx> Heiko Stuebner <heiko@xxxxxxxxx> Himal Prasad Ghimiray <himal.prasad.ghimiray@xxxxxxxxx> Imre Deak <imre.deak@xxxxxxxxx> Jani Nikula <jani.nikula@xxxxxxxxx> Janusz Krzysztofik <janusz.krzysztofik@xxxxxxxxxxxxxxx> Jens Axboe <axboe@xxxxxxxxx> Jesse Zhang <jesse.zhang@xxxxxxx> Jocelyn Falempe <jfalempe@xxxxxxxxxx> Johannes Weiner <hannes@xxxxxxxxxxx> John Garry <john.g.garry@xxxxxxxxxx> Jonathan Kim <jonathan.kim@xxxxxxx> Jonathon Hall <jonathon.hall@xxxxxxx> Joonas Lahtinen <joonas.lahtinen@xxxxxxxxxxxxxxx> José Roberto de Souza <jose.souza@xxxxxxxxx> Juha-Pekka Heikkila <juhapekka.heikkila@xxxxxxxxx> Ken Raeburn <raeburn@xxxxxxxxxx> Kuan-Wei Chiu <visitorckw@xxxxxxxxx> Lang Yu <Lang.Yu@xxxxxxx> lima1002 <li.ma@xxxxxxx> Linus Torvalds <torvalds@xxxxxxxxxxxxxxxxxxxx> Luca Weiss <luca.weiss@xxxxxxxxxxxxx> Lucas De Marchi <lucas.demarchi@xxxxxxxxx> Mario Limonciello <mario.limonciello@xxxxxxx> Mark Broadworth <mark.broadworth@xxxxxxx> Mark Brown <broonie@xxxxxxxxxx> Mark Rutland <mark.rutland@xxxxxxx> Masami Hiramatsu (Google) <mhiramat@xxxxxxxxxx> Matthew Auld <matthew.auld@xxxxxxxxx> Matthew Sakai <msakai@xxxxxxxxxx> Maxime Ripard <mripard@xxxxxxxxxx> Miguel Ojeda <ojeda@xxxxxxxxxx> Mike Snitzer <snitzer@xxxxxxxxxx> Muhammad Usama Anjum <usama.anjum@xxxxxxxxxxxxx> Mukul Joshi <mukul.joshi@xxxxxxx> Natanel Roizenman <natanel.roizenman@xxxxxxx> Neil Armstrong <neil.armstrong@xxxxxxxxxx> Nikita Kiryushin <kiryushin@xxxxxxxx> Nirmoy Das <nirmoy.das@xxxxxxxxx> Nícolas F. R. A. Prado <nfraprado@xxxxxxxxxxxxx> Pavel Sakharov <p.sakharov@xxxxxxxxx> Peyton Lee <peytolee@xxxxxxx> Rafael J. Wysocki <rafael.j.wysocki@xxxxxxxxx> Rodrigo Vivi <rodrigo.vivi@xxxxxxxxx> Roman Li <roman.li@xxxxxxx> Sascha Hauer <s.hauer@xxxxxxxxxxxxxx> Shuah Khan <skhan@xxxxxxxxxxxxxxxxxxx> Steve French <stfrench@xxxxxxxxxxxxx> Sung Joon Kim <sungkim@xxxxxxx> Taimur Hassan <syed.hassan@xxxxxxx> Tejas Upadhyay <tejas.upadhyay@xxxxxxxxx> Thomas Zimmermann <tzimmermann@xxxxxxx> Tom Chung <chiahsuan.chung@xxxxxxx> Ville Syrjälä <ville.syrjala@xxxxxxxxxxxxxxx> Vitaly Prosyak <vitaly.prosyak@xxxxxxx> Wayne Lin <wayne.lin@xxxxxxx> Wenjing Liu <wenjing.liu@xxxxxxx> Xi Liu <xi.liu@xxxxxxx> Ye Zhang <ye.zhang@xxxxxxxxxxxxxx> jobs: build-amd64-xsm pass build-arm64-xsm pass build-i386-xsm pass build-amd64 pass build-arm64 pass build-armhf pass build-i386 pass build-amd64-libvirt pass build-arm64-libvirt pass build-armhf-libvirt pass build-i386-libvirt pass build-amd64-pvops pass build-arm64-pvops pass build-armhf-pvops pass build-i386-pvops pass test-amd64-amd64-xl pass test-amd64-coresched-amd64-xl pass test-arm64-arm64-xl pass test-armhf-armhf-xl pass test-amd64-amd64-libvirt-qemuu-debianhvm-amd64-xsm pass test-amd64-amd64-xl-qemut-stubdom-debianhvm-amd64-xsm pass test-amd64-amd64-xl-qemut-debianhvm-i386-xsm pass test-amd64-amd64-xl-qemuu-debianhvm-i386-xsm pass test-amd64-amd64-libvirt-xsm pass test-arm64-arm64-libvirt-xsm pass test-amd64-amd64-xl-xsm pass test-arm64-arm64-xl-xsm pass test-amd64-amd64-qemuu-nested-amd fail test-amd64-amd64-xl-pvhv2-amd pass test-amd64-amd64-dom0pvh-xl-amd pass test-amd64-amd64-xl-qemut-debianhvm-amd64 pass test-amd64-amd64-xl-qemuu-debianhvm-amd64 pass test-amd64-amd64-qemuu-freebsd11-amd64 pass test-amd64-amd64-qemuu-freebsd12-amd64 pass test-amd64-amd64-xl-qemuu-ovmf-amd64 pass test-amd64-amd64-xl-qemut-win7-amd64 fail test-amd64-amd64-xl-qemuu-win7-amd64 fail test-amd64-amd64-xl-qemut-ws16-amd64 fail test-amd64-amd64-xl-qemuu-ws16-amd64 fail test-armhf-armhf-xl-arndale pass test-amd64-amd64-examine-bios pass test-amd64-amd64-xl-credit1 pass test-arm64-arm64-xl-credit1 pass test-armhf-armhf-xl-credit1 pass test-amd64-amd64-xl-credit2 pass test-arm64-arm64-xl-credit2 pass test-armhf-armhf-xl-credit2 pass test-amd64-amd64-xl-qemuu-dmrestrict-amd64-dmrestrict pass test-amd64-amd64-examine pass test-arm64-arm64-examine pass test-armhf-armhf-examine pass test-amd64-amd64-qemuu-nested-intel pass test-amd64-amd64-xl-pvhv2-intel pass test-amd64-amd64-dom0pvh-xl-intel pass test-amd64-amd64-libvirt pass test-armhf-armhf-libvirt pass test-amd64-amd64-xl-multivcpu pass test-armhf-armhf-xl-multivcpu pass test-amd64-amd64-pair pass test-amd64-amd64-libvirt-pair pass test-amd64-amd64-xl-pvshim pass test-amd64-amd64-pygrub pass test-amd64-amd64-libvirt-qcow2 pass test-amd64-amd64-xl-qcow2 pass test-armhf-armhf-xl-qcow2 pass test-amd64-amd64-libvirt-raw pass test-arm64-arm64-libvirt-raw pass test-amd64-amd64-xl-raw pass test-armhf-armhf-xl-raw pass test-amd64-amd64-xl-rtds pass test-armhf-armhf-xl-rtds pass test-amd64-amd64-xl-qemuu-debianhvm-amd64-shadow pass test-amd64-amd64-xl-shadow pass test-arm64-arm64-xl-thunderx pass test-amd64-amd64-examine-uefi pass test-amd64-amd64-libvirt-vhd pass test-armhf-armhf-libvirt-vhd pass test-amd64-amd64-xl-vhd pass test-arm64-arm64-xl-vhd pass ------------------------------------------------------------ sg-report-flight on osstest.test-lab.xenproject.org logs: /home/logs/logs images: /home/logs/images Logs, config files, etc. are available at http://logs.test-lab.xenproject.org/osstest/logs Explanation of these reports, and of osstest in general, is at http://xenbits.xen.org/gitweb/?p=osstest.git;a=blob;f=README.email;hb=master http://xenbits.xen.org/gitweb/?p=osstest.git;a=blob;f=README;hb=master Test harness code can be found at http://xenbits.xen.org/gitweb?p=osstest.git;a=summary Pushing revision : hint: The 'hooks/update' hook was ignored because it's not set as executable. hint: You can disable this warning with `git config advice.ignoredHook false`. hint: The 'hooks/post-receive' hook was ignored because it's not set as executable. hint: You can disable this warning with `git config advice.ignoredHook false`. hint: The 'hooks/post-update' hook was ignored because it's not set as executable. hint: You can disable this warning with `git config advice.ignoredHook false`. To xenbits.xen.org:/home/xen/git/linux-pvops.git 317c7bc0ef03..486291a0e624 486291a0e6246364936df1ecd64c90affef4b9c5 -> tested/linux-linus
|
![]() |
Lists.xenproject.org is hosted with RackSpace, monitoring our |