[Date Prev][Date Next][Thread Prev][Thread Next][Date Index][Thread Index] [linux-linus test] 185205: tolerable FAIL - PUSHED
flight 185205 linux-linus real [real] flight 185207 linux-linus real-retest [real] http://logs.test-lab.xenproject.org/osstest/logs/185205/ http://logs.test-lab.xenproject.org/osstest/logs/185207/ Failures :-/ but no regressions. Tests which are failing intermittently (not blocking): test-armhf-armhf-libvirt 10 host-ping-check-xen fail pass in 185207-retest Tests which did not succeed, but are not blocking: test-armhf-armhf-libvirt 16 saverestore-support-check fail in 185207 like 185204 test-armhf-armhf-libvirt 15 migrate-support-check fail in 185207 never pass test-amd64-amd64-xl-qemut-win7-amd64 19 guest-stop fail like 185204 test-amd64-amd64-xl-qemuu-win7-amd64 19 guest-stop fail like 185204 test-amd64-amd64-xl-qemuu-ws16-amd64 19 guest-stop fail like 185204 test-amd64-amd64-xl-qemut-ws16-amd64 19 guest-stop fail like 185204 test-amd64-amd64-qemuu-nested-amd 20 debian-hvm-install/l1/l2 fail like 185204 test-arm64-arm64-xl-thunderx 15 migrate-support-check fail never pass test-arm64-arm64-xl-thunderx 16 saverestore-support-check fail never pass test-arm64-arm64-xl-credit1 15 migrate-support-check fail never pass test-arm64-arm64-xl-credit1 16 saverestore-support-check fail never pass test-arm64-arm64-xl 15 migrate-support-check fail never pass test-arm64-arm64-xl 16 saverestore-support-check fail never pass test-arm64-arm64-xl-credit2 15 migrate-support-check fail never pass test-arm64-arm64-xl-credit2 16 saverestore-support-check fail never pass test-arm64-arm64-libvirt-xsm 15 migrate-support-check fail never pass test-arm64-arm64-libvirt-xsm 16 saverestore-support-check fail never pass test-arm64-arm64-xl-xsm 15 migrate-support-check fail never pass test-arm64-arm64-xl-xsm 16 saverestore-support-check fail never pass test-amd64-amd64-libvirt-xsm 15 migrate-support-check fail never pass test-armhf-armhf-xl-multivcpu 15 migrate-support-check fail never pass test-armhf-armhf-xl-multivcpu 16 saverestore-support-check fail never pass test-armhf-armhf-xl-credit1 15 migrate-support-check fail never pass test-armhf-armhf-xl-credit1 16 saverestore-support-check fail never pass test-armhf-armhf-xl-credit2 15 migrate-support-check fail never pass test-armhf-armhf-xl-credit2 16 saverestore-support-check fail never pass test-armhf-armhf-xl 15 migrate-support-check fail never pass test-armhf-armhf-xl 16 saverestore-support-check fail never pass test-amd64-amd64-libvirt-qcow2 14 migrate-support-check fail never pass test-amd64-amd64-libvirt-raw 14 migrate-support-check fail never pass test-arm64-arm64-libvirt-raw 14 migrate-support-check fail never pass test-arm64-arm64-libvirt-raw 15 saverestore-support-check fail never pass test-amd64-amd64-libvirt-vhd 14 migrate-support-check fail never pass test-amd64-amd64-libvirt 15 migrate-support-check fail never pass test-arm64-arm64-xl-vhd 14 migrate-support-check fail never pass test-arm64-arm64-xl-vhd 15 saverestore-support-check fail never pass test-armhf-armhf-xl-qcow2 14 migrate-support-check fail never pass test-armhf-armhf-xl-qcow2 15 saverestore-support-check fail never pass test-amd64-amd64-libvirt-qemuu-debianhvm-amd64-xsm 13 migrate-support-check fail never pass test-armhf-armhf-xl-raw 14 migrate-support-check fail never pass test-armhf-armhf-xl-raw 15 saverestore-support-check fail never pass test-armhf-armhf-xl-arndale 15 migrate-support-check fail never pass test-armhf-armhf-xl-arndale 16 saverestore-support-check fail never pass test-armhf-armhf-xl-rtds 15 migrate-support-check fail never pass test-armhf-armhf-xl-rtds 16 saverestore-support-check fail never pass test-armhf-armhf-libvirt-vhd 14 migrate-support-check fail never pass test-armhf-armhf-libvirt-vhd 15 saverestore-support-check fail never pass version targeted for testing: linux 712e14250dd2907346617eba275c46f53db8fae7 baseline version: linux 486291a0e6246364936df1ecd64c90affef4b9c5 Last test of basis 185204 2024-03-30 09:17:33 Z 0 days Testing same since 185205 2024-03-31 00:43:55 Z 0 days 1 attempts ------------------------------------------------------------ People who touched revisions under test: Alan Stern <stern@xxxxxxxxxxxxxxxxxxx> Alexander Stein <alexander.stein@xxxxxxxxxxxxxxx> Alexander Wetzel <Alexander@xxxxxxxxxxxxxx> Andi Shyti <andi.shyti@xxxxxxxxxx> Arnd Bergmann <arnd@xxxxxxxx> Bikash Hazarika <bhazarika@xxxxxxxxxxx> Chandan Babu R <chandanbabu@xxxxxxxxxx> Christian A. Ehrhardt <lk@xxxxxxx> Colin Ian King <colin.i.king@xxxxxxxxx> Damien Le Moal <dlemoal@xxxxxxxxxx> Dan Carpenter <dan.carpenter@xxxxxxxxxx> Dave Chinner <dchinner@xxxxxxxxxx> Dmitry Baryshkov <dmitry.baryshkov@xxxxxxxxxx> Greg Kroah-Hartman <gregkh@xxxxxxxxxxxxxxxxxxx> Guilherme G. Piccoli <gpiccoli@xxxxxxxxxx> Guilherme G. Piccoli <gpiccoli@xxxxxxxxxx> # Steam Deck Heikki Krogerus <heikki.krogerus@xxxxxxxxxxxxxxx> Jameson Thies <jthies@xxxxxxxxxx> Justin Tee <justin.tee@xxxxxxxxxxxx> Krishna Kurapati <quic_kriskura@xxxxxxxxxxx> Kyle Tso <kyletso@xxxxxxxxxx> Linus Torvalds <torvalds@xxxxxxxxxxxxxxxxxxxx> Martin K. Petersen <martin.petersen@xxxxxxxxxx> Maxim Levitsky <mlevitsk@xxxxxxxxxx> Minas Harutyunyan <Minas.Harutyunyan@xxxxxxxxxxxx> Muhammad Usama Anjum <usama.anjum@xxxxxxxxxxxxx> Neil Armstrong <neil.armstrong@xxxxxxxxxx> # on SM8550-QRD Nilesh Javali <njavali@xxxxxxxxxxx> Oliver Neukum <oneukum@xxxxxxxx> Peter Wang <peter.wang@xxxxxxxxxxxx> Quinn Tran <qutran@xxxxxxxxxxx> Ricardo B. Marliere <ricardo@xxxxxxxxxxxx> Rohit Ner <rohitner@xxxxxxxxxx> Sanath S <Sanath.S@xxxxxxx> Saurav Kashyap <skashyap@xxxxxxxxxxx> Shin'ichiro Kawasaki <shinichiro.kawasaki@xxxxxxx> Thinh Nguyen <Thinh.Nguyen@xxxxxxxxxxxx> Weitao Wang <WeitaoWang-oc@xxxxxxxxxxx> Wolfram Sang <wsa+renesas@xxxxxxxxxxxxxxxxxxxx> Xingui Yang <yangxingui@xxxxxxxxxx> Xu Yang <xu.yang_2@xxxxxxx> Yongzhi Liu <hyperlyzcs@xxxxxxxxx> yuan linyu <yuanlinyu@xxxxxxxxxxx> jobs: build-amd64-xsm pass build-arm64-xsm pass build-i386-xsm pass build-amd64 pass build-arm64 pass build-armhf pass build-i386 pass build-amd64-libvirt pass build-arm64-libvirt pass build-armhf-libvirt pass build-i386-libvirt pass build-amd64-pvops pass build-arm64-pvops pass build-armhf-pvops pass build-i386-pvops pass test-amd64-amd64-xl pass test-amd64-coresched-amd64-xl pass test-arm64-arm64-xl pass test-armhf-armhf-xl pass test-amd64-amd64-libvirt-qemuu-debianhvm-amd64-xsm pass test-amd64-amd64-xl-qemut-stubdom-debianhvm-amd64-xsm pass test-amd64-amd64-xl-qemut-debianhvm-i386-xsm pass test-amd64-amd64-xl-qemuu-debianhvm-i386-xsm pass test-amd64-amd64-libvirt-xsm pass test-arm64-arm64-libvirt-xsm pass test-amd64-amd64-xl-xsm pass test-arm64-arm64-xl-xsm pass test-amd64-amd64-qemuu-nested-amd fail test-amd64-amd64-xl-pvhv2-amd pass test-amd64-amd64-dom0pvh-xl-amd pass test-amd64-amd64-xl-qemut-debianhvm-amd64 pass test-amd64-amd64-xl-qemuu-debianhvm-amd64 pass test-amd64-amd64-qemuu-freebsd11-amd64 pass test-amd64-amd64-qemuu-freebsd12-amd64 pass test-amd64-amd64-xl-qemuu-ovmf-amd64 pass test-amd64-amd64-xl-qemut-win7-amd64 fail test-amd64-amd64-xl-qemuu-win7-amd64 fail test-amd64-amd64-xl-qemut-ws16-amd64 fail test-amd64-amd64-xl-qemuu-ws16-amd64 fail test-armhf-armhf-xl-arndale pass test-amd64-amd64-examine-bios pass test-amd64-amd64-xl-credit1 pass test-arm64-arm64-xl-credit1 pass test-armhf-armhf-xl-credit1 pass test-amd64-amd64-xl-credit2 pass test-arm64-arm64-xl-credit2 pass test-armhf-armhf-xl-credit2 pass test-amd64-amd64-xl-qemuu-dmrestrict-amd64-dmrestrict pass test-amd64-amd64-examine pass test-arm64-arm64-examine pass test-armhf-armhf-examine pass test-amd64-amd64-qemuu-nested-intel pass test-amd64-amd64-xl-pvhv2-intel pass test-amd64-amd64-dom0pvh-xl-intel pass test-amd64-amd64-libvirt pass test-armhf-armhf-libvirt fail test-amd64-amd64-xl-multivcpu pass test-armhf-armhf-xl-multivcpu pass test-amd64-amd64-pair pass test-amd64-amd64-libvirt-pair pass test-amd64-amd64-xl-pvshim pass test-amd64-amd64-pygrub pass test-amd64-amd64-libvirt-qcow2 pass test-amd64-amd64-xl-qcow2 pass test-armhf-armhf-xl-qcow2 pass test-amd64-amd64-libvirt-raw pass test-arm64-arm64-libvirt-raw pass test-amd64-amd64-xl-raw pass test-armhf-armhf-xl-raw pass test-amd64-amd64-xl-rtds pass test-armhf-armhf-xl-rtds pass test-amd64-amd64-xl-qemuu-debianhvm-amd64-shadow pass test-amd64-amd64-xl-shadow pass test-arm64-arm64-xl-thunderx pass test-amd64-amd64-examine-uefi pass test-amd64-amd64-libvirt-vhd pass test-armhf-armhf-libvirt-vhd pass test-amd64-amd64-xl-vhd pass test-arm64-arm64-xl-vhd pass ------------------------------------------------------------ sg-report-flight on osstest.test-lab.xenproject.org logs: /home/logs/logs images: /home/logs/images Logs, config files, etc. are available at http://logs.test-lab.xenproject.org/osstest/logs Explanation of these reports, and of osstest in general, is at http://xenbits.xen.org/gitweb/?p=osstest.git;a=blob;f=README.email;hb=master http://xenbits.xen.org/gitweb/?p=osstest.git;a=blob;f=README;hb=master Test harness code can be found at http://xenbits.xen.org/gitweb?p=osstest.git;a=summary Pushing revision : hint: The 'hooks/update' hook was ignored because it's not set as executable. hint: You can disable this warning with `git config advice.ignoredHook false`. hint: The 'hooks/post-receive' hook was ignored because it's not set as executable. hint: You can disable this warning with `git config advice.ignoredHook false`. hint: The 'hooks/post-update' hook was ignored because it's not set as executable. hint: You can disable this warning with `git config advice.ignoredHook false`. To xenbits.xen.org:/home/xen/git/linux-pvops.git 486291a0e624..712e14250dd2 712e14250dd2907346617eba275c46f53db8fae7 -> tested/linux-linus
|
![]() |
Lists.xenproject.org is hosted with RackSpace, monitoring our |