[Date Prev][Date Next][Thread Prev][Thread Next][Date Index][Thread Index] [xen-unstable-smoke test] 186108: regressions - FAIL
flight 186108 xen-unstable-smoke real [real] http://logs.test-lab.xenproject.org/osstest/logs/186108/ Regressions :-( Tests which did not succeed and are blocking, including tests which could not be run: build-armhf 6 xen-build fail REGR. vs. 186064 Tests which did not succeed, but are not blocking: test-armhf-armhf-xl 1 build-check(1) blocked n/a test-amd64-amd64-libvirt 15 migrate-support-check fail never pass test-arm64-arm64-xl-xsm 15 migrate-support-check fail never pass test-arm64-arm64-xl-xsm 16 saverestore-support-check fail never pass version targeted for testing: xen 9e58da32cc844b3fb7612fc35ece3a96f8cbf744 baseline version: xen ced21fbb2842ac4655048bdee56232974ff9ff9c Last test of basis 186064 2024-05-21 15:04:02 Z 2 days Failing since 186104 2024-05-23 09:00:22 Z 0 days 3 attempts Testing same since 186108 2024-05-23 14:00:21 Z 0 days 1 attempts ------------------------------------------------------------ People who touched revisions under test: Alejandro Vallejo <alejandro.vallejo@xxxxxxxxx> Alessandro Zucchelli <alessandro.zucchelli@xxxxxxxxxxx> Bobby Eshleman <bobbyeshleman@xxxxxxxxx> Jan Beulich <jbeulich@xxxxxxxx> Julien Grall <jgrall@xxxxxxxxxx> Oleksandr Andrushchenko <oleksandr_andrushchenko@xxxxxxxx> Oleksii Kurochko <oleksii.kurochko@xxxxxxxxx> Roger Pau Monné <roger.pau@xxxxxxxxxx> Stewart Hildebrand <stewart.hildebrand@xxxxxxx> Tamas K Lengyel <tamas@xxxxxxxxxxxxx> Volodymyr Babchuk <volodymyr_babchuk@xxxxxxxx> jobs: build-arm64-xsm pass build-amd64 pass build-armhf fail build-amd64-libvirt pass test-armhf-armhf-xl blocked test-arm64-arm64-xl-xsm pass test-amd64-amd64-xl-qemuu-debianhvm-amd64 pass test-amd64-amd64-libvirt pass ------------------------------------------------------------ sg-report-flight on osstest.test-lab.xenproject.org logs: /home/logs/logs images: /home/logs/images Logs, config files, etc. are available at http://logs.test-lab.xenproject.org/osstest/logs Explanation of these reports, and of osstest in general, is at http://xenbits.xen.org/gitweb/?p=osstest.git;a=blob;f=README.email;hb=master http://xenbits.xen.org/gitweb/?p=osstest.git;a=blob;f=README;hb=master Test harness code can be found at http://xenbits.xen.org/gitweb?p=osstest.git;a=summary Not pushing. (No revision log; it would be 406 lines long.)
|
Lists.xenproject.org is hosted with RackSpace, monitoring our |